{"id":3935,"date":"2026-07-17T18:16:59","date_gmt":"2026-07-17T18:16:59","guid":{"rendered":"https:\/\/www.celtic-concerts-sessions.ch\/news\/?page_id=3935"},"modified":"2026-07-28T08:36:53","modified_gmt":"2026-07-28T08:36:53","slug":"29-05-2027-luka-bloom","status":"publish","type":"page","link":"https:\/\/www.celtic-concerts-sessions.ch\/news\/29-05-2027-luka-bloom\/","title":{"rendered":"29.05.2027 | Luka Bloom"},"content":{"rendered":"\n<figure class=\"wp-block-image size-large is-resized\"><a href=\"https:\/\/i0.wp.com\/www.celtic-concerts-sessions.ch\/news\/wp-content\/uploads\/2026\/07\/2027-05-29-Luka-Bloom-1.jpg?ssl=1\"><img data-recalc-dims=\"1\" loading=\"lazy\" decoding=\"async\" width=\"840\" height=\"560\" data-attachment-id=\"3936\" data-permalink=\"https:\/\/www.celtic-concerts-sessions.ch\/news\/29-05-2027-luka-bloom\/2027-05-29-luka-bloom-1\/\" data-orig-file=\"https:\/\/i0.wp.com\/www.celtic-concerts-sessions.ch\/news\/wp-content\/uploads\/2026\/07\/2027-05-29-Luka-Bloom-1.jpg?fit=1600%2C1067&amp;ssl=1\" data-orig-size=\"1600,1067\" data-comments-opened=\"1\" data-image-meta=\"{&quot;aperture&quot;:&quot;0&quot;,&quot;credit&quot;:&quot;&quot;,&quot;camera&quot;:&quot;&quot;,&quot;caption&quot;:&quot;&quot;,&quot;created_timestamp&quot;:&quot;0&quot;,&quot;copyright&quot;:&quot;&quot;,&quot;focal_length&quot;:&quot;0&quot;,&quot;iso&quot;:&quot;0&quot;,&quot;shutter_speed&quot;:&quot;0&quot;,&quot;title&quot;:&quot;&quot;,&quot;orientation&quot;:&quot;0&quot;,&quot;alt&quot;:&quot;&quot;}\" data-image-title=\"2027-05-29 Luka Bloom 1\" data-image-description=\"\" data-image-caption=\"\" data-medium-file=\"https:\/\/i0.wp.com\/www.celtic-concerts-sessions.ch\/news\/wp-content\/uploads\/2026\/07\/2027-05-29-Luka-Bloom-1.jpg?fit=300%2C200&amp;ssl=1\" data-large-file=\"https:\/\/i0.wp.com\/www.celtic-concerts-sessions.ch\/news\/wp-content\/uploads\/2026\/07\/2027-05-29-Luka-Bloom-1.jpg?fit=840%2C560&amp;ssl=1\" src=\"https:\/\/i0.wp.com\/www.celtic-concerts-sessions.ch\/news\/wp-content\/uploads\/2026\/07\/2027-05-29-Luka-Bloom-1.jpg?resize=840%2C560&#038;ssl=1\" alt=\"\" class=\"wp-image-3936\" style=\"aspect-ratio:1.4992860107048283;width:600px;height:auto\" srcset=\"https:\/\/i0.wp.com\/www.celtic-concerts-sessions.ch\/news\/wp-content\/uploads\/2026\/07\/2027-05-29-Luka-Bloom-1.jpg?resize=1024%2C683&amp;ssl=1 1024w, https:\/\/i0.wp.com\/www.celtic-concerts-sessions.ch\/news\/wp-content\/uploads\/2026\/07\/2027-05-29-Luka-Bloom-1.jpg?resize=300%2C200&amp;ssl=1 300w, https:\/\/i0.wp.com\/www.celtic-concerts-sessions.ch\/news\/wp-content\/uploads\/2026\/07\/2027-05-29-Luka-Bloom-1.jpg?resize=768%2C512&amp;ssl=1 768w, https:\/\/i0.wp.com\/www.celtic-concerts-sessions.ch\/news\/wp-content\/uploads\/2026\/07\/2027-05-29-Luka-Bloom-1.jpg?resize=1536%2C1024&amp;ssl=1 1536w, https:\/\/i0.wp.com\/www.celtic-concerts-sessions.ch\/news\/wp-content\/uploads\/2026\/07\/2027-05-29-Luka-Bloom-1.jpg?resize=1200%2C800&amp;ssl=1 1200w, https:\/\/i0.wp.com\/www.celtic-concerts-sessions.ch\/news\/wp-content\/uploads\/2026\/07\/2027-05-29-Luka-Bloom-1.jpg?w=1600&amp;ssl=1 1600w\" sizes=\"auto, (max-width: 709px) 85vw, (max-width: 909px) 67vw, (max-width: 1362px) 62vw, 840px\" \/><\/a><\/figure>\n\n\n\n<p class=\"wp-block-paragraph\">Samstag, 29. Mai 2027<\/p>\n\n\n\n<p class=\"wp-block-paragraph\">Alte Kaserne Winterthur <\/p>\n\n\n\n<h2 class=\"wp-block-heading\">Luka Bloom (IRL)<\/h2>\n\n\n\n<p class=\"wp-block-paragraph\"><strong>Einer der gr\u00f6ssten Singer-Songwriter Irlands<\/strong><\/p>\n\n\n\n<p class=\"wp-block-paragraph\"><strong>Vor und nach den Konzerten: Open Irish Session<\/strong><br><br>Konzert: 20:00<br>T\u00fcr\u00f6ffnung und Session ab 19:00<br><br>***<\/p>\n\n\n\n<p class=\"wp-block-paragraph\"><strong>Preise<\/strong>:<br>Vorverkauf: Normalpreis: CHF 39.- \/ Legi: CHF 30.-<br>Abendkasse: Normalpreis: CHF 45.- \/ Legi: CHF: 35.-<br><a href=\"https:\/\/www.eventim-light.com\/ch\/a\/6a64da110efea47e8d0ac854\/e\/6a66127545da95c31c629e66\" data-type=\"link\" data-id=\"https:\/\/www.eventim-light.com\/ch\/a\/6a64da110efea47e8d0ac854\/e\/6a66127545da95c31c629e66\" target=\"_blank\" rel=\"noreferrer noopener\">Saisonpass<\/a>: CHF 150.-<\/p>\n\n\n\n<p class=\"wp-block-paragraph\">Vorverkauf via <a href=\"https:\/\/www.eventim-light.com\/ch\/a\/6a64da110efea47e8d0ac854\/e\/6a65d16a45da95c31c629e18\" data-type=\"link\" data-id=\"https:\/\/www.eventim-light.com\/ch\/a\/6a64da110efea47e8d0ac854\" target=\"_blank\" rel=\"noreferrer noopener\">Ticketcorner.ch<\/a> oder <a href=\"https:\/\/winterthur.com\/shop\/erlebnis-shop.html#\/experience\/TDS00020016501178944\" target=\"_blank\" rel=\"noreferrer noopener\">winterthur.com<\/a><\/p>\n\n\n\n<p class=\"wp-block-paragraph\">***<\/p>\n\n\n\n<p class=\"wp-block-paragraph\">Luka Blooms charismatische Stimme und sein grandioses und kr\u00e4ftiges Gitarrenspiel f\u00fcllen jeden Raum aus. Die Songs pendeln zwischen Singer-Songwriterkunst und traditionellem Folk \u2013 ohne Angst vor eing\u00e4ngigen Popsongs mit unversch\u00e4mt grossem Ohrwurmpotential. Luka Bloom ben\u00f6tigt nichts weiter als seine Stimme, seine Geschichten und sein beeindruckendes Gitarrenspiel, um damit alle seinen Bann zu ziehen.<br>&nbsp;<br>\u00abHere and Now\u00bb: F\u00fcr seine aktuellen Konzerte legt er den Fokus ganz bewusst auf das Hier und Jetzt. \u00abIn Zeiten vieler Konflikte, Anspannung, Stress und Sorgen ist es eine echte Herausforderung, ein Tr\u00e4umer zu bleiben. Deshalb sind diese Konzerte ganz besonders allen Tr\u00e4umer:innen gewidmet.\u00bb<\/p>\n\n\n\n<p class=\"wp-block-paragraph\"><a href=\"http:\/\/www.lukabloom.com\" target=\"_blank\" rel=\"noreferrer noopener\">www.lukabloom.com<\/a><br><a href=\"http:\/\/www.facebook.com\/lukabloom\" target=\"_blank\" rel=\"noreferrer noopener\">www.facebook.com\/lukabloom<\/a><\/p>\n\n\n\n<figure class=\"wp-block-embed is-type-video is-provider-youtube wp-block-embed-youtube wp-embed-aspect-16-9 wp-has-aspect-ratio\"><div class=\"wp-block-embed__wrapper\">\n<iframe loading=\"lazy\" title=\"Luka Bloom, The Man Is Alive..flv\" width=\"840\" height=\"473\" src=\"https:\/\/www.youtube.com\/embed\/Hpr7qj2cDtE?feature=oembed\" frameborder=\"0\" allow=\"accelerometer; autoplay; clipboard-write; encrypted-media; gyroscope; picture-in-picture; web-share\" referrerpolicy=\"strict-origin-when-cross-origin\" allowfullscreen><\/iframe>\n<\/div><\/figure>\n\n\n\n<figure class=\"wp-block-embed is-type-video is-provider-youtube wp-block-embed-youtube wp-embed-aspect-4-3 wp-has-aspect-ratio\"><div class=\"wp-block-embed__wrapper\">\n<iframe loading=\"lazy\" title=\"Luka Bloom - You Couldn&amp;apos;t Have Come At A Better Time\" width=\"840\" height=\"630\" src=\"https:\/\/www.youtube.com\/embed\/LPVURIZ03tg?feature=oembed\" frameborder=\"0\" allow=\"accelerometer; autoplay; clipboard-write; encrypted-media; gyroscope; picture-in-picture; web-share\" referrerpolicy=\"strict-origin-when-cross-origin\" allowfullscreen><\/iframe>\n<\/div><\/figure>\n\n\n\n<figure class=\"wp-block-embed is-type-video is-provider-youtube wp-block-embed-youtube wp-embed-aspect-4-3 wp-has-aspect-ratio\"><div class=\"wp-block-embed__wrapper\">\n<iframe loading=\"lazy\" title=\"Sunny Sailor Boy - Taken from THE MAN IS ALIVE DVD\" width=\"840\" height=\"630\" src=\"https:\/\/www.youtube.com\/embed\/4sKdMQ7bNRo?start=4&amp;feature=oembed\" frameborder=\"0\" allow=\"accelerometer; autoplay; clipboard-write; encrypted-media; gyroscope; picture-in-picture; web-share\" referrerpolicy=\"strict-origin-when-cross-origin\" allowfullscreen><\/iframe>\n<\/div><\/figure>\n\n\n\n<figure class=\"wp-block-embed is-type-video is-provider-youtube wp-block-embed-youtube wp-embed-aspect-16-9 wp-has-aspect-ratio\"><div class=\"wp-block-embed__wrapper\">\n<iframe loading=\"lazy\" title=\"City of Chicago - Luka Bloom\" width=\"840\" height=\"473\" src=\"https:\/\/www.youtube.com\/embed\/7yD7r5ph0ks?feature=oembed\" frameborder=\"0\" allow=\"accelerometer; autoplay; clipboard-write; encrypted-media; gyroscope; picture-in-picture; web-share\" referrerpolicy=\"strict-origin-when-cross-origin\" allowfullscreen><\/iframe>\n<\/div><\/figure>\n\n\n\n<figure class=\"wp-block-embed is-type-video is-provider-youtube wp-block-embed-youtube wp-embed-aspect-4-3 wp-has-aspect-ratio\"><div class=\"wp-block-embed__wrapper\">\n<iframe loading=\"lazy\" title=\"Luka Bloom - I Need Love\" width=\"840\" height=\"630\" src=\"https:\/\/www.youtube.com\/embed\/zij70PCyBck?feature=oembed\" frameborder=\"0\" allow=\"accelerometer; autoplay; clipboard-write; encrypted-media; gyroscope; picture-in-picture; web-share\" referrerpolicy=\"strict-origin-when-cross-origin\" allowfullscreen><\/iframe>\n<\/div><\/figure>\n\n\n\n<p class=\"wp-block-paragraph\">***<\/p>\n\n\n\n<p class=\"wp-block-paragraph\">Was w\u00e4re ein Celtic-Abend ohne Session? Wir verwandeln die Alte Kaserne in ein Pub und lassen unsere Session-Musiker vor und nach dem Konzert musizieren. Jede und jeder darf mitspielen.<br>Also: Fiddle &amp; Co. eingepackt und los geht\u2019s!<br>Fragen zu den Sessions? Meldet euch bitte direkt bei Rose: info@irishevents.ch<\/p>\n","protected":false},"excerpt":{"rendered":"<p>Samstag, 29. Mai 2027 Alte Kaserne Winterthur Luka Bloom (IRL) Einer der gr\u00f6ssten Singer-Songwriter Irlands Preise:Vorverkauf: Normalpreis: CHF 39.- \/ Legi: CHF 30.-Abendkasse: Normalpreis: CHF 45.- \/ Legi: CHF: 35.-Saisonpass: CHF 150.- Vorverkauf via Ticketcorner.ch oder winterthur.com *** Luka Blooms charismatische Stimme und sein grandioses und kr\u00e4ftiges Gitarrenspiel f\u00fcllen jeden Raum aus. Die Songs pendeln &hellip; <a href=\"https:\/\/www.celtic-concerts-sessions.ch\/news\/29-05-2027-luka-bloom\/\" class=\"more-link\"><span class=\"screen-reader-text\">\u201e29.05.2027 | Luka Bloom\u201c<\/span> weiterlesen<\/a><\/p>\n","protected":false},"author":1,"featured_media":0,"parent":0,"menu_order":0,"comment_status":"closed","ping_status":"closed","template":"","meta":{"jetpack_post_was_ever_published":false,"footnotes":""},"class_list":["post-3935","page","type-page","status-publish","hentry"],"jetpack_sharing_enabled":true,"jetpack_shortlink":"https:\/\/wp.me\/P9oLVZ-11t","jetpack_likes_enabled":true,"jetpack-related-posts":[],"_links":{"self":[{"href":"https:\/\/www.celtic-concerts-sessions.ch\/news\/wp-json\/wp\/v2\/pages\/3935","targetHints":{"allow":["GET"]}}],"collection":[{"href":"https:\/\/www.celtic-concerts-sessions.ch\/news\/wp-json\/wp\/v2\/pages"}],"about":[{"href":"https:\/\/www.celtic-concerts-sessions.ch\/news\/wp-json\/wp\/v2\/types\/page"}],"author":[{"embeddable":true,"href":"https:\/\/www.celtic-concerts-sessions.ch\/news\/wp-json\/wp\/v2\/users\/1"}],"replies":[{"embeddable":true,"href":"https:\/\/www.celtic-concerts-sessions.ch\/news\/wp-json\/wp\/v2\/comments?post=3935"}],"version-history":[{"count":6,"href":"https:\/\/www.celtic-concerts-sessions.ch\/news\/wp-json\/wp\/v2\/pages\/3935\/revisions"}],"predecessor-version":[{"id":3977,"href":"https:\/\/www.celtic-concerts-sessions.ch\/news\/wp-json\/wp\/v2\/pages\/3935\/revisions\/3977"}],"wp:attachment":[{"href":"https:\/\/www.celtic-concerts-sessions.ch\/news\/wp-json\/wp\/v2\/media?parent=3935"}],"curies":[{"name":"wp","href":"https:\/\/api.w.org\/{rel}","templated":true}]}}

<figure class="wp-block-image size-large is-resized"><a href="https://i0.wp.com/www.celtic-concerts-sessions.ch/news/wp-content/uploads/2026/07/2027-05-29-Luka-Bloom-1.jpg?ssl=1"><img data-recalc-dims="1" loading="lazy" decoding="async" width="840" height="560" data-attachment-id="3936" data-permalink="https://www.celtic-concerts-sessions.ch/news/29-05-2027-luka-bloom/2027-05-29-luka-bloom-1/" data-orig-file="https://i0.wp.com/www.celtic-concerts-sessions.ch/news/wp-content/uploads/2026/07/2027-05-29-Luka-Bloom-1.jpg?fit=1600%2C1067&amp;ssl=1" data-orig-size="1600,1067" data-comments-opened="1" data-image-meta="{&quot;aperture&quot;:&quot;0&quot;,&quot;credit&quot;:&quot;&quot;,&quot;camera&quot;:&quot;&quot;,&quot;caption&quot;:&quot;&quot;,&quot;created_timestamp&quot;:&quot;0&quot;,&quot;copyright&quot;:&quot;&quot;,&quot;focal_length&quot;:&quot;0&quot;,&quot;iso&quot;:&quot;0&quot;,&quot;shutter_speed&quot;:&quot;0&quot;,&quot;title&quot;:&quot;&quot;,&quot;orientation&quot;:&quot;0&quot;,&quot;alt&quot;:&quot;&quot;}" data-image-title="2027-05-29 Luka Bloom 1" data-image-description="" data-image-caption="" data-medium-file="https://i0.wp.com/www.celtic-concerts-sessions.ch/news/wp-content/uploads/2026/07/2027-05-29-Luka-Bloom-1.jpg?fit=300%2C200&amp;ssl=1" data-large-file="https://i0.wp.com/www.celtic-concerts-sessions.ch/news/wp-content/uploads/2026/07/2027-05-29-Luka-Bloom-1.jpg?fit=840%2C560&amp;ssl=1" src="https://i0.wp.com/www.celtic-concerts-sessions.ch/news/wp-content/uploads/2026/07/2027-05-29-Luka-Bloom-1.jpg?resize=840%2C560&#038;ssl=1" alt="" class="wp-image-3936" style="aspect-ratio:1.4992860107048283;width:600px;height:auto" srcset="https://i0.wp.com/www.celtic-concerts-sessions.ch/news/wp-content/uploads/2026/07/2027-05-29-Luka-Bloom-1.jpg?resize=1024%2C683&amp;ssl=1 1024w, https://i0.wp.com/www.celtic-concerts-sessions.ch/news/wp-content/uploads/2026/07/2027-05-29-Luka-Bloom-1.jpg?resize=300%2C200&amp;ssl=1 300w, https://i0.wp.com/www.celtic-concerts-sessions.ch/news/wp-content/uploads/2026/07/2027-05-29-Luka-Bloom-1.jpg?resize=768%2C512&amp;ssl=1 768w, https://i0.wp.com/www.celtic-concerts-sessions.ch/news/wp-content/uploads/2026/07/2027-05-29-Luka-Bloom-1.jpg?resize=1536%2C1024&amp;ssl=1 1536w, https://i0.wp.com/www.celtic-concerts-sessions.ch/news/wp-content/uploads/2026/07/2027-05-29-Luka-Bloom-1.jpg?resize=1200%2C800&amp;ssl=1 1200w, https://i0.wp.com/www.celtic-concerts-sessions.ch/news/wp-content/uploads/2026/07/2027-05-29-Luka-Bloom-1.jpg?w=1600&amp;ssl=1 1600w" sizes="auto, (max-width: 709px) 85vw, (max-width: 909px) 67vw, (max-width: 1362px) 62vw, 840px" /></a></figure>



<p class="wp-block-paragraph">Samstag, 29. Mai 2027</p>



<p class="wp-block-paragraph">Alte Kaserne Winterthur </p>



<h2 class="wp-block-heading">Luka Bloom (IRL)</h2>



<p class="wp-block-paragraph"><strong>Einer der grössten Singer-Songwriter Irlands</strong></p>



<p class="wp-block-paragraph"><strong>Vor und nach den Konzerten: Open Irish Session</strong><br><br>Konzert: 20:00<br>Türöffnung und Session ab 19:00<br><br>***</p>



<p class="wp-block-paragraph"><strong>Preise</strong>:<br>Vorverkauf: Normalpreis: CHF 39.- / Legi: CHF 30.-<br>Abendkasse: Normalpreis: CHF 45.- / Legi: CHF: 35.-<br><a href="https://www.eventim-light.com/ch/a/6a64da110efea47e8d0ac854/e/6a66127545da95c31c629e66" data-type="link" data-id="https://www.eventim-light.com/ch/a/6a64da110efea47e8d0ac854/e/6a66127545da95c31c629e66" target="_blank" rel="noreferrer noopener">Saisonpass</a>: CHF 150.-</p>



<p class="wp-block-paragraph">Vorverkauf via <a href="https://www.eventim-light.com/ch/a/6a64da110efea47e8d0ac854/e/6a65d16a45da95c31c629e18" data-type="link" data-id="https://www.eventim-light.com/ch/a/6a64da110efea47e8d0ac854" target="_blank" rel="noreferrer noopener">Ticketcorner.ch</a> oder <a href="https://winterthur.com/shop/erlebnis-shop.html#/experience/TDS00020016501178944" target="_blank" rel="noreferrer noopener">winterthur.com</a></p>



<p class="wp-block-paragraph">***</p>



<p class="wp-block-paragraph">Luka Blooms charismatische Stimme und sein grandioses und kräftiges Gitarrenspiel füllen jeden Raum aus. Die Songs pendeln zwischen Singer-Songwriterkunst und traditionellem Folk – ohne Angst vor eingängigen Popsongs mit unverschämt grossem Ohrwurmpotential. Luka Bloom benötigt nichts weiter als seine Stimme, seine Geschichten und sein beeindruckendes Gitarrenspiel, um damit alle seinen Bann zu ziehen.<br>&nbsp;<br>«Here and Now»: Für seine aktuellen Konzerte legt er den Fokus ganz bewusst auf das Hier und Jetzt. «In Zeiten vieler Konflikte, Anspannung, Stress und Sorgen ist es eine echte Herausforderung, ein Träumer zu bleiben. Deshalb sind diese Konzerte ganz besonders allen Träumer:innen gewidmet.»</p>



<p class="wp-block-paragraph"><a href="http://www.lukabloom.com" target="_blank" rel="noreferrer noopener">www.lukabloom.com</a><br><a href="http://www.facebook.com/lukabloom" target="_blank" rel="noreferrer noopener">www.facebook.com/lukabloom</a></p>



<figure class="wp-block-embed is-type-video is-provider-youtube wp-block-embed-youtube wp-embed-aspect-16-9 wp-has-aspect-ratio"><div class="wp-block-embed__wrapper">
<iframe loading="lazy" title="Luka Bloom, The Man Is Alive..flv" width="840" height="473" src="https://www.youtube.com/embed/Hpr7qj2cDtE?feature=oembed" frameborder="0" allow="accelerometer; autoplay; clipboard-write; encrypted-media; gyroscope; picture-in-picture; web-share" referrerpolicy="strict-origin-when-cross-origin" allowfullscreen></iframe>
</div></figure>



<figure class="wp-block-embed is-type-video is-provider-youtube wp-block-embed-youtube wp-embed-aspect-4-3 wp-has-aspect-ratio"><div class="wp-block-embed__wrapper">
<iframe loading="lazy" title="Luka Bloom - You Couldn&amp;apos;t Have Come At A Better Time" width="840" height="630" src="https://www.youtube.com/embed/LPVURIZ03tg?feature=oembed" frameborder="0" allow="accelerometer; autoplay; clipboard-write; encrypted-media; gyroscope; picture-in-picture; web-share" referrerpolicy="strict-origin-when-cross-origin" allowfullscreen></iframe>
</div></figure>



<figure class="wp-block-embed is-type-video is-provider-youtube wp-block-embed-youtube wp-embed-aspect-4-3 wp-has-aspect-ratio"><div class="wp-block-embed__wrapper">
<iframe loading="lazy" title="Sunny Sailor Boy - Taken from THE MAN IS ALIVE DVD" width="840" height="630" src="https://www.youtube.com/embed/4sKdMQ7bNRo?start=4&amp;feature=oembed" frameborder="0" allow="accelerometer; autoplay; clipboard-write; encrypted-media; gyroscope; picture-in-picture; web-share" referrerpolicy="strict-origin-when-cross-origin" allowfullscreen></iframe>
</div></figure>



<figure class="wp-block-embed is-type-video is-provider-youtube wp-block-embed-youtube wp-embed-aspect-16-9 wp-has-aspect-ratio"><div class="wp-block-embed__wrapper">
<iframe loading="lazy" title="City of Chicago - Luka Bloom" width="840" height="473" src="https://www.youtube.com/embed/7yD7r5ph0ks?feature=oembed" frameborder="0" allow="accelerometer; autoplay; clipboard-write; encrypted-media; gyroscope; picture-in-picture; web-share" referrerpolicy="strict-origin-when-cross-origin" allowfullscreen></iframe>
</div></figure>



<figure class="wp-block-embed is-type-video is-provider-youtube wp-block-embed-youtube wp-embed-aspect-4-3 wp-has-aspect-ratio"><div class="wp-block-embed__wrapper">
<iframe loading="lazy" title="Luka Bloom - I Need Love" width="840" height="630" src="https://www.youtube.com/embed/zij70PCyBck?feature=oembed" frameborder="0" allow="accelerometer; autoplay; clipboard-write; encrypted-media; gyroscope; picture-in-picture; web-share" referrerpolicy="strict-origin-when-cross-origin" allowfullscreen></iframe>
</div></figure>



<p class="wp-block-paragraph">***</p>



<p class="wp-block-paragraph">Was wäre ein Celtic-Abend ohne Session? Wir verwandeln die Alte Kaserne in ein Pub und lassen unsere Session-Musiker vor und nach dem Konzert musizieren. Jede und jeder darf mitspielen.<br>Also: Fiddle &amp; Co. eingepackt und los geht’s!<br>Fragen zu den Sessions? Meldet euch bitte direkt bei Rose: info@irishevents.ch</p>

<p>Samstag, 29. Mai 2027 Alte Kaserne Winterthur Luka Bloom (IRL) Einer der grössten Singer-Songwriter Irlands Preise:Vorverkauf: Normalpreis: CHF 39.- / Legi: CHF 30.-Abendkasse: Normalpreis: CHF 45.- / Legi: CHF: 35.-Saisonpass: CHF 150.- Vorverkauf via Ticketcorner.ch oder winterthur.com *** Luka Blooms charismatische Stimme und sein grandioses und kräftiges Gitarrenspiel füllen jeden Raum aus. Die Songs pendeln &hellip; <a href="https://www.celtic-concerts-sessions.ch/news/29-05-2027-luka-bloom/" class="more-link"><span class="screen-reader-text">„29.05.2027 | Luka Bloom“</span> weiterlesen</a></p>
