{"id":3924,"date":"2026-07-17T18:01:14","date_gmt":"2026-07-17T18:01:14","guid":{"rendered":"https:\/\/www.celtic-concerts-sessions.ch\/news\/?page_id=3924"},"modified":"2026-07-28T09:11:37","modified_gmt":"2026-07-28T09:11:37","slug":"17-01-2027-john-mccusker-trio-sco","status":"publish","type":"page","link":"https:\/\/www.celtic-concerts-sessions.ch\/news\/17-01-2027-john-mccusker-trio-sco\/","title":{"rendered":"17.01.2027 | John McCusker Trio (SCO)"},"content":{"rendered":"\n<figure class=\"wp-block-image size-large is-resized\"><a href=\"https:\/\/i0.wp.com\/www.celtic-concerts-sessions.ch\/news\/wp-content\/uploads\/2026\/07\/2027-01-17-John-McCusker-1.jpg?ssl=1\"><img data-recalc-dims=\"1\" loading=\"lazy\" decoding=\"async\" width=\"683\" height=\"1024\" data-attachment-id=\"3925\" data-permalink=\"https:\/\/www.celtic-concerts-sessions.ch\/news\/17-01-2027-john-mccusker-trio-sco\/2027-01-17-john-mccusker-1\/\" data-orig-file=\"https:\/\/i0.wp.com\/www.celtic-concerts-sessions.ch\/news\/wp-content\/uploads\/2026\/07\/2027-01-17-John-McCusker-1.jpg?fit=1323%2C1984&amp;ssl=1\" data-orig-size=\"1323,1984\" data-comments-opened=\"1\" data-image-meta=\"{&quot;aperture&quot;:&quot;2.5&quot;,&quot;credit&quot;:&quot;&quot;,&quot;camera&quot;:&quot;Canon EOS 5D Mark II&quot;,&quot;caption&quot;:&quot;&quot;,&quot;created_timestamp&quot;:&quot;1435856796&quot;,&quot;copyright&quot;:&quot;&quot;,&quot;focal_length&quot;:&quot;50&quot;,&quot;iso&quot;:&quot;100&quot;,&quot;shutter_speed&quot;:&quot;0.01&quot;,&quot;title&quot;:&quot;&quot;,&quot;orientation&quot;:&quot;1&quot;,&quot;alt&quot;:&quot;&quot;}\" data-image-title=\"2027-01-17 John McCusker 1\" data-image-description=\"\" data-image-caption=\"\" data-medium-file=\"https:\/\/i0.wp.com\/www.celtic-concerts-sessions.ch\/news\/wp-content\/uploads\/2026\/07\/2027-01-17-John-McCusker-1.jpg?fit=200%2C300&amp;ssl=1\" data-large-file=\"https:\/\/i0.wp.com\/www.celtic-concerts-sessions.ch\/news\/wp-content\/uploads\/2026\/07\/2027-01-17-John-McCusker-1.jpg?fit=683%2C1024&amp;ssl=1\" src=\"https:\/\/i0.wp.com\/www.celtic-concerts-sessions.ch\/news\/wp-content\/uploads\/2026\/07\/2027-01-17-John-McCusker-1.jpg?resize=683%2C1024&#038;ssl=1\" alt=\"\" class=\"wp-image-3925\" style=\"aspect-ratio:0.6668313192463856;width:432px;height:auto\" srcset=\"https:\/\/i0.wp.com\/www.celtic-concerts-sessions.ch\/news\/wp-content\/uploads\/2026\/07\/2027-01-17-John-McCusker-1.jpg?resize=683%2C1024&amp;ssl=1 683w, https:\/\/i0.wp.com\/www.celtic-concerts-sessions.ch\/news\/wp-content\/uploads\/2026\/07\/2027-01-17-John-McCusker-1.jpg?resize=200%2C300&amp;ssl=1 200w, https:\/\/i0.wp.com\/www.celtic-concerts-sessions.ch\/news\/wp-content\/uploads\/2026\/07\/2027-01-17-John-McCusker-1.jpg?resize=768%2C1152&amp;ssl=1 768w, https:\/\/i0.wp.com\/www.celtic-concerts-sessions.ch\/news\/wp-content\/uploads\/2026\/07\/2027-01-17-John-McCusker-1.jpg?resize=1024%2C1536&amp;ssl=1 1024w, https:\/\/i0.wp.com\/www.celtic-concerts-sessions.ch\/news\/wp-content\/uploads\/2026\/07\/2027-01-17-John-McCusker-1.jpg?resize=1200%2C1800&amp;ssl=1 1200w, https:\/\/i0.wp.com\/www.celtic-concerts-sessions.ch\/news\/wp-content\/uploads\/2026\/07\/2027-01-17-John-McCusker-1.jpg?w=1323&amp;ssl=1 1323w\" sizes=\"auto, (max-width: 683px) 85vw, 683px\" \/><\/a><\/figure>\n\n\n\n<p class=\"wp-block-paragraph\">Sonntag, 17.01.2027<\/p>\n\n\n\n<p class=\"wp-block-paragraph\">Theater am Gleis Winterthur<\/p>\n\n\n\n<h2 class=\"wp-block-heading\"><strong>John McCusker Trio (SCO)<\/strong><\/h2>\n\n\n\n<p class=\"wp-block-paragraph\"><strong>John McCusker &#8211; Geige, Whistles, Fl\u00f6te<\/strong><br><strong>Toby Shaer &#8211; Geige, Whistles, Fl\u00f6te<\/strong><br><strong>Sam Kelly &#8211; Gesang, Gitarre, Percussion<\/strong><\/p>\n\n\n\n<p class=\"wp-block-paragraph\"><strong>Vor und nach den Konzerten: Open Irish Session<\/strong><\/p>\n\n\n\n<p class=\"wp-block-paragraph\">Konzert: 19:00 <br>T\u00fcr\u00f6ffnung und Session ab 18:00 <\/p>\n\n\n\n<p class=\"wp-block-paragraph\"><strong>Das Konzert findet im Theater am Gleis statt<\/strong>. <\/p>\n\n\n\n<p class=\"wp-block-paragraph\">***<\/p>\n\n\n\n<p class=\"wp-block-paragraph\"><strong>Preise<\/strong>:<br>Vorverkauf: Normalpreis: CHF 29.-\/Legi: CHF 20.-<br>Abendkasse: Normalpreis: CHF 35.-\/Legi: CHF 25.-<br><a href=\"https:\/\/www.eventim-light.com\/ch\/a\/6a64da110efea47e8d0ac854\/e\/6a66127545da95c31c629e66\" data-type=\"link\" data-id=\"https:\/\/www.eventim-light.com\/ch\/a\/6a64da110efea47e8d0ac854\/e\/6a66127545da95c31c629e66\" target=\"_blank\" rel=\"noreferrer noopener\">Saisonpass<\/a>: CHF 150.-<\/p>\n\n\n\n<p class=\"wp-block-paragraph\">Vorverkauf via <a href=\"https:\/\/www.eventim-light.com\/ch\/a\/6a64da110efea47e8d0ac854\/e\/6a65c71d0efea47e8d0ac8c7\" data-type=\"link\" data-id=\"https:\/\/www.eventim-light.com\/ch\/a\/6a64da110efea47e8d0ac854\/e\/6a65c71d0efea47e8d0ac8c7\" target=\"_blank\" rel=\"noreferrer noopener\">Ticketcorner.ch<\/a> oder <a href=\"https:\/\/winterthur.com\/shop\/erlebnis-shop.html#\/experience\/TDS00020016501157301\" data-type=\"link\" data-id=\"https:\/\/winterthur.com\/de\/shop\/erlebnis-shop.html#\/experience\/TDS00020015769803236\" target=\"_blank\" rel=\"noreferrer noopener\">winterthur.com<\/a><\/p>\n\n\n\n<p class=\"wp-block-paragraph\">***<br>Der schottische Fiddle-Virtuose <strong>John McCusker<\/strong> tourte lange Zeit mit Mark Knopfler, Bob Dylan, Paul Weller und weitern Stars um die Welt. Zudem war er lange Mitglied der legend\u00e4ren Battlefield Band und auf zahlreichen Alben, u.a. von Patti Smith, Steve Earle und Rosanne Cash, zu h\u00f6ren. McCusker wird begleitet von den zwei brillanten Multiinstrumentalisten <strong>Toby Shaer <\/strong>und <strong>Sam Kelly<\/strong>. <\/p>\n\n\n\n<p class=\"wp-block-paragraph\">Das Trio l\u00e4dt zu einem intimen Abend mit wundersch\u00f6n komponierter Musik, Geschichten und musikalischen Gespr\u00e4chen ein. Die Musiker vereinen erstklassiges K\u00f6nnen mit Herzlichkeit, Humor und Spontaneit\u00e4t und bewegen sich m\u00fchelos zwischen Songs mit mitreissenden Melodien und energiegeladenen Jigs und Reels. Verwurzelt in der Tradition und doch stetig im Wandel \u2013 so pr\u00e4sentiert sich Folkmusik in ihrer ehrlichsten, ausdrucksst\u00e4rksten und fesselndsten Form.<br><br><a href=\"https:\/\/www.johnmccusker.co.uk\" target=\"_blank\" rel=\"noreferrer noopener\">www.johnmccusker.co.uk<\/a><br><a href=\"https:\/\/www.tobyshaer.com\" target=\"_blank\" rel=\"noreferrer noopener\">www.tobyshaer.com<\/a><br><a href=\"https:\/\/www.samkelly.com\" target=\"_blank\" rel=\"noreferrer noopener\">www.samkelly.com<\/a><\/p>\n\n\n\n<p class=\"wp-block-paragraph\">***<\/p>\n\n\n\n<p class=\"wp-block-paragraph\">Was w\u00e4re ein Celtic-Abend ohne Session? Wir verwandeln die Alte Kaserne in ein Pub und lassen unsere Session-Musiker vor und nach dem Konzert musizieren. Jede und jeder darf mitspielen.<br>Also: Fiddle &amp; Co. eingepackt und los geht\u2019s!<br>Fragen zu den Sessions? Meldet euch bitte direkt bei Rose: info@irishevents.ch<\/p>\n\n\n\n<p class=\"wp-block-paragraph\"><\/p>\n","protected":false},"excerpt":{"rendered":"<p>Sonntag, 17.01.2027 Theater am Gleis Winterthur John McCusker Trio (SCO) John McCusker &#8211; Geige, Whistles, Fl\u00f6teToby Shaer &#8211; Geige, Whistles, Fl\u00f6teSam Kelly &#8211; Gesang, Gitarre, Percussion Vor und nach den Konzerten: Open Irish Session Konzert: 19:00 T\u00fcr\u00f6ffnung und Session ab 18:00 Das Konzert findet im Theater am Gleis statt. *** Preise:Vorverkauf: Normalpreis: CHF 29.-\/Legi: CHF &hellip; <a href=\"https:\/\/www.celtic-concerts-sessions.ch\/news\/17-01-2027-john-mccusker-trio-sco\/\" class=\"more-link\"><span class=\"screen-reader-text\">\u201e17.01.2027 | John McCusker Trio (SCO)\u201c<\/span> weiterlesen<\/a><\/p>\n","protected":false},"author":1,"featured_media":0,"parent":0,"menu_order":0,"comment_status":"closed","ping_status":"closed","template":"","meta":{"jetpack_post_was_ever_published":false,"footnotes":""},"class_list":["post-3924","page","type-page","status-publish","hentry"],"jetpack_sharing_enabled":true,"jetpack_shortlink":"https:\/\/wp.me\/P9oLVZ-11i","jetpack_likes_enabled":true,"jetpack-related-posts":[],"_links":{"self":[{"href":"https:\/\/www.celtic-concerts-sessions.ch\/news\/wp-json\/wp\/v2\/pages\/3924","targetHints":{"allow":["GET"]}}],"collection":[{"href":"https:\/\/www.celtic-concerts-sessions.ch\/news\/wp-json\/wp\/v2\/pages"}],"about":[{"href":"https:\/\/www.celtic-concerts-sessions.ch\/news\/wp-json\/wp\/v2\/types\/page"}],"author":[{"embeddable":true,"href":"https:\/\/www.celtic-concerts-sessions.ch\/news\/wp-json\/wp\/v2\/users\/1"}],"replies":[{"embeddable":true,"href":"https:\/\/www.celtic-concerts-sessions.ch\/news\/wp-json\/wp\/v2\/comments?post=3924"}],"version-history":[{"count":8,"href":"https:\/\/www.celtic-concerts-sessions.ch\/news\/wp-json\/wp\/v2\/pages\/3924\/revisions"}],"predecessor-version":[{"id":3982,"href":"https:\/\/www.celtic-concerts-sessions.ch\/news\/wp-json\/wp\/v2\/pages\/3924\/revisions\/3982"}],"wp:attachment":[{"href":"https:\/\/www.celtic-concerts-sessions.ch\/news\/wp-json\/wp\/v2\/media?parent=3924"}],"curies":[{"name":"wp","href":"https:\/\/api.w.org\/{rel}","templated":true}]}}

<figure class="wp-block-image size-large is-resized"><a href="https://i0.wp.com/www.celtic-concerts-sessions.ch/news/wp-content/uploads/2026/07/2027-01-17-John-McCusker-1.jpg?ssl=1"><img data-recalc-dims="1" loading="lazy" decoding="async" width="683" height="1024" data-attachment-id="3925" data-permalink="https://www.celtic-concerts-sessions.ch/news/17-01-2027-john-mccusker-trio-sco/2027-01-17-john-mccusker-1/" data-orig-file="https://i0.wp.com/www.celtic-concerts-sessions.ch/news/wp-content/uploads/2026/07/2027-01-17-John-McCusker-1.jpg?fit=1323%2C1984&amp;ssl=1" data-orig-size="1323,1984" data-comments-opened="1" data-image-meta="{&quot;aperture&quot;:&quot;2.5&quot;,&quot;credit&quot;:&quot;&quot;,&quot;camera&quot;:&quot;Canon EOS 5D Mark II&quot;,&quot;caption&quot;:&quot;&quot;,&quot;created_timestamp&quot;:&quot;1435856796&quot;,&quot;copyright&quot;:&quot;&quot;,&quot;focal_length&quot;:&quot;50&quot;,&quot;iso&quot;:&quot;100&quot;,&quot;shutter_speed&quot;:&quot;0.01&quot;,&quot;title&quot;:&quot;&quot;,&quot;orientation&quot;:&quot;1&quot;,&quot;alt&quot;:&quot;&quot;}" data-image-title="2027-01-17 John McCusker 1" data-image-description="" data-image-caption="" data-medium-file="https://i0.wp.com/www.celtic-concerts-sessions.ch/news/wp-content/uploads/2026/07/2027-01-17-John-McCusker-1.jpg?fit=200%2C300&amp;ssl=1" data-large-file="https://i0.wp.com/www.celtic-concerts-sessions.ch/news/wp-content/uploads/2026/07/2027-01-17-John-McCusker-1.jpg?fit=683%2C1024&amp;ssl=1" src="https://i0.wp.com/www.celtic-concerts-sessions.ch/news/wp-content/uploads/2026/07/2027-01-17-John-McCusker-1.jpg?resize=683%2C1024&#038;ssl=1" alt="" class="wp-image-3925" style="aspect-ratio:0.6668313192463856;width:432px;height:auto" srcset="https://i0.wp.com/www.celtic-concerts-sessions.ch/news/wp-content/uploads/2026/07/2027-01-17-John-McCusker-1.jpg?resize=683%2C1024&amp;ssl=1 683w, https://i0.wp.com/www.celtic-concerts-sessions.ch/news/wp-content/uploads/2026/07/2027-01-17-John-McCusker-1.jpg?resize=200%2C300&amp;ssl=1 200w, https://i0.wp.com/www.celtic-concerts-sessions.ch/news/wp-content/uploads/2026/07/2027-01-17-John-McCusker-1.jpg?resize=768%2C1152&amp;ssl=1 768w, https://i0.wp.com/www.celtic-concerts-sessions.ch/news/wp-content/uploads/2026/07/2027-01-17-John-McCusker-1.jpg?resize=1024%2C1536&amp;ssl=1 1024w, https://i0.wp.com/www.celtic-concerts-sessions.ch/news/wp-content/uploads/2026/07/2027-01-17-John-McCusker-1.jpg?resize=1200%2C1800&amp;ssl=1 1200w, https://i0.wp.com/www.celtic-concerts-sessions.ch/news/wp-content/uploads/2026/07/2027-01-17-John-McCusker-1.jpg?w=1323&amp;ssl=1 1323w" sizes="auto, (max-width: 683px) 85vw, 683px" /></a></figure>



<p class="wp-block-paragraph">Sonntag, 17.01.2027</p>



<p class="wp-block-paragraph">Theater am Gleis Winterthur</p>



<h2 class="wp-block-heading"><strong>John McCusker Trio (SCO)</strong></h2>



<p class="wp-block-paragraph"><strong>John McCusker &#8211; Geige, Whistles, Flöte</strong><br><strong>Toby Shaer &#8211; Geige, Whistles, Flöte</strong><br><strong>Sam Kelly &#8211; Gesang, Gitarre, Percussion</strong></p>



<p class="wp-block-paragraph"><strong>Vor und nach den Konzerten: Open Irish Session</strong></p>



<p class="wp-block-paragraph">Konzert: 19:00 <br>Türöffnung und Session ab 18:00 </p>



<p class="wp-block-paragraph"><strong>Das Konzert findet im Theater am Gleis statt</strong>. </p>



<p class="wp-block-paragraph">***</p>



<p class="wp-block-paragraph"><strong>Preise</strong>:<br>Vorverkauf: Normalpreis: CHF 29.-/Legi: CHF 20.-<br>Abendkasse: Normalpreis: CHF 35.-/Legi: CHF 25.-<br><a href="https://www.eventim-light.com/ch/a/6a64da110efea47e8d0ac854/e/6a66127545da95c31c629e66" data-type="link" data-id="https://www.eventim-light.com/ch/a/6a64da110efea47e8d0ac854/e/6a66127545da95c31c629e66" target="_blank" rel="noreferrer noopener">Saisonpass</a>: CHF 150.-</p>



<p class="wp-block-paragraph">Vorverkauf via <a href="https://www.eventim-light.com/ch/a/6a64da110efea47e8d0ac854/e/6a65c71d0efea47e8d0ac8c7" data-type="link" data-id="https://www.eventim-light.com/ch/a/6a64da110efea47e8d0ac854/e/6a65c71d0efea47e8d0ac8c7" target="_blank" rel="noreferrer noopener">Ticketcorner.ch</a> oder <a href="https://winterthur.com/shop/erlebnis-shop.html#/experience/TDS00020016501157301" data-type="link" data-id="https://winterthur.com/de/shop/erlebnis-shop.html#/experience/TDS00020015769803236" target="_blank" rel="noreferrer noopener">winterthur.com</a></p>



<p class="wp-block-paragraph">***<br>Der schottische Fiddle-Virtuose <strong>John McCusker</strong> tourte lange Zeit mit Mark Knopfler, Bob Dylan, Paul Weller und weitern Stars um die Welt. Zudem war er lange Mitglied der legendären Battlefield Band und auf zahlreichen Alben, u.a. von Patti Smith, Steve Earle und Rosanne Cash, zu hören. McCusker wird begleitet von den zwei brillanten Multiinstrumentalisten <strong>Toby Shaer </strong>und <strong>Sam Kelly</strong>. </p>



<p class="wp-block-paragraph">Das Trio lädt zu einem intimen Abend mit wunderschön komponierter Musik, Geschichten und musikalischen Gesprächen ein. Die Musiker vereinen erstklassiges Können mit Herzlichkeit, Humor und Spontaneität und bewegen sich mühelos zwischen Songs mit mitreissenden Melodien und energiegeladenen Jigs und Reels. Verwurzelt in der Tradition und doch stetig im Wandel – so präsentiert sich Folkmusik in ihrer ehrlichsten, ausdrucksstärksten und fesselndsten Form.<br><br><a href="https://www.johnmccusker.co.uk" target="_blank" rel="noreferrer noopener">www.johnmccusker.co.uk</a><br><a href="https://www.tobyshaer.com" target="_blank" rel="noreferrer noopener">www.tobyshaer.com</a><br><a href="https://www.samkelly.com" target="_blank" rel="noreferrer noopener">www.samkelly.com</a></p>



<p class="wp-block-paragraph">***</p>



<p class="wp-block-paragraph">Was wäre ein Celtic-Abend ohne Session? Wir verwandeln die Alte Kaserne in ein Pub und lassen unsere Session-Musiker vor und nach dem Konzert musizieren. Jede und jeder darf mitspielen.<br>Also: Fiddle &amp; Co. eingepackt und los geht’s!<br>Fragen zu den Sessions? Meldet euch bitte direkt bei Rose: info@irishevents.ch</p>



<p class="wp-block-paragraph"></p>

<p>Sonntag, 17.01.2027 Theater am Gleis Winterthur John McCusker Trio (SCO) John McCusker &#8211; Geige, Whistles, FlöteToby Shaer &#8211; Geige, Whistles, FlöteSam Kelly &#8211; Gesang, Gitarre, Percussion Vor und nach den Konzerten: Open Irish Session Konzert: 19:00 Türöffnung und Session ab 18:00 Das Konzert findet im Theater am Gleis statt. *** Preise:Vorverkauf: Normalpreis: CHF 29.-/Legi: CHF &hellip; <a href="https://www.celtic-concerts-sessions.ch/news/17-01-2027-john-mccusker-trio-sco/" class="more-link"><span class="screen-reader-text">„17.01.2027 | John McCusker Trio (SCO)“</span> weiterlesen</a></p>
