{"id":3795,"date":"2025-08-17T10:31:41","date_gmt":"2025-08-17T10:31:41","guid":{"rendered":"https:\/\/www.celtic-concerts-sessions.ch\/news\/?page_id=3795"},"modified":"2025-09-30T18:41:45","modified_gmt":"2025-09-30T18:41:45","slug":"11-04-2026-mick-mcauley-john-doyle-irl","status":"publish","type":"page","link":"https:\/\/www.celtic-concerts-sessions.ch\/news\/11-04-2026-mick-mcauley-john-doyle-irl\/","title":{"rendered":"11.04.2026 | Michael McGoldrick &#8211; John Doyle (IRL)"},"content":{"rendered":"\n<figure class=\"wp-block-image size-large is-resized\"><a href=\"https:\/\/i0.wp.com\/www.celtic-concerts-sessions.ch\/news\/wp-content\/uploads\/2025\/09\/2026-04-11-Doyle-McGoldrick-scaled.jpeg?ssl=1\"><img data-recalc-dims=\"1\" loading=\"lazy\" decoding=\"async\" width=\"815\" height=\"1024\" data-attachment-id=\"3837\" data-permalink=\"https:\/\/www.celtic-concerts-sessions.ch\/news\/11-04-2026-mick-mcauley-john-doyle-irl\/2026-04-11-doyle-mcgoldrick\/\" data-orig-file=\"https:\/\/i0.wp.com\/www.celtic-concerts-sessions.ch\/news\/wp-content\/uploads\/2025\/09\/2026-04-11-Doyle-McGoldrick-scaled.jpeg?fit=2038%2C2560&amp;ssl=1\" data-orig-size=\"2038,2560\" data-comments-opened=\"1\" data-image-meta=\"{&quot;aperture&quot;:&quot;1.6&quot;,&quot;credit&quot;:&quot;&quot;,&quot;camera&quot;:&quot;iPhone 15&quot;,&quot;caption&quot;:&quot;&quot;,&quot;created_timestamp&quot;:&quot;1741282237&quot;,&quot;copyright&quot;:&quot;&quot;,&quot;focal_length&quot;:&quot;5.96&quot;,&quot;iso&quot;:&quot;40&quot;,&quot;shutter_speed&quot;:&quot;0.0048309178743961&quot;,&quot;title&quot;:&quot;&quot;,&quot;orientation&quot;:&quot;1&quot;}\" data-image-title=\"2026-04-11 Doyle &amp;#038; McGoldrick\" data-image-description=\"\" data-image-caption=\"\" data-medium-file=\"https:\/\/i0.wp.com\/www.celtic-concerts-sessions.ch\/news\/wp-content\/uploads\/2025\/09\/2026-04-11-Doyle-McGoldrick-scaled.jpeg?fit=239%2C300&amp;ssl=1\" data-large-file=\"https:\/\/i0.wp.com\/www.celtic-concerts-sessions.ch\/news\/wp-content\/uploads\/2025\/09\/2026-04-11-Doyle-McGoldrick-scaled.jpeg?fit=815%2C1024&amp;ssl=1\" src=\"https:\/\/i0.wp.com\/www.celtic-concerts-sessions.ch\/news\/wp-content\/uploads\/2025\/09\/2026-04-11-Doyle-McGoldrick.jpeg?resize=815%2C1024&#038;ssl=1\" alt=\"\" class=\"wp-image-3837\" style=\"width:454px;height:auto\" srcset=\"https:\/\/i0.wp.com\/www.celtic-concerts-sessions.ch\/news\/wp-content\/uploads\/2025\/09\/2026-04-11-Doyle-McGoldrick-scaled.jpeg?resize=815%2C1024&amp;ssl=1 815w, https:\/\/i0.wp.com\/www.celtic-concerts-sessions.ch\/news\/wp-content\/uploads\/2025\/09\/2026-04-11-Doyle-McGoldrick-scaled.jpeg?resize=239%2C300&amp;ssl=1 239w, https:\/\/i0.wp.com\/www.celtic-concerts-sessions.ch\/news\/wp-content\/uploads\/2025\/09\/2026-04-11-Doyle-McGoldrick-scaled.jpeg?resize=768%2C965&amp;ssl=1 768w, https:\/\/i0.wp.com\/www.celtic-concerts-sessions.ch\/news\/wp-content\/uploads\/2025\/09\/2026-04-11-Doyle-McGoldrick-scaled.jpeg?resize=1223%2C1536&amp;ssl=1 1223w, https:\/\/i0.wp.com\/www.celtic-concerts-sessions.ch\/news\/wp-content\/uploads\/2025\/09\/2026-04-11-Doyle-McGoldrick-scaled.jpeg?resize=1631%2C2048&amp;ssl=1 1631w, https:\/\/i0.wp.com\/www.celtic-concerts-sessions.ch\/news\/wp-content\/uploads\/2025\/09\/2026-04-11-Doyle-McGoldrick-scaled.jpeg?resize=1200%2C1507&amp;ssl=1 1200w, https:\/\/i0.wp.com\/www.celtic-concerts-sessions.ch\/news\/wp-content\/uploads\/2025\/09\/2026-04-11-Doyle-McGoldrick-scaled.jpeg?w=2038&amp;ssl=1 2038w\" sizes=\"auto, (max-width: 815px) 85vw, 815px\" \/><\/a><\/figure>\n\n\n\n<p><strong>Samstag, 11.4.2026<\/strong><\/p>\n\n\n\n<p><strong>Alte Kaserne Winterthur<\/strong><\/p>\n\n\n\n<h3 class=\"wp-block-heading\">Michael <strong>McGoldrick \u2013 John Doyle (IRL)<\/strong><\/h3>\n\n\n\n<p><strong>Musikalische H\u00f6henfl\u00fcge mit den zwei Superstars der Celtic- und Folk-Szene<\/strong><\/p>\n\n\n\n<p><strong>Vor und nach den Konzerten: Open Irish Session<\/strong><br><br>Konzert: 20:00<br>T\u00fcr\u00f6ffnung und Session ab 19:00<br><br>***<\/p>\n\n\n\n<p><strong>Preise<\/strong>:<br>Vorverkauf: Normalpreis: CHF 39.-\/Legi: CHF 30.-<br>Abendkasse: Normalpreis: CHF 45.-\/Legi: CHF 35.-<br><a href=\"https:\/\/www.seetickets.com\/ch\/event\/saisonpass-2025-2026\/alte-kaserne-winterthur\/3471359\">Saisonpass<\/a>: CHF 160.-<\/p>\n\n\n\n<p>Vorverkauf via <a href=\"https:\/\/www.seetickets.com\/ch\/event\/mick-mcauley-john-doyle\/alte-kaserne-winterthur\/3471275\" data-type=\"link\" data-id=\"https:\/\/www.seetickets.com\/ch\/event\/mick-mcauley-john-doyle\/alte-kaserne-winterthur\/3471275\" target=\"_blank\" rel=\"noreferrer noopener\">See Tickets<\/a> oder <a href=\"https:\/\/winterthur.com\/de\/shop\/erlebnis-shop.html#\/experience\/TDS00020015771809462\" target=\"_blank\" rel=\"noreferrer noopener\">winterthur.com<\/a><\/p>\n\n\n\n<p>***<br><strong>Michael McGoldrick<\/strong> und <strong>John Doyle<\/strong> zusammen auf einer B\u00fchne zu erleben, ist ein sehr rares Vergn\u00fcgen. Die zwei Musiker sind st\u00e4ndig mit ihren eigenen Bands on the road oder mit bekannten K\u00fcnstler:innen im Studio.<\/p>\n\n\n\n<p><strong>Michael McGoldrick<\/strong> gilt als einer der gr\u00f6ssten Fl\u00f6tisten aller Zeiten. Er war bei der Gr\u00fcndung der Bands L\u00fanasa und Flook beteiligt und sein musikalisches Talent an Uilleann Pipes und Gitarre wird weit \u00fcber die Celtic-Grenzen hinaus gesch\u00e4tzt. So ist er u.a. Mitglied der Band von ex-Dire-Straits-Master Mark Knopfler, tourte mit Grossmeister Bob Dylan um die Welt und arbeitete mit so unterschiedlichen Musikern wie Youssou N&#8217;Dour, John Cale und Zakir Hussain.<\/p>\n\n\n\n<p>An der Gitarre kann <strong>John Doyle<\/strong> eigentlich niemand das Wasser reichen. Er ist Gr\u00fcnder der legend\u00e4ren Band Solas und als Gitarrist, Songwriter und S\u00e4nger ein Star \u2013 und das nicht nur in der Celtic Szene: Doyle war viele Jahre musikalischer Leiter bei Joan Baez!<br><\/p>\n\n\n\n<p><a href=\"http:\/\/www.johndoylemusic.com\">www.johndoylemusic.com<\/a><br><a href=\"http:\/\/www.facebook.com\/Michael-McGoldrick-Music-596364614073638\">www.facebook.com\/Michael-McGoldrick-Music-596364614073638<\/a><\/p>\n\n\n\n<figure class=\"wp-block-embed is-type-video is-provider-youtube wp-block-embed-youtube wp-embed-aspect-16-9 wp-has-aspect-ratio\"><div class=\"wp-block-embed__wrapper\">\n<iframe loading=\"lazy\" title=\"Michael McGoldrick, John McCusker &amp; John Doyle live at Celtic Colours\" width=\"840\" height=\"473\" src=\"https:\/\/www.youtube.com\/embed\/PbUM8mn0_Hk?feature=oembed\" frameborder=\"0\" allow=\"accelerometer; autoplay; clipboard-write; encrypted-media; gyroscope; picture-in-picture; web-share\" referrerpolicy=\"strict-origin-when-cross-origin\" allowfullscreen><\/iframe>\n<\/div><\/figure>\n\n\n\n<p><br><\/p>\n\n\n\n<p>***<\/p>\n\n\n\n<p>Was w\u00e4re ein Celtic-Abend ohne Session? Wir verwandeln die Alte Kaserne in ein Pub und lassen unsere Session-Musiker vor und nach dem Konzert musizieren. Jede und jeder darf mitspielen.<br>Also: Fiddle &amp; Co. eingepackt und los geht\u2019s!<br>Fragen zu den Sessions? Meldet euch bitte direkt bei Rose: info@irishevents.ch<\/p>\n\n\n\n<p><\/p>\n","protected":false},"excerpt":{"rendered":"<p>Samstag, 11.4.2026 Alte Kaserne Winterthur Michael McGoldrick \u2013 John Doyle (IRL) Musikalische H\u00f6henfl\u00fcge mit den zwei Superstars der Celtic- und Folk-Szene Preise:Vorverkauf: Normalpreis: CHF 39.-\/Legi: CHF 30.-Abendkasse: Normalpreis: CHF 45.-\/Legi: CHF 35.-Saisonpass: CHF 160.- Vorverkauf via See Tickets oder winterthur.com ***Michael McGoldrick und John Doyle zusammen auf einer B\u00fchne zu erleben, ist ein sehr rares &hellip; <a href=\"https:\/\/www.celtic-concerts-sessions.ch\/news\/11-04-2026-mick-mcauley-john-doyle-irl\/\" class=\"more-link\"><span class=\"screen-reader-text\">\u201e11.04.2026 | Michael McGoldrick &#8211; John Doyle (IRL)\u201c<\/span> weiterlesen<\/a><\/p>\n","protected":false},"author":1,"featured_media":0,"parent":0,"menu_order":0,"comment_status":"closed","ping_status":"closed","template":"","meta":{"jetpack_post_was_ever_published":false,"footnotes":""},"class_list":["post-3795","page","type-page","status-publish","hentry"],"jetpack_sharing_enabled":true,"jetpack_shortlink":"https:\/\/wp.me\/P9oLVZ-Zd","jetpack_likes_enabled":true,"jetpack-related-posts":[],"_links":{"self":[{"href":"https:\/\/www.celtic-concerts-sessions.ch\/news\/wp-json\/wp\/v2\/pages\/3795","targetHints":{"allow":["GET"]}}],"collection":[{"href":"https:\/\/www.celtic-concerts-sessions.ch\/news\/wp-json\/wp\/v2\/pages"}],"about":[{"href":"https:\/\/www.celtic-concerts-sessions.ch\/news\/wp-json\/wp\/v2\/types\/page"}],"author":[{"embeddable":true,"href":"https:\/\/www.celtic-concerts-sessions.ch\/news\/wp-json\/wp\/v2\/users\/1"}],"replies":[{"embeddable":true,"href":"https:\/\/www.celtic-concerts-sessions.ch\/news\/wp-json\/wp\/v2\/comments?post=3795"}],"version-history":[{"count":4,"href":"https:\/\/www.celtic-concerts-sessions.ch\/news\/wp-json\/wp\/v2\/pages\/3795\/revisions"}],"predecessor-version":[{"id":3839,"href":"https:\/\/www.celtic-concerts-sessions.ch\/news\/wp-json\/wp\/v2\/pages\/3795\/revisions\/3839"}],"wp:attachment":[{"href":"https:\/\/www.celtic-concerts-sessions.ch\/news\/wp-json\/wp\/v2\/media?parent=3795"}],"curies":[{"name":"wp","href":"https:\/\/api.w.org\/{rel}","templated":true}]}}