{"id":3778,"date":"2025-08-17T09:54:40","date_gmt":"2025-08-17T09:54:40","guid":{"rendered":"https:\/\/www.celtic-concerts-sessions.ch\/news\/?page_id=3778"},"modified":"2025-11-30T13:32:53","modified_gmt":"2025-11-30T13:32:53","slug":"29-11-2025-irish-christmas","status":"publish","type":"page","link":"https:\/\/www.celtic-concerts-sessions.ch\/news\/29-11-2025-irish-christmas\/","title":{"rendered":"29.11.2025 | Irish Christmas"},"content":{"rendered":"\n<figure class=\"wp-block-image size-large\"><a href=\"https:\/\/i0.wp.com\/www.celtic-concerts-sessions.ch\/news\/wp-content\/uploads\/2025\/08\/2025-11-29-Altan-1-%C2%A9-Linda-Cunningham-scaled.jpg?ssl=1\"><img data-recalc-dims=\"1\" loading=\"lazy\" decoding=\"async\" width=\"840\" height=\"560\" data-attachment-id=\"3779\" data-permalink=\"https:\/\/www.celtic-concerts-sessions.ch\/news\/29-11-2025-irish-christmas\/2025-11-29-altan-1-linda-cunningham\/\" data-orig-file=\"https:\/\/i0.wp.com\/www.celtic-concerts-sessions.ch\/news\/wp-content\/uploads\/2025\/08\/2025-11-29-Altan-1-%C2%A9-Linda-Cunningham-scaled.jpg?fit=2560%2C1707&amp;ssl=1\" data-orig-size=\"2560,1707\" data-comments-opened=\"1\" data-image-meta=\"{&quot;aperture&quot;:&quot;7.1&quot;,&quot;credit&quot;:&quot;&quot;,&quot;camera&quot;:&quot;Canon EOS 5D Mark IV&quot;,&quot;caption&quot;:&quot;&quot;,&quot;created_timestamp&quot;:&quot;1685720391&quot;,&quot;copyright&quot;:&quot;&quot;,&quot;focal_length&quot;:&quot;85&quot;,&quot;iso&quot;:&quot;320&quot;,&quot;shutter_speed&quot;:&quot;0.003125&quot;,&quot;title&quot;:&quot;&quot;,&quot;orientation&quot;:&quot;1&quot;}\" data-image-title=\"2025-11-29 Altan 1 \u00a9 Linda Cunningham\" data-image-description=\"\" data-image-caption=\"\" data-medium-file=\"https:\/\/i0.wp.com\/www.celtic-concerts-sessions.ch\/news\/wp-content\/uploads\/2025\/08\/2025-11-29-Altan-1-%C2%A9-Linda-Cunningham-scaled.jpg?fit=300%2C200&amp;ssl=1\" data-large-file=\"https:\/\/i0.wp.com\/www.celtic-concerts-sessions.ch\/news\/wp-content\/uploads\/2025\/08\/2025-11-29-Altan-1-%C2%A9-Linda-Cunningham-scaled.jpg?fit=840%2C560&amp;ssl=1\" src=\"https:\/\/i0.wp.com\/www.celtic-concerts-sessions.ch\/news\/wp-content\/uploads\/2025\/08\/2025-11-29-Altan-1-%C2%A9-Linda-Cunningham.jpg?resize=840%2C560&#038;ssl=1\" alt=\"\" class=\"wp-image-3779\" srcset=\"https:\/\/i0.wp.com\/www.celtic-concerts-sessions.ch\/news\/wp-content\/uploads\/2025\/08\/2025-11-29-Altan-1-%C2%A9-Linda-Cunningham-scaled.jpg?resize=1024%2C683&amp;ssl=1 1024w, https:\/\/i0.wp.com\/www.celtic-concerts-sessions.ch\/news\/wp-content\/uploads\/2025\/08\/2025-11-29-Altan-1-%C2%A9-Linda-Cunningham-scaled.jpg?resize=300%2C200&amp;ssl=1 300w, https:\/\/i0.wp.com\/www.celtic-concerts-sessions.ch\/news\/wp-content\/uploads\/2025\/08\/2025-11-29-Altan-1-%C2%A9-Linda-Cunningham-scaled.jpg?resize=768%2C512&amp;ssl=1 768w, https:\/\/i0.wp.com\/www.celtic-concerts-sessions.ch\/news\/wp-content\/uploads\/2025\/08\/2025-11-29-Altan-1-%C2%A9-Linda-Cunningham-scaled.jpg?resize=1536%2C1024&amp;ssl=1 1536w, https:\/\/i0.wp.com\/www.celtic-concerts-sessions.ch\/news\/wp-content\/uploads\/2025\/08\/2025-11-29-Altan-1-%C2%A9-Linda-Cunningham-scaled.jpg?resize=2048%2C1365&amp;ssl=1 2048w, https:\/\/i0.wp.com\/www.celtic-concerts-sessions.ch\/news\/wp-content\/uploads\/2025\/08\/2025-11-29-Altan-1-%C2%A9-Linda-Cunningham-scaled.jpg?resize=1200%2C800&amp;ssl=1 1200w, https:\/\/i0.wp.com\/www.celtic-concerts-sessions.ch\/news\/wp-content\/uploads\/2025\/08\/2025-11-29-Altan-1-%C2%A9-Linda-Cunningham-scaled.jpg?w=1680&amp;ssl=1 1680w, https:\/\/i0.wp.com\/www.celtic-concerts-sessions.ch\/news\/wp-content\/uploads\/2025\/08\/2025-11-29-Altan-1-%C2%A9-Linda-Cunningham-scaled.jpg?w=2520&amp;ssl=1 2520w\" sizes=\"auto, (max-width: 709px) 85vw, (max-width: 909px) 67vw, (max-width: 1362px) 62vw, 840px\" \/><\/a><\/figure>\n\n\n\n<p><strong>Sa, 29.11.2025<\/strong><\/p>\n\n\n\n<p><strong>Alte Kaserne Winterthur<\/strong><\/p>\n\n\n\n<h3 class=\"wp-block-heading\"><strong>Irish Christmas<\/strong><\/h3>\n\n\n\n<p><strong>Altan (IRL)<\/strong><br><strong>Bu\u00edoch (IRL)<\/strong><\/p>\n\n\n\n<p><strong>Vor und nach den Konzerten: Open Irish Session<\/strong><br><br>Konzert: 20:00<br>T\u00fcr\u00f6ffnung und Session ab 19:00<br><br>***<\/p>\n\n\n\n<p>Mit <strong>Altan<\/strong> und <strong>Bu\u00edoch<\/strong> stehen zwei unterschiedliche Generationen Irish Folk auf der B\u00fchne. Beide sorgen f\u00fcr die Tiefe, Lebendigkeit und den Zauber traditioneller irischer Musik.<\/p>\n\n\n\n<p><strong>Altan<\/strong> ist eine der bedeutendsten Irish-Folk-Bands der letzten Jahrzehnte. Gegr\u00fcndet in den 80ern, steht das Quintett rund um die S\u00e4ngerin und Fiddlerin Mair\u00e9ad N\u00ed Mhaonaigh f\u00fcr eine Musikkultur, die ebenso wild und sch\u00f6n ist wie die Natur ihrer Heimat Donegal. Mit der glockenhellen Stimme, furiosen Tanzst\u00fccken und tief in der g\u00e4lischen Tradition verwurzelten Balladen hat sich die Band nicht nur international einen Namen gemacht \u2013 sie wurde sogar mit einer eigenen irischen Briefmarke geehrt. Ein Denkmal irischer Kultur!<\/p>\n\n\n\n<p>Den Abend er\u00f6ffnen <strong>Bu\u00edoch<\/strong> \u2013 eine junge Band aus dem Herzen der gr\u00fcnen Insel, die mit Eigenkompositionen, frischen Arrangements und \u00fcbersch\u00e4umender Spielfreude begeistert. Benannt nach dem irischen Wort f\u00fcr \u00abDankbarkeit\u00bb, verbindet das Quartett handgemachte Tradition mit kraftvoller Gegenwart. Die Musik ist direkt und warmherzig \u2013 und eine Hommage an das, was irische Liedkunst ausmacht: Zusammensein und Lebensfreude.<br><br><strong>Links allgemein:<\/strong><br><a href=\"http:\/\/www.irishchristmas.at\">www.irishchristmas.at<\/a><\/p>\n\n\n\n<p><br><strong>Altan<\/strong><br><a href=\"http:\/\/www.altan.ie\">www.altan.ie<\/a>&nbsp;<\/p>\n\n\n\n<figure class=\"wp-block-embed is-type-video is-provider-youtube wp-block-embed-youtube wp-embed-aspect-16-9 wp-has-aspect-ratio\"><div class=\"wp-block-embed__wrapper\">\n<iframe loading=\"lazy\" title=\"The Road Home, Altan. The Gathering Festival of Music and Arts. INEC Killarney.\" width=\"840\" height=\"473\" src=\"https:\/\/www.youtube.com\/embed\/ohxBmHQ5_WY?feature=oembed\" frameborder=\"0\" allow=\"accelerometer; autoplay; clipboard-write; encrypted-media; gyroscope; picture-in-picture; web-share\" referrerpolicy=\"strict-origin-when-cross-origin\" allowfullscreen><\/iframe>\n<\/div><\/figure>\n\n\n\n<figure class=\"wp-block-embed is-type-video is-provider-youtube wp-block-embed-youtube wp-embed-aspect-16-9 wp-has-aspect-ratio\"><div class=\"wp-block-embed__wrapper\">\n<iframe loading=\"lazy\" title=\"Altan - Tullaghan Lasses\" width=\"840\" height=\"473\" src=\"https:\/\/www.youtube.com\/embed\/KRxGBzGRHKI?feature=oembed\" frameborder=\"0\" allow=\"accelerometer; autoplay; clipboard-write; encrypted-media; gyroscope; picture-in-picture; web-share\" referrerpolicy=\"strict-origin-when-cross-origin\" allowfullscreen><\/iframe>\n<\/div><\/figure>\n\n\n\n<figure class=\"wp-block-embed is-type-video is-provider-youtube wp-block-embed-youtube wp-embed-aspect-16-9 wp-has-aspect-ratio\"><div class=\"wp-block-embed__wrapper\">\n<iframe loading=\"lazy\" title=\"Altan | Irish reels live on The Late Late Show\" width=\"840\" height=\"473\" src=\"https:\/\/www.youtube.com\/embed\/hIke3b2wLYE?feature=oembed\" frameborder=\"0\" allow=\"accelerometer; autoplay; clipboard-write; encrypted-media; gyroscope; picture-in-picture; web-share\" referrerpolicy=\"strict-origin-when-cross-origin\" allowfullscreen><\/iframe>\n<\/div><\/figure>\n\n\n\n<p><strong>Bu\u00edoch<br><\/strong><a href=\"http:\/\/www.buiochtrad.com\">www.buiochtrad.com<\/a>&nbsp;&nbsp;<\/p>\n\n\n\n<figure class=\"wp-block-embed is-type-video is-provider-youtube wp-block-embed-youtube wp-embed-aspect-16-9 wp-has-aspect-ratio\"><div class=\"wp-block-embed__wrapper\">\n<iframe loading=\"lazy\" title=\"Bu\u00edoch - Late Night at Sitges\" width=\"840\" height=\"473\" src=\"https:\/\/www.youtube.com\/embed\/8xTNgsZp8XA?feature=oembed\" frameborder=\"0\" allow=\"accelerometer; autoplay; clipboard-write; encrypted-media; gyroscope; picture-in-picture; web-share\" referrerpolicy=\"strict-origin-when-cross-origin\" allowfullscreen><\/iframe>\n<\/div><\/figure>\n\n\n\n<figure class=\"wp-block-embed is-type-video is-provider-youtube wp-block-embed-youtube wp-embed-aspect-16-9 wp-has-aspect-ratio\"><div class=\"wp-block-embed__wrapper\">\n<iframe loading=\"lazy\" title=\"Take Me Back to Ireland - Bu\u00edoch\" width=\"840\" height=\"473\" src=\"https:\/\/www.youtube.com\/embed\/hYb5P-rC-CM?feature=oembed\" frameborder=\"0\" allow=\"accelerometer; autoplay; clipboard-write; encrypted-media; gyroscope; picture-in-picture; web-share\" referrerpolicy=\"strict-origin-when-cross-origin\" allowfullscreen><\/iframe>\n<\/div><\/figure>\n\n\n\n<figure class=\"wp-block-embed is-type-video is-provider-youtube wp-block-embed-youtube wp-embed-aspect-16-9 wp-has-aspect-ratio\"><div class=\"wp-block-embed__wrapper\">\n<iframe loading=\"lazy\" title=\"Bu\u00edoch - Read the Room\" width=\"840\" height=\"473\" src=\"https:\/\/www.youtube.com\/embed\/WeK4xNcRnCk?feature=oembed\" frameborder=\"0\" allow=\"accelerometer; autoplay; clipboard-write; encrypted-media; gyroscope; picture-in-picture; web-share\" referrerpolicy=\"strict-origin-when-cross-origin\" allowfullscreen><\/iframe>\n<\/div><\/figure>\n\n\n\n<p><\/p>\n\n\n\n<p>***<\/p>\n\n\n\n<p>Was w\u00e4re ein Celtic-Abend ohne Session? Wir verwandeln die Alte Kaserne in ein Pub und lassen unsere Session-Musiker vor und nach dem Konzert musizieren. Jede und jeder darf mitspielen.<br>Also: Fiddle &amp; Co. eingepackt und los geht\u2019s!<br>Fragen zu den Sessions? Meldet euch bitte direkt bei Rose: info@irishevents.ch<\/p>\n","protected":false},"excerpt":{"rendered":"<p>Sa, 29.11.2025 Alte Kaserne Winterthur Irish Christmas Altan (IRL)Bu\u00edoch (IRL) Mit Altan und Bu\u00edoch stehen zwei unterschiedliche Generationen Irish Folk auf der B\u00fchne. Beide sorgen f\u00fcr die Tiefe, Lebendigkeit und den Zauber traditioneller irischer Musik. Altan ist eine der bedeutendsten Irish-Folk-Bands der letzten Jahrzehnte. Gegr\u00fcndet in den 80ern, steht das Quintett rund um die S\u00e4ngerin &hellip; <a href=\"https:\/\/www.celtic-concerts-sessions.ch\/news\/29-11-2025-irish-christmas\/\" class=\"more-link\"><span class=\"screen-reader-text\">\u201e29.11.2025 | Irish Christmas\u201c<\/span> weiterlesen<\/a><\/p>\n","protected":false},"author":1,"featured_media":0,"parent":0,"menu_order":0,"comment_status":"closed","ping_status":"closed","template":"","meta":{"jetpack_post_was_ever_published":false,"footnotes":""},"class_list":["post-3778","page","type-page","status-publish","hentry"],"jetpack_sharing_enabled":true,"jetpack_shortlink":"https:\/\/wp.me\/P9oLVZ-YW","jetpack_likes_enabled":true,"jetpack-related-posts":[],"_links":{"self":[{"href":"https:\/\/www.celtic-concerts-sessions.ch\/news\/wp-json\/wp\/v2\/pages\/3778","targetHints":{"allow":["GET"]}}],"collection":[{"href":"https:\/\/www.celtic-concerts-sessions.ch\/news\/wp-json\/wp\/v2\/pages"}],"about":[{"href":"https:\/\/www.celtic-concerts-sessions.ch\/news\/wp-json\/wp\/v2\/types\/page"}],"author":[{"embeddable":true,"href":"https:\/\/www.celtic-concerts-sessions.ch\/news\/wp-json\/wp\/v2\/users\/1"}],"replies":[{"embeddable":true,"href":"https:\/\/www.celtic-concerts-sessions.ch\/news\/wp-json\/wp\/v2\/comments?post=3778"}],"version-history":[{"count":6,"href":"https:\/\/www.celtic-concerts-sessions.ch\/news\/wp-json\/wp\/v2\/pages\/3778\/revisions"}],"predecessor-version":[{"id":3865,"href":"https:\/\/www.celtic-concerts-sessions.ch\/news\/wp-json\/wp\/v2\/pages\/3778\/revisions\/3865"}],"wp:attachment":[{"href":"https:\/\/www.celtic-concerts-sessions.ch\/news\/wp-json\/wp\/v2\/media?parent=3778"}],"curies":[{"name":"wp","href":"https:\/\/api.w.org\/{rel}","templated":true}]}}