{"id":3763,"date":"2025-08-16T16:40:33","date_gmt":"2025-08-16T16:40:33","guid":{"rendered":"https:\/\/www.celtic-concerts-sessions.ch\/news\/?page_id=3763"},"modified":"2025-08-25T18:22:25","modified_gmt":"2025-08-25T18:22:25","slug":"10-10-2025-scottish-colours-tour","status":"publish","type":"page","link":"https:\/\/www.celtic-concerts-sessions.ch\/news\/10-10-2025-scottish-colours-tour\/","title":{"rendered":"10.10.2025 | Scottish Colours-Tour"},"content":{"rendered":"\n<figure class=\"wp-block-image size-full\"><a href=\"https:\/\/i0.wp.com\/www.celtic-concerts-sessions.ch\/news\/wp-content\/uploads\/2025\/08\/2025-10-10-Mairi-McGillivrray-1.png?ssl=1\"><img data-recalc-dims=\"1\" loading=\"lazy\" decoding=\"async\" width=\"840\" height=\"427\" data-attachment-id=\"3764\" data-permalink=\"https:\/\/www.celtic-concerts-sessions.ch\/news\/10-10-2025-scottish-colours-tour\/2025-10-10-mairi-mcgillivrray-1\/\" data-orig-file=\"https:\/\/i0.wp.com\/www.celtic-concerts-sessions.ch\/news\/wp-content\/uploads\/2025\/08\/2025-10-10-Mairi-McGillivrray-1.png?fit=874%2C444&amp;ssl=1\" data-orig-size=\"874,444\" data-comments-opened=\"1\" data-image-meta=\"{&quot;aperture&quot;:&quot;0&quot;,&quot;credit&quot;:&quot;&quot;,&quot;camera&quot;:&quot;&quot;,&quot;caption&quot;:&quot;&quot;,&quot;created_timestamp&quot;:&quot;0&quot;,&quot;copyright&quot;:&quot;&quot;,&quot;focal_length&quot;:&quot;0&quot;,&quot;iso&quot;:&quot;0&quot;,&quot;shutter_speed&quot;:&quot;0&quot;,&quot;title&quot;:&quot;&quot;,&quot;orientation&quot;:&quot;0&quot;}\" data-image-title=\"2025-10-10 Mairi McGillivrray 1\" data-image-description=\"\" data-image-caption=\"\" data-medium-file=\"https:\/\/i0.wp.com\/www.celtic-concerts-sessions.ch\/news\/wp-content\/uploads\/2025\/08\/2025-10-10-Mairi-McGillivrray-1.png?fit=300%2C152&amp;ssl=1\" data-large-file=\"https:\/\/i0.wp.com\/www.celtic-concerts-sessions.ch\/news\/wp-content\/uploads\/2025\/08\/2025-10-10-Mairi-McGillivrray-1.png?fit=840%2C427&amp;ssl=1\" src=\"https:\/\/i0.wp.com\/www.celtic-concerts-sessions.ch\/news\/wp-content\/uploads\/2025\/08\/2025-10-10-Mairi-McGillivrray-1.png?resize=840%2C427&#038;ssl=1\" alt=\"\" class=\"wp-image-3764\" srcset=\"https:\/\/i0.wp.com\/www.celtic-concerts-sessions.ch\/news\/wp-content\/uploads\/2025\/08\/2025-10-10-Mairi-McGillivrray-1.png?w=874&amp;ssl=1 874w, https:\/\/i0.wp.com\/www.celtic-concerts-sessions.ch\/news\/wp-content\/uploads\/2025\/08\/2025-10-10-Mairi-McGillivrray-1.png?resize=300%2C152&amp;ssl=1 300w, https:\/\/i0.wp.com\/www.celtic-concerts-sessions.ch\/news\/wp-content\/uploads\/2025\/08\/2025-10-10-Mairi-McGillivrray-1.png?resize=768%2C390&amp;ssl=1 768w\" sizes=\"auto, (max-width: 709px) 85vw, (max-width: 909px) 67vw, (max-width: 1362px) 62vw, 840px\" \/><\/a><\/figure>\n\n\n\n<p>Freitag, 10.10.2025<\/p>\n\n\n\n<p>Alte Kaserne Winterthur<\/p>\n\n\n\n<h3 class=\"wp-block-heading\">Scottish Colours-Tour<\/h3>\n\n\n\n<p><strong>S\u00f2l\u00e1s Collective (SCO)<\/strong><br><strong>Mairi McGillivray &amp; Se\u00e1n Gray (SCO)<\/strong><\/p>\n\n\n\n<p><strong>Vor und nach den Konzerten: Open Irish Session<\/strong><br><br>Konzert: 20:00<br>T\u00fcr\u00f6ffnung und Session ab 19:00<br><br>***<\/p>\n\n\n\n<p class=\"wp-embed-aspect-4-3 wp-has-aspect-ratio\"><strong>Preise<\/strong>:<br>Vorverkauf: Normalpreis: CHF 39.-\/Legi: CHF 30.-<br>Abendkasse: Normalpreis: CHF 45.-\/Legi: CHF 35.-<br><a href=\"https:\/\/www.seetickets.com\/ch\/event\/saisonpass-2025-2026\/alte-kaserne-winterthur\/3471359\" data-type=\"link\" data-id=\"https:\/\/www.seetickets.com\/ch\/event\/saisonpass-2025-2026\/alte-kaserne-winterthur\/3471359\">Saisonpass<\/a>: CHF 160.-<\/p>\n\n\n\n<p class=\"wp-embed-aspect-4-3 wp-has-aspect-ratio\">Vorverkauf via <a href=\"https:\/\/www.seetickets.com\/ch\/event\/scottish-colours-tour\/alte-kaserne-winterthur\/3470436\" data-type=\"link\" data-id=\"https:\/\/www.seetickets.com\/ch\/event\/scottish-colours-tour\/alte-kaserne-winterthur\/3470436\">See Tickets<\/a> oder <a href=\"https:\/\/winterthur.com\/de\/shop\/erlebnis-shop.html#\/experience\/TDS00020015726406054\" target=\"_blank\" rel=\"noreferrer noopener\">winterthur.com<\/a><\/p>\n\n\n\n<p>***<\/p>\n\n\n\n<p>Bunt, kr\u00e4ftig und beeindruckend wie die Farben des Indian Summers im kanadischen Nova Scotia pr\u00e4sentiert sich die musikalische Palette der diesj\u00e4hrigen <strong>Scottish Colours-Tour<\/strong>. Grosses Kino &#8211; und das gleich im zweifachen Doppelpack &#8211; bietet die achtzehnte Ausgabe dieser Tour!<\/p>\n\n\n\n<p>Die diesj\u00e4hrige Scottish-Colours-Tour steht unter dem Motto \u00abSounding Islands\u00bb, ist sehr jung und traditionell besetzt, und in beiden Sets werden Songs in Scots G\u00e0idhlig, also schottischem G\u00e4lisch, zu h\u00f6ren sein.<\/p>\n\n\n\n<p>Es ist unglaublich, wie viele grandiose S\u00e4ngerinnen dieses kleine Land Jahr f\u00fcr Jahr hervorbringt. <strong>Mairi McGillivray<\/strong> ist eine dieser aussergew\u00f6hnlichen Musikerinnen. Sie wird das Publikum mit ihrer Stimme verzaubern und im Duo mit dem Gitarristen Sean Gray zu dieser Tournee kommen! Im <strong>S\u00f2l\u00e1s Collective<\/strong> widmen sich der junge Meister an den Scottish Small Pipes Fionnlagh Mac A\u2019 Phiocar und die Viola-Virtuosin Sarah Hannify selten geh\u00f6rter Musik der abgelegenen wilden Atlantik-Inseln Outer Hebrides. Kombiniert mit hypnotischen, zeitgen\u00f6ssischen Sounds ergibt dies ein unvergessliches Konzerterlebnis.<\/p>\n\n\n\n<p><a href=\"http:\/\/www.weltenklang.at\/artists\/18th-scottish-colours\">www.weltenklang.at\/artists\/18th-scottish-colours<\/a><br><strong><br>S\u00f2l\u00e1s Collective<br><\/strong><a href=\"http:\/\/www.chambermusicscotland.com\/directory\/the-s\u00f2l\u00e1s-collective\">www.chambermusicscotland.com\/directory\/the-s\u00f2l\u00e1s-collective<\/a><\/p>\n\n\n\n<figure class=\"wp-block-embed is-type-video is-provider-youtube wp-block-embed-youtube wp-embed-aspect-4-3 wp-has-aspect-ratio\"><div class=\"wp-block-embed__wrapper\">\n<iframe loading=\"lazy\" title=\"Sarah Hanniffy - Viola - Ireland - Regional level - Worldvision 2021\" width=\"840\" height=\"630\" src=\"https:\/\/www.youtube.com\/embed\/JIY96sZoD1s?feature=oembed\" frameborder=\"0\" allow=\"accelerometer; autoplay; clipboard-write; encrypted-media; gyroscope; picture-in-picture; web-share\" referrerpolicy=\"strict-origin-when-cross-origin\" allowfullscreen><\/iframe>\n<\/div><\/figure>\n\n\n\n<figure class=\"wp-block-embed is-type-video is-provider-youtube wp-block-embed-youtube wp-embed-aspect-16-9 wp-has-aspect-ratio\"><div class=\"wp-block-embed__wrapper\">\n<iframe loading=\"lazy\" title=\"Fionnlagh Mac A&quot;Phiocar &amp; Gillie O&#039;Flaherty - Jig set at Piping Live 2023\" width=\"840\" height=\"473\" src=\"https:\/\/www.youtube.com\/embed\/7BhWNNpVJ2k?feature=oembed\" frameborder=\"0\" allow=\"accelerometer; autoplay; clipboard-write; encrypted-media; gyroscope; picture-in-picture; web-share\" referrerpolicy=\"strict-origin-when-cross-origin\" allowfullscreen><\/iframe>\n<\/div><\/figure>\n\n\n\n<p><br><strong>Mairi McGillivray<\/strong><\/p>\n\n\n\n<p><a href=\"http:\/\/www.mairimcgillivray.com\">www.mairimcgillivray.com<\/a><\/p>\n\n\n\n<figure class=\"wp-block-embed is-type-video is-provider-youtube wp-block-embed-youtube wp-embed-aspect-16-9 wp-has-aspect-ratio\"><div class=\"wp-block-embed__wrapper\">\n<iframe loading=\"lazy\" title=\"Mairi McGillivray | T\u00e0ladh Na Beine Guirme | Seirm | BBC ALBA\" width=\"840\" height=\"473\" src=\"https:\/\/www.youtube.com\/embed\/47kt35EJY7c?feature=oembed\" frameborder=\"0\" allow=\"accelerometer; autoplay; clipboard-write; encrypted-media; gyroscope; picture-in-picture; web-share\" referrerpolicy=\"strict-origin-when-cross-origin\" allowfullscreen><\/iframe>\n<\/div><\/figure>\n\n\n\n<figure class=\"wp-block-embed is-type-video is-provider-youtube wp-block-embed-youtube wp-embed-aspect-16-9 wp-has-aspect-ratio\"><div class=\"wp-block-embed__wrapper\">\n<iframe loading=\"lazy\" title=\"M\u00e0iri NicGillebhrath | Tha Fadachd Orm Fh\u00ecn | Seirm | BBC ALBA\" width=\"840\" height=\"473\" src=\"https:\/\/www.youtube.com\/embed\/Ep3ObMcoapU?feature=oembed\" frameborder=\"0\" allow=\"accelerometer; autoplay; clipboard-write; encrypted-media; gyroscope; picture-in-picture; web-share\" referrerpolicy=\"strict-origin-when-cross-origin\" allowfullscreen><\/iframe>\n<\/div><\/figure>\n\n\n\n<p><br><strong>Se\u00e1n Gray<br><\/strong><a href=\"http:\/\/www.seangraymusic.com\">www.seangraymusic.com<\/a>&nbsp;&nbsp;&nbsp;&nbsp;&nbsp;&nbsp;&nbsp;&nbsp;<\/p>\n\n\n\n<p>***<\/p>\n\n\n\n<p>Was w\u00e4re ein Celtic-Abend ohne Session? Wir verwandeln die Alte Kaserne in ein Pub und lassen unsere Session-Musiker vor und nach dem Konzert musizieren. Jede und jeder darf mitspielen.<br>Also: Fiddle &amp; Co. eingepackt und los geht\u2019s!<br>Fragen zu den Sessions? Meldet euch bitte direkt bei Rose: info@irishevents.ch<\/p>\n\n\n\n<p><\/p>\n","protected":false},"excerpt":{"rendered":"<p>Freitag, 10.10.2025 Alte Kaserne Winterthur Scottish Colours-Tour S\u00f2l\u00e1s Collective (SCO)Mairi McGillivray &amp; Se\u00e1n Gray (SCO) Preise:Vorverkauf: Normalpreis: CHF 39.-\/Legi: CHF 30.-Abendkasse: Normalpreis: CHF 45.-\/Legi: CHF 35.-Saisonpass: CHF 160.- Vorverkauf via See Tickets oder winterthur.com *** Bunt, kr\u00e4ftig und beeindruckend wie die Farben des Indian Summers im kanadischen Nova Scotia pr\u00e4sentiert sich die musikalische Palette der &hellip; <a href=\"https:\/\/www.celtic-concerts-sessions.ch\/news\/10-10-2025-scottish-colours-tour\/\" class=\"more-link\"><span class=\"screen-reader-text\">\u201e10.10.2025 | Scottish Colours-Tour\u201c<\/span> weiterlesen<\/a><\/p>\n","protected":false},"author":1,"featured_media":0,"parent":0,"menu_order":0,"comment_status":"closed","ping_status":"closed","template":"","meta":{"jetpack_post_was_ever_published":false,"footnotes":""},"class_list":["post-3763","page","type-page","status-publish","hentry"],"jetpack_sharing_enabled":true,"jetpack_shortlink":"https:\/\/wp.me\/P9oLVZ-YH","jetpack_likes_enabled":true,"jetpack-related-posts":[],"_links":{"self":[{"href":"https:\/\/www.celtic-concerts-sessions.ch\/news\/wp-json\/wp\/v2\/pages\/3763","targetHints":{"allow":["GET"]}}],"collection":[{"href":"https:\/\/www.celtic-concerts-sessions.ch\/news\/wp-json\/wp\/v2\/pages"}],"about":[{"href":"https:\/\/www.celtic-concerts-sessions.ch\/news\/wp-json\/wp\/v2\/types\/page"}],"author":[{"embeddable":true,"href":"https:\/\/www.celtic-concerts-sessions.ch\/news\/wp-json\/wp\/v2\/users\/1"}],"replies":[{"embeddable":true,"href":"https:\/\/www.celtic-concerts-sessions.ch\/news\/wp-json\/wp\/v2\/comments?post=3763"}],"version-history":[{"count":3,"href":"https:\/\/www.celtic-concerts-sessions.ch\/news\/wp-json\/wp\/v2\/pages\/3763\/revisions"}],"predecessor-version":[{"id":3826,"href":"https:\/\/www.celtic-concerts-sessions.ch\/news\/wp-json\/wp\/v2\/pages\/3763\/revisions\/3826"}],"wp:attachment":[{"href":"https:\/\/www.celtic-concerts-sessions.ch\/news\/wp-json\/wp\/v2\/media?parent=3763"}],"curies":[{"name":"wp","href":"https:\/\/api.w.org\/{rel}","templated":true}]}}