{"id":3681,"date":"2024-07-16T12:39:38","date_gmt":"2024-07-16T12:39:38","guid":{"rendered":"https:\/\/www.celtic-concerts-sessions.ch\/news\/?page_id=3681"},"modified":"2024-08-12T12:07:10","modified_gmt":"2024-08-12T12:07:10","slug":"26-11-2024-michael-mcgoldrick-tim-edey","status":"publish","type":"page","link":"https:\/\/www.celtic-concerts-sessions.ch\/news\/26-11-2024-michael-mcgoldrick-tim-edey\/","title":{"rendered":"26.10.2024 | Michael McGoldrick &amp; Tim Edey"},"content":{"rendered":"\n<figure class=\"wp-block-image size-large\"><a href=\"https:\/\/i0.wp.com\/www.celtic-concerts-sessions.ch\/news\/wp-content\/uploads\/2024\/07\/2024-10-26-McGoldrick-Edey-4-scaled.jpg?ssl=1\"><img data-recalc-dims=\"1\" loading=\"lazy\" decoding=\"async\" width=\"840\" height=\"562\" data-attachment-id=\"3682\" data-permalink=\"https:\/\/www.celtic-concerts-sessions.ch\/news\/26-11-2024-michael-mcgoldrick-tim-edey\/2024-10-26-mcgoldrick-edey-4\/\" data-orig-file=\"https:\/\/i0.wp.com\/www.celtic-concerts-sessions.ch\/news\/wp-content\/uploads\/2024\/07\/2024-10-26-McGoldrick-Edey-4-scaled.jpg?fit=2560%2C1714&amp;ssl=1\" data-orig-size=\"2560,1714\" data-comments-opened=\"1\" data-image-meta=\"{&quot;aperture&quot;:&quot;4.5&quot;,&quot;credit&quot;:&quot;&quot;,&quot;camera&quot;:&quot;NIKON D80&quot;,&quot;caption&quot;:&quot;&quot;,&quot;created_timestamp&quot;:&quot;1684211365&quot;,&quot;copyright&quot;:&quot;&quot;,&quot;focal_length&quot;:&quot;31&quot;,&quot;iso&quot;:&quot;400&quot;,&quot;shutter_speed&quot;:&quot;0.0125&quot;,&quot;title&quot;:&quot;&quot;,&quot;orientation&quot;:&quot;1&quot;}\" data-image-title=\"2024-10-26 McGoldrick-Edey 4\" data-image-description=\"\" data-image-caption=\"\" data-medium-file=\"https:\/\/i0.wp.com\/www.celtic-concerts-sessions.ch\/news\/wp-content\/uploads\/2024\/07\/2024-10-26-McGoldrick-Edey-4-scaled.jpg?fit=300%2C201&amp;ssl=1\" data-large-file=\"https:\/\/i0.wp.com\/www.celtic-concerts-sessions.ch\/news\/wp-content\/uploads\/2024\/07\/2024-10-26-McGoldrick-Edey-4-scaled.jpg?fit=840%2C562&amp;ssl=1\" src=\"https:\/\/i0.wp.com\/www.celtic-concerts-sessions.ch\/news\/wp-content\/uploads\/2024\/07\/2024-10-26-McGoldrick-Edey-4.jpg?resize=840%2C562&#038;ssl=1\" alt=\"\" class=\"wp-image-3682\" srcset=\"https:\/\/i0.wp.com\/www.celtic-concerts-sessions.ch\/news\/wp-content\/uploads\/2024\/07\/2024-10-26-McGoldrick-Edey-4-scaled.jpg?resize=1024%2C685&amp;ssl=1 1024w, https:\/\/i0.wp.com\/www.celtic-concerts-sessions.ch\/news\/wp-content\/uploads\/2024\/07\/2024-10-26-McGoldrick-Edey-4-scaled.jpg?resize=300%2C201&amp;ssl=1 300w, https:\/\/i0.wp.com\/www.celtic-concerts-sessions.ch\/news\/wp-content\/uploads\/2024\/07\/2024-10-26-McGoldrick-Edey-4-scaled.jpg?resize=768%2C514&amp;ssl=1 768w, https:\/\/i0.wp.com\/www.celtic-concerts-sessions.ch\/news\/wp-content\/uploads\/2024\/07\/2024-10-26-McGoldrick-Edey-4-scaled.jpg?resize=1536%2C1028&amp;ssl=1 1536w, https:\/\/i0.wp.com\/www.celtic-concerts-sessions.ch\/news\/wp-content\/uploads\/2024\/07\/2024-10-26-McGoldrick-Edey-4-scaled.jpg?resize=2048%2C1371&amp;ssl=1 2048w, https:\/\/i0.wp.com\/www.celtic-concerts-sessions.ch\/news\/wp-content\/uploads\/2024\/07\/2024-10-26-McGoldrick-Edey-4-scaled.jpg?resize=1200%2C803&amp;ssl=1 1200w, https:\/\/i0.wp.com\/www.celtic-concerts-sessions.ch\/news\/wp-content\/uploads\/2024\/07\/2024-10-26-McGoldrick-Edey-4-scaled.jpg?w=1680&amp;ssl=1 1680w, https:\/\/i0.wp.com\/www.celtic-concerts-sessions.ch\/news\/wp-content\/uploads\/2024\/07\/2024-10-26-McGoldrick-Edey-4-scaled.jpg?w=2520&amp;ssl=1 2520w\" sizes=\"auto, (max-width: 709px) 85vw, (max-width: 909px) 67vw, (max-width: 1362px) 62vw, 840px\" \/><\/a><\/figure>\n\n\n\n<p>Samstag, 26.10.2024<\/p>\n\n\n\n<p>Alte Kaserne Winterthur<\/p>\n\n\n\n<h3 class=\"wp-block-heading\"><strong>Michael McGoldrick &amp; Tim Edey<\/strong><\/h3>\n\n\n\n<p><strong>Vor und nach den Konzerten: Open Irish Session<\/strong><br><br>Konzert: 20:00<br>T\u00fcr\u00f6ffnung und Session ab 19:00<\/p>\n\n\n\n<p><br>***<\/p>\n\n\n\n<p><strong>Preise<\/strong>:<br>Vorverkauf: Normalpreis: CHF 35.-\/Legi: CHF 30.-<br>Abendkasse: Normalpreis: CHF 40.-\/Legi: CHF 35.-<br><a href=\"https:\/\/www.seetickets.com\/ch\/event\/celtic-concerts-sessions-saisonpass-24-25\/alte-kaserne-winterthur\/3060576\" data-type=\"link\" data-id=\"https:\/\/www.seetickets.com\/ch\/event\/celtic-concerts-sessions-saisonpass-24-25\/alte-kaserne-winterthur\/3060576\" target=\"_blank\" rel=\"noreferrer noopener\">Saisonpass:<\/a> CHF 150.-<\/p>\n\n\n\n<p>Vorverkauf via <a href=\"https:\/\/www.seetickets.com\/ch\/event\/michael-mcgoldrick-tim-edey\/alte-kaserne-winterthur\/3062626\" data-type=\"link\" data-id=\"https:\/\/www.seetickets.com\/ch\/event\/michael-mcgoldrick-tim-edey\/alte-kaserne-winterthur\/3062626\" target=\"_blank\" rel=\"noreferrer noopener\">Seetickets<\/a> oder <a href=\"https:\/\/winterthur-tour.showare.ch\/ticketshop\/event\/celtic-concerts-sessions-1391\" data-type=\"URL\" data-id=\"https:\/\/winterthur-tour.showare.ch\/ticketshop\/event\/celtic-concerts-sessions-1391?performance=scottish-colours-9816\" target=\"_blank\" rel=\"noreferrer noopener\">Ticket Winterthur<\/a><\/p>\n\n\n\n<p>***<\/p>\n\n\n\n<p><strong>Michael McGoldrick<\/strong> und <strong>Tim Edey<\/strong> zusammen auf einer B\u00fchne ist ein sehr rares Vergn\u00fcgen. Die zwei Musiker sind st\u00e4ndig mit ihren eigenen Bands on the road oder mit bekannten K\u00fcnstler:innen im Studio<br><br><strong>Michael McGoldrick<\/strong>\u00a0gilt als einer der gr\u00f6ssten Fl\u00f6tisten aller Zeiten. Er war bei der Gr\u00fcndung der Bands L\u00fanasa und Flook beteiligt und sein musikalisches Talent an Uilleann Pipes und Gitarre wird weit \u00fcber die Celtic-Grenzen hinaus gesch\u00e4tzt. So ist er u.a. seit \u00fcber zehn Jahren Mitglied der Band von ex-Dire-Straits-Master Mark Knopfler, tourte schon mit Grossmeister Bob Dylan um die Welt und arbeitete mit so unterschiedlichen Musikern wie Youssou N&#8217;Dour, John Cale und Zakir Hussain.<\/p>\n\n\n\n<p>Der Multiinstrumentalist <strong>Tim Edey<\/strong> spielte bei Lunasa und The Chieftains und war Mitglied in den Bands von Christy Moore und Sharon Shannon. Seine Konzerte sind ein atemberaubender Mix aus instrumentaler Virtuosit\u00e4t und Leidenschaft, inspiriert von Worldmusic, aber immer mit dem Herzen bei der Celtic Music.<strong><\/strong><\/p>\n\n\n\n<p><a href=\"http:\/\/www.facebook.com\/Michael-McGoldrick-Music-596364614073638\">www.facebook.com\/Michael-McGoldrick-Music-596364614073638<\/a><br><br><a href=\"http:\/\/www.timedey.com\/\">www.timedey.com<\/a><\/p>\n\n\n\n<p>***<br><strong>Traditional Irish Music Workshop<\/strong><\/p>\n\n\n\n<p>mit Michael McGoldrick &amp;  Tim Edey<\/p>\n\n\n\n<p>14:30 &#8211; 16:30 \/ CHF 55.- \/ Alte Kaserne Winterthur<\/p>\n\n\n\n<p>Informationen und Anmeldung: <a href=\"mailto:caroline@tourbo-music.ch\" target=\"_blank\" rel=\"noreferrer noopener\">caroline@tourbo-music.ch<\/a><\/p>\n\n\n\n<p>***<\/p>\n\n\n\n<p>Was w\u00e4re ein Celtic-Abend ohne Session? Wir verwandeln die Alte Kaserne in ein Pub und lassen unsere Session-Musiker vor und nach dem Konzert musizieren. Jede und jeder darf mitspielen.<br>Also: Fiddle &amp; Co. eingepackt und los geht\u2019s!<br>Fragen zu den Sessions? Meldet euch bitte direkt bei Rose: info@irishevents.ch<\/p>\n\n\n\n<p><\/p>\n","protected":false},"excerpt":{"rendered":"<p>Samstag, 26.10.2024 Alte Kaserne Winterthur Michael McGoldrick &amp; Tim Edey Vor und nach den Konzerten: Open Irish Session Konzert: 20:00T\u00fcr\u00f6ffnung und Session ab 19:00 *** Preise:Vorverkauf: Normalpreis: CHF 35.-\/Legi: CHF 30.-Abendkasse: Normalpreis: CHF 40.-\/Legi: CHF 35.-Saisonpass: CHF 150.- Vorverkauf via Seetickets oder Ticket Winterthur *** Michael McGoldrick und Tim Edey zusammen auf einer B\u00fchne ist &hellip; <a href=\"https:\/\/www.celtic-concerts-sessions.ch\/news\/26-11-2024-michael-mcgoldrick-tim-edey\/\" class=\"more-link\"><span class=\"screen-reader-text\">\u201e26.10.2024 | Michael McGoldrick &amp; Tim Edey\u201c<\/span> weiterlesen<\/a><\/p>\n","protected":false},"author":1,"featured_media":0,"parent":0,"menu_order":0,"comment_status":"closed","ping_status":"closed","template":"","meta":{"jetpack_post_was_ever_published":false,"footnotes":""},"class_list":["post-3681","page","type-page","status-publish","hentry"],"jetpack_sharing_enabled":true,"jetpack_shortlink":"https:\/\/wp.me\/P9oLVZ-Xn","jetpack_likes_enabled":true,"jetpack-related-posts":[],"_links":{"self":[{"href":"https:\/\/www.celtic-concerts-sessions.ch\/news\/wp-json\/wp\/v2\/pages\/3681","targetHints":{"allow":["GET"]}}],"collection":[{"href":"https:\/\/www.celtic-concerts-sessions.ch\/news\/wp-json\/wp\/v2\/pages"}],"about":[{"href":"https:\/\/www.celtic-concerts-sessions.ch\/news\/wp-json\/wp\/v2\/types\/page"}],"author":[{"embeddable":true,"href":"https:\/\/www.celtic-concerts-sessions.ch\/news\/wp-json\/wp\/v2\/users\/1"}],"replies":[{"embeddable":true,"href":"https:\/\/www.celtic-concerts-sessions.ch\/news\/wp-json\/wp\/v2\/comments?post=3681"}],"version-history":[{"count":9,"href":"https:\/\/www.celtic-concerts-sessions.ch\/news\/wp-json\/wp\/v2\/pages\/3681\/revisions"}],"predecessor-version":[{"id":3729,"href":"https:\/\/www.celtic-concerts-sessions.ch\/news\/wp-json\/wp\/v2\/pages\/3681\/revisions\/3729"}],"wp:attachment":[{"href":"https:\/\/www.celtic-concerts-sessions.ch\/news\/wp-json\/wp\/v2\/media?parent=3681"}],"curies":[{"name":"wp","href":"https:\/\/api.w.org\/{rel}","templated":true}]}}