{"id":3677,"date":"2024-07-16T12:39:32","date_gmt":"2024-07-16T12:39:32","guid":{"rendered":"https:\/\/www.celtic-concerts-sessions.ch\/news\/?page_id=3677"},"modified":"2024-08-12T12:08:41","modified_gmt":"2024-08-12T12:08:41","slug":"07-09-2024-scottish-colours","status":"publish","type":"page","link":"https:\/\/www.celtic-concerts-sessions.ch\/news\/07-09-2024-scottish-colours\/","title":{"rendered":"07.09.2024 | Scottish Colours"},"content":{"rendered":"\n<figure class=\"wp-block-image size-large\"><a href=\"https:\/\/i0.wp.com\/www.celtic-concerts-sessions.ch\/news\/wp-content\/uploads\/2024\/07\/2024_ScottishColours_all4.png?ssl=1\"><img data-recalc-dims=\"1\" loading=\"lazy\" decoding=\"async\" width=\"840\" height=\"840\" data-attachment-id=\"3678\" data-permalink=\"https:\/\/www.celtic-concerts-sessions.ch\/news\/07-09-2024-scottish-colours\/2024_scottishcolours_all4\/\" data-orig-file=\"https:\/\/i0.wp.com\/www.celtic-concerts-sessions.ch\/news\/wp-content\/uploads\/2024\/07\/2024_ScottishColours_all4.png?fit=2048%2C2048&amp;ssl=1\" data-orig-size=\"2048,2048\" data-comments-opened=\"1\" data-image-meta=\"{&quot;aperture&quot;:&quot;0&quot;,&quot;credit&quot;:&quot;&quot;,&quot;camera&quot;:&quot;&quot;,&quot;caption&quot;:&quot;&quot;,&quot;created_timestamp&quot;:&quot;0&quot;,&quot;copyright&quot;:&quot;&quot;,&quot;focal_length&quot;:&quot;0&quot;,&quot;iso&quot;:&quot;0&quot;,&quot;shutter_speed&quot;:&quot;0&quot;,&quot;title&quot;:&quot;&quot;,&quot;orientation&quot;:&quot;0&quot;}\" data-image-title=\"2024_ScottishColours_all4\" data-image-description=\"\" data-image-caption=\"\" data-medium-file=\"https:\/\/i0.wp.com\/www.celtic-concerts-sessions.ch\/news\/wp-content\/uploads\/2024\/07\/2024_ScottishColours_all4.png?fit=300%2C300&amp;ssl=1\" data-large-file=\"https:\/\/i0.wp.com\/www.celtic-concerts-sessions.ch\/news\/wp-content\/uploads\/2024\/07\/2024_ScottishColours_all4.png?fit=840%2C840&amp;ssl=1\" src=\"https:\/\/i0.wp.com\/www.celtic-concerts-sessions.ch\/news\/wp-content\/uploads\/2024\/07\/2024_ScottishColours_all4.png?resize=840%2C840&#038;ssl=1\" alt=\"Scottish Colours all four\" class=\"wp-image-3678\" srcset=\"https:\/\/i0.wp.com\/www.celtic-concerts-sessions.ch\/news\/wp-content\/uploads\/2024\/07\/2024_ScottishColours_all4.png?resize=1024%2C1024&amp;ssl=1 1024w, https:\/\/i0.wp.com\/www.celtic-concerts-sessions.ch\/news\/wp-content\/uploads\/2024\/07\/2024_ScottishColours_all4.png?resize=300%2C300&amp;ssl=1 300w, https:\/\/i0.wp.com\/www.celtic-concerts-sessions.ch\/news\/wp-content\/uploads\/2024\/07\/2024_ScottishColours_all4.png?resize=150%2C150&amp;ssl=1 150w, https:\/\/i0.wp.com\/www.celtic-concerts-sessions.ch\/news\/wp-content\/uploads\/2024\/07\/2024_ScottishColours_all4.png?resize=768%2C768&amp;ssl=1 768w, https:\/\/i0.wp.com\/www.celtic-concerts-sessions.ch\/news\/wp-content\/uploads\/2024\/07\/2024_ScottishColours_all4.png?resize=1536%2C1536&amp;ssl=1 1536w, https:\/\/i0.wp.com\/www.celtic-concerts-sessions.ch\/news\/wp-content\/uploads\/2024\/07\/2024_ScottishColours_all4.png?resize=1200%2C1200&amp;ssl=1 1200w, https:\/\/i0.wp.com\/www.celtic-concerts-sessions.ch\/news\/wp-content\/uploads\/2024\/07\/2024_ScottishColours_all4.png?w=2048&amp;ssl=1 2048w, https:\/\/i0.wp.com\/www.celtic-concerts-sessions.ch\/news\/wp-content\/uploads\/2024\/07\/2024_ScottishColours_all4.png?w=1680&amp;ssl=1 1680w\" sizes=\"auto, (max-width: 709px) 85vw, (max-width: 909px) 67vw, (max-width: 1362px) 62vw, 840px\" \/><\/a><\/figure>\n\n\n\n<p><strong>Samstag, 07.09.2024<\/strong><\/p>\n\n\n\n<p><strong>Alte Kaserne Winterthur<\/strong><\/p>\n\n\n\n<h3 class=\"wp-block-heading\"><strong>Scottish Colours-To<\/strong>ur<\/h3>\n\n\n\n<p><strong>Norrie Tago MacIver &amp; Mhairi Marwick (SCO)<\/strong><br><strong>Ryan Young &amp; Owen Sinclair (SCO)<\/strong><\/p>\n\n\n\n<p><strong>Vor und nach den Konzerten: Open Irish Session<\/strong><br><br>Konzert: 20:00<br>T\u00fcr\u00f6ffnung und Session ab 19:00<br><br>***<\/p>\n\n\n\n<p><strong>Preise<\/strong>:<br>Vorverkauf: Normalpreis: CHF 35.-\/Legi: CHF 30.-<br>Abendkasse: Normalpreis: CHF 40.-\/Legi: CHF 35.-<br><a href=\"https:\/\/www.seetickets.com\/ch\/event\/celtic-concerts-sessions-saisonpass-24-25\/alte-kaserne-winterthur\/3060576\" data-type=\"link\" data-id=\"https:\/\/www.seetickets.com\/ch\/event\/celtic-concerts-sessions-saisonpass-24-25\/alte-kaserne-winterthur\/3060576\" target=\"_blank\" rel=\"noreferrer noopener\">Saisonpass:<\/a> CHF 150.-<\/p>\n\n\n\n<p>Vorverkauf via <a href=\"https:\/\/www.seetickets.com\/ch\/event\/scottish-colours-open-irish-session\/alte-kaserne-winterthur\/3060786\" data-type=\"link\" data-id=\"https:\/\/www.seetickets.com\/ch\/event\/scottish-colours-open-irish-session\/alte-kaserne-winterthur\/3060786\" target=\"_blank\" rel=\"noreferrer noopener\">Seetickets<\/a> oder <a href=\"https:\/\/winterthur-tour.showare.ch\/ticketshop\/event\/celtic-concerts-sessions-1391\" data-type=\"URL\" data-id=\"https:\/\/winterthur-tour.showare.ch\/ticketshop\/event\/celtic-concerts-sessions-1391?performance=scottish-colours-9816\" target=\"_blank\" rel=\"noreferrer noopener\">Ticket Winterthur<\/a><\/p>\n\n\n\n<p>***<\/p>\n\n\n\n<p>Bunt, kr\u00e4ftig und beeindruckend wie die Farben des Indian Summers im kanadischen Nova Scotia pr\u00e4sentiert sich die musikalische Palette der diesj\u00e4hrigen <strong>Scottish Colours-Tour<\/strong>. Grosses Kino &#8211; und das gleich im zweifachen Doppelpack &#8211; bietet die siebzehnte Ausgabe dieser Tour!<\/p>\n\n\n\n<p>Beide Duos geh\u00f6ren zur jungen und sehr aktiven Musikszene Schottlands. Ihre Musik ist frisch, virtuos und mit viel Drive gesegnet.<\/p>\n\n\n\n<p><strong>Norrie MacIver<\/strong> spielte lange Jahre bei Manran, ist Gr\u00fcndungsmitglied von Bodega und aktuell der Frontmann der bekanntesten schottischen Folkband Skipinnish.<\/p>\n\n\n\n<p>Der Multiinstrumentalist <strong>Owen Sinclair<\/strong> ist der Kopf der Band Tannara und der junge Geiger <strong>Ryan Young<\/strong> arbeitet u.a. mit Bela Fleck oder Yo Yo Ma zusammen. Wenn das keine Referenzen sind\u2026<\/p>\n\n\n\n<p><strong>Links:<\/strong><br><a href=\"http:\/\/www.weltenklang.at\/artists\/17th-scottish-colours\">www.weltenklang.at\/artists\/17th-scottish-colours<\/a><br><strong><br>Norrie Tago MacIver<br><\/strong><a href=\"http:\/\/www.norriemaciver.co.uk\">www.norriemaciver.co.uk<\/a><\/p>\n\n\n\n<p><br><strong>Mhairi Marwick<\/strong><br><a href=\"http:\/\/www.ryanyoung.scot\">www.ryanyoung.scot<\/a><\/p>\n\n\n\n<p><strong>Ryan Young<\/strong><\/p>\n\n\n\n<p><strong>Oven Sinclair<\/strong><\/p>\n\n\n\n<p>***<\/p>\n\n\n\n<p>Was w\u00e4re ein Celtic-Abend ohne Session? Wir verwandeln die Alte Kaserne in ein Pub und lassen unsere Session-Musiker vor und nach dem Konzert musizieren. Jede und jeder darf mitspielen.<br>Also: Fiddle &amp; Co. eingepackt und los geht\u2019s!<br>Fragen zu den Sessions? Meldet euch bitte direkt bei Rose: info@irishevents.ch<\/p>\n","protected":false},"excerpt":{"rendered":"<p>Samstag, 07.09.2024 Alte Kaserne Winterthur Scottish Colours-Tour Norrie Tago MacIver &amp; Mhairi Marwick (SCO)Ryan Young &amp; Owen Sinclair (SCO) Preise:Vorverkauf: Normalpreis: CHF 35.-\/Legi: CHF 30.-Abendkasse: Normalpreis: CHF 40.-\/Legi: CHF 35.-Saisonpass: CHF 150.- Vorverkauf via Seetickets oder Ticket Winterthur *** Bunt, kr\u00e4ftig und beeindruckend wie die Farben des Indian Summers im kanadischen Nova Scotia pr\u00e4sentiert sich &hellip; <a href=\"https:\/\/www.celtic-concerts-sessions.ch\/news\/07-09-2024-scottish-colours\/\" class=\"more-link\"><span class=\"screen-reader-text\">\u201e07.09.2024 | Scottish Colours\u201c<\/span> weiterlesen<\/a><\/p>\n","protected":false},"author":1,"featured_media":0,"parent":0,"menu_order":0,"comment_status":"closed","ping_status":"closed","template":"","meta":{"jetpack_post_was_ever_published":false,"footnotes":""},"class_list":["post-3677","page","type-page","status-publish","hentry"],"jetpack_sharing_enabled":true,"jetpack_shortlink":"https:\/\/wp.me\/P9oLVZ-Xj","jetpack_likes_enabled":true,"jetpack-related-posts":[],"_links":{"self":[{"href":"https:\/\/www.celtic-concerts-sessions.ch\/news\/wp-json\/wp\/v2\/pages\/3677","targetHints":{"allow":["GET"]}}],"collection":[{"href":"https:\/\/www.celtic-concerts-sessions.ch\/news\/wp-json\/wp\/v2\/pages"}],"about":[{"href":"https:\/\/www.celtic-concerts-sessions.ch\/news\/wp-json\/wp\/v2\/types\/page"}],"author":[{"embeddable":true,"href":"https:\/\/www.celtic-concerts-sessions.ch\/news\/wp-json\/wp\/v2\/users\/1"}],"replies":[{"embeddable":true,"href":"https:\/\/www.celtic-concerts-sessions.ch\/news\/wp-json\/wp\/v2\/comments?post=3677"}],"version-history":[{"count":5,"href":"https:\/\/www.celtic-concerts-sessions.ch\/news\/wp-json\/wp\/v2\/pages\/3677\/revisions"}],"predecessor-version":[{"id":3730,"href":"https:\/\/www.celtic-concerts-sessions.ch\/news\/wp-json\/wp\/v2\/pages\/3677\/revisions\/3730"}],"wp:attachment":[{"href":"https:\/\/www.celtic-concerts-sessions.ch\/news\/wp-json\/wp\/v2\/media?parent=3677"}],"curies":[{"name":"wp","href":"https:\/\/api.w.org\/{rel}","templated":true}]}}