{"id":3498,"date":"2022-07-28T10:49:51","date_gmt":"2022-07-28T10:49:51","guid":{"rendered":"https:\/\/www.celtic-concerts-sessions.ch\/news\/?page_id=3498"},"modified":"2022-07-28T15:52:32","modified_gmt":"2022-07-28T15:52:32","slug":"26-11-2022-irish-christmas","status":"publish","type":"page","link":"https:\/\/www.celtic-concerts-sessions.ch\/news\/26-11-2022-irish-christmas\/","title":{"rendered":"26.11.2022 | Irish Christmas"},"content":{"rendered":"\n<figure class=\"wp-block-image size-large\"><a href=\"https:\/\/i0.wp.com\/www.celtic-concerts-sessions.ch\/news\/wp-content\/uploads\/2022\/07\/2022-11-26-The-Moynihans_Web.jpg?ssl=1\"><img data-recalc-dims=\"1\" loading=\"lazy\" decoding=\"async\" width=\"840\" height=\"560\" data-attachment-id=\"3500\" data-permalink=\"https:\/\/www.celtic-concerts-sessions.ch\/news\/26-11-2022-irish-christmas\/2022-11-26-the-moynihans_web\/\" data-orig-file=\"https:\/\/i0.wp.com\/www.celtic-concerts-sessions.ch\/news\/wp-content\/uploads\/2022\/07\/2022-11-26-The-Moynihans_Web.jpg?fit=2100%2C1401&amp;ssl=1\" data-orig-size=\"2100,1401\" data-comments-opened=\"1\" data-image-meta=\"{&quot;aperture&quot;:&quot;0&quot;,&quot;credit&quot;:&quot;MIKE MEADE&quot;,&quot;camera&quot;:&quot;&quot;,&quot;caption&quot;:&quot;&quot;,&quot;created_timestamp&quot;:&quot;1614962062&quot;,&quot;copyright&quot;:&quot;MIKE MEADE&quot;,&quot;focal_length&quot;:&quot;0&quot;,&quot;iso&quot;:&quot;0&quot;,&quot;shutter_speed&quot;:&quot;0&quot;,&quot;title&quot;:&quot;&quot;,&quot;orientation&quot;:&quot;1&quot;}\" data-image-title=\"2022-11-26 The Moynihans_Web\" data-image-description=\"\" data-image-caption=\"\" data-medium-file=\"https:\/\/i0.wp.com\/www.celtic-concerts-sessions.ch\/news\/wp-content\/uploads\/2022\/07\/2022-11-26-The-Moynihans_Web.jpg?fit=300%2C200&amp;ssl=1\" data-large-file=\"https:\/\/i0.wp.com\/www.celtic-concerts-sessions.ch\/news\/wp-content\/uploads\/2022\/07\/2022-11-26-The-Moynihans_Web.jpg?fit=840%2C560&amp;ssl=1\" src=\"https:\/\/i0.wp.com\/www.celtic-concerts-sessions.ch\/news\/wp-content\/uploads\/2022\/07\/2022-11-26-The-Moynihans_Web.jpg?resize=840%2C560&#038;ssl=1\" alt=\"\" class=\"wp-image-3500\" srcset=\"https:\/\/i0.wp.com\/www.celtic-concerts-sessions.ch\/news\/wp-content\/uploads\/2022\/07\/2022-11-26-The-Moynihans_Web.jpg?resize=1024%2C683&amp;ssl=1 1024w, https:\/\/i0.wp.com\/www.celtic-concerts-sessions.ch\/news\/wp-content\/uploads\/2022\/07\/2022-11-26-The-Moynihans_Web.jpg?resize=300%2C200&amp;ssl=1 300w, https:\/\/i0.wp.com\/www.celtic-concerts-sessions.ch\/news\/wp-content\/uploads\/2022\/07\/2022-11-26-The-Moynihans_Web.jpg?resize=768%2C512&amp;ssl=1 768w, https:\/\/i0.wp.com\/www.celtic-concerts-sessions.ch\/news\/wp-content\/uploads\/2022\/07\/2022-11-26-The-Moynihans_Web.jpg?resize=1536%2C1025&amp;ssl=1 1536w, https:\/\/i0.wp.com\/www.celtic-concerts-sessions.ch\/news\/wp-content\/uploads\/2022\/07\/2022-11-26-The-Moynihans_Web.jpg?resize=2048%2C1366&amp;ssl=1 2048w, https:\/\/i0.wp.com\/www.celtic-concerts-sessions.ch\/news\/wp-content\/uploads\/2022\/07\/2022-11-26-The-Moynihans_Web.jpg?resize=1200%2C801&amp;ssl=1 1200w, https:\/\/i0.wp.com\/www.celtic-concerts-sessions.ch\/news\/wp-content\/uploads\/2022\/07\/2022-11-26-The-Moynihans_Web.jpg?w=1680&amp;ssl=1 1680w\" sizes=\"auto, (max-width: 709px) 85vw, (max-width: 909px) 67vw, (max-width: 1362px) 62vw, 840px\" \/><\/a><\/figure>\n\n\n\n<p>Samstag, 26.11.2022<\/p>\n\n\n\n<p>Alte Kaserne Winterthur<\/p>\n\n\n\n<h3 class=\"wp-block-heading\"><strong>Irish Christmas<\/strong><\/h3>\n\n\n\n<p><strong>The Alt &amp; special guest Kevin Burke (IRL)<br>The Moynihans (IRL)<\/strong><br><strong>Emma Corbett \/ Thomas Ahern \/ Breand\u00e1n Seoighe (IRL)<\/strong><\/p>\n\n\n\n<p><strong>Vor und nach den Konzerten: Open Irish Session<\/strong><br><br>Konzert: 20:00<br>T\u00fcr\u00f6ffnung und Session ab 19:00<br><br>***<\/p>\n\n\n\n<p><strong>Preise<\/strong>: <br>Vorverkauf: Normalpreis: CHF 35.-\/Legi: CHF 30.-<br>Abendkasse: Normalpreis: CHF 40.-\/Legi: CHF 35.-<br><a rel=\"noreferrer noopener\" href=\"https:\/\/www.starticket.ch\/de\/tickets\/celtic-concerts-sessions-saisonpass-2223-20220910-2000-alte-kaserne-kulturzentrum-winterthur\" data-type=\"URL\" data-id=\"https:\/\/www.starticket.ch\/de\/tickets\/celtic-concerts-sessions-saisonpass-2223-20220910-2000-alte-kaserne-kulturzentrum-winterthur\" target=\"_blank\">Saisonpass:<\/a> CHF 80.-<\/p>\n\n\n\n<p>Vorverkauf via <a href=\"https:\/\/www.starticket.ch\/de\/tickets\/irish-christmas-20221126-2000-alte-kaserne-kulturzentrum-winterthur\" data-type=\"URL\" data-id=\"https:\/\/www.starticket.ch\/de\/tickets\/irish-christmas-20221126-2000-alte-kaserne-kulturzentrum-winterthur\" target=\"_blank\" rel=\"noreferrer noopener\">Starticket<\/a> oder <a href=\"https:\/\/winterthur-tour.showare.ch\/ticketshop\/event\/celtic-concerts-sessions-1391?performance=irish-christmas-9817\" data-type=\"URL\" data-id=\"https:\/\/winterthur-tour.showare.ch\/ticketshop\/event\/celtic-concerts-sessions-1391?performance=irish-christmas-9817\" target=\"_blank\" rel=\"noreferrer noopener\">Ticket Winterthur<\/a><\/p>\n\n\n\n<p>***<\/p>\n\n\n\n<p>F\u00fcr alle Fans irischer und schottischer Musik beginnen die Festtage bereits am 26. November! Denn dann liegen gleich vier P\u00e4ckli unter dem Celtic-Christmas-Baum \u2013 resp. stehen gleich vier Ensembles auf der B\u00fchne der Alten Kaserne.<br><br>Das <strong>Irish Christmas Festival<\/strong> tourt seit bald 30 Jahren durch Europa und pr\u00e4sentierte die ganze Folk-Prominenz der gr\u00fcnen Insel. Das Line-up ist immer f\u00fcr \u00dcberraschungen gut und \u00fcberzeugt mit einem Mix aus etablierten Gr\u00f6ssen und aufstrebenden K\u00fcnstlerinnen und K\u00fcnstlern.<br><br>Nicht genug, dass die Stars <strong>Nuala Kennedy<\/strong>, <strong>John Doyle<\/strong> und <strong>Eamon O\u2019Leary<\/strong> zusammen <strong>The Alt<\/strong> gegr\u00fcndet haben. Auf dieser Tour wird das Trio vom legend\u00e4ren Geiger <strong>Kevin Burke<\/strong> zum Quartett erweitert.<br><br>20 Jahre mussten wir warten, bis sich die grossartige Band Calico wieder formiert hat! Als reines Familienunternehmen und unter dem Namen <strong>The Moynihans<\/strong> tourt das Trio endlich durch Europa und begeistert mit seinem Mix aus irischer und bretonischer Musik.<br><br>Tief in der irischen Tradition verwurzelt ist das junge Duo <strong>Emma Corbett &amp; Thomas Ahern<\/strong>, welches zusammen mit dem Sean Nos-T\u00e4nzer <strong>Breand\u00e1n<\/strong> <strong>Seoighe<\/strong> auftreten wird.<\/p>\n\n\n\n<p><br><a href=\"http:\/\/www.irishchristmas.at\" target=\"_blank\" rel=\"noreferrer noopener\">www.irishchristmas.at<\/a><\/p>\n\n\n\n<h3 class=\"wp-block-heading\"><strong>The Alt<\/strong><\/h3>\n\n\n\n<p><a href=\"http:\/\/www.thealtmusic.com\" target=\"_blank\" rel=\"noreferrer noopener\">www.thealtmusic.com<\/a><br><a href=\"http:\/\/www.facebook.com\/thealtband\" target=\"_blank\" rel=\"noreferrer noopener\">www.facebook.com\/thealtband<\/a>\u00a0\u00a0\u00a0\u00a0\u00a0\u00a0<br><a href=\"http:\/\/www.nualakennedy.com\" target=\"_blank\" rel=\"noreferrer noopener\">www.nualakennedy.com<\/a><br><a href=\"http:\/\/www.johndoylemusic.com\" target=\"_blank\" rel=\"noreferrer noopener\">www.johndoylemusic.com<\/a><br><a href=\"http:\/\/www.eamonoleary.bandcamp.com\" target=\"_blank\" rel=\"noreferrer noopener\">www.eamonoleary.bandcamp.com<\/a><br><\/p>\n\n\n\n<figure class=\"wp-block-embed is-type-video is-provider-youtube wp-block-embed-youtube wp-embed-aspect-16-9 wp-has-aspect-ratio\"><div class=\"wp-block-embed__wrapper\">\n<iframe loading=\"lazy\" title=\"Alt - John Doyle, Nuala Kennedy &amp; Eamon O&#039;Leary - The Green Gowned Lass, Danger Mouse, Dan Breen&#039;s\" width=\"840\" height=\"473\" src=\"https:\/\/www.youtube.com\/embed\/bVw-7Zlaju8?feature=oembed\" frameborder=\"0\" allow=\"accelerometer; autoplay; clipboard-write; encrypted-media; gyroscope; picture-in-picture; web-share\" referrerpolicy=\"strict-origin-when-cross-origin\" allowfullscreen><\/iframe>\n<\/div><\/figure>\n\n\n\n<figure class=\"wp-block-embed is-type-video is-provider-youtube wp-block-embed-youtube wp-embed-aspect-4-3 wp-has-aspect-ratio\"><div class=\"wp-block-embed__wrapper\">\n<iframe loading=\"lazy\" title=\"04 The Geese In The Bog \/ Covering Ground - The Alt\" width=\"840\" height=\"630\" src=\"https:\/\/www.youtube.com\/embed\/FJO-c_y1IOY?feature=oembed\" frameborder=\"0\" allow=\"accelerometer; autoplay; clipboard-write; encrypted-media; gyroscope; picture-in-picture; web-share\" referrerpolicy=\"strict-origin-when-cross-origin\" allowfullscreen><\/iframe>\n<\/div><\/figure>\n\n\n\n<h3 class=\"wp-block-heading\"><strong>Kevin Burke<br><\/strong><\/h3>\n\n\n\n<p><a href=\"http:\/\/www.kevinburke.com\" target=\"_blank\" rel=\"noreferrer noopener\">www.kevinburke.com<\/a><br><a href=\"http:\/\/www.facelbook.com\/Kevin-Burke-206701845737\" target=\"_blank\" rel=\"noreferrer noopener\">www.facelbook.com\/Kevin-Burke-206701845737<\/a><\/p>\n\n\n\n<h3 class=\"wp-block-heading\"><strong>The Moynihans<\/strong><\/h3>\n\n\n\n<p><a href=\"http:\/\/www.deirdremoynihan.com\/projects\/the-moynihans\" target=\"_blank\" rel=\"noreferrer noopener\">www.deirdremoynihan.com\/projects\/the-moynihans<\/a><\/p>\n\n\n\n<h3 class=\"wp-block-heading\"><strong>Emma Corbet<\/strong><\/h3>\n\n\n\n<figure class=\"wp-block-embed is-type-video is-provider-youtube wp-block-embed-youtube wp-embed-aspect-16-9 wp-has-aspect-ratio\"><div class=\"wp-block-embed__wrapper\">\n<iframe loading=\"lazy\" title=\"Emma Corbett &amp; Conall \u00d3 Cn\u00e1imh\u00edn\" width=\"840\" height=\"473\" src=\"https:\/\/www.youtube.com\/embed\/b2cHVTthNiM?feature=oembed\" frameborder=\"0\" allow=\"accelerometer; autoplay; clipboard-write; encrypted-media; gyroscope; picture-in-picture; web-share\" referrerpolicy=\"strict-origin-when-cross-origin\" allowfullscreen><\/iframe>\n<\/div><\/figure>\n\n\n\n<p>***<\/p>\n\n\n\n<p>Was w\u00e4re ein Celtic-Abend ohne Session? Wir verwandeln die Alte Kaserne in ein Pub und lassen unsere Session-Musiker vor und nach dem Konzert musizieren. Jede und jeder darf mitspielen.<br>Also: Fiddle &amp; Co. eingepackt und los geht\u2019s!<br>Fragen zu den Sessions? Meldet euch bitte direkt bei Rose: info@irishevents.ch<\/p>\n","protected":false},"excerpt":{"rendered":"<p>Samstag, 26.11.2022 Alte Kaserne Winterthur Irish Christmas The Alt &amp; special guest Kevin Burke (IRL)The Moynihans (IRL)Emma Corbett \/ Thomas Ahern \/ Breand\u00e1n Seoighe (IRL) Vor und nach den Konzerten: Open Irish Session Konzert: 20:00T\u00fcr\u00f6ffnung und Session ab 19:00 *** Preise: Vorverkauf: Normalpreis: CHF 35.-\/Legi: CHF 30.-Abendkasse: Normalpreis: CHF 40.-\/Legi: CHF 35.-Saisonpass: CHF 80.- Vorverkauf &hellip; <a href=\"https:\/\/www.celtic-concerts-sessions.ch\/news\/26-11-2022-irish-christmas\/\" class=\"more-link\"><span class=\"screen-reader-text\">\u201e26.11.2022 | Irish Christmas\u201c<\/span> weiterlesen<\/a><\/p>\n","protected":false},"author":1,"featured_media":0,"parent":0,"menu_order":0,"comment_status":"closed","ping_status":"closed","template":"","meta":{"jetpack_post_was_ever_published":false,"footnotes":""},"class_list":["post-3498","page","type-page","status-publish","hentry"],"jetpack_sharing_enabled":true,"jetpack_shortlink":"https:\/\/wp.me\/P9oLVZ-Uq","jetpack_likes_enabled":true,"jetpack-related-posts":[],"_links":{"self":[{"href":"https:\/\/www.celtic-concerts-sessions.ch\/news\/wp-json\/wp\/v2\/pages\/3498","targetHints":{"allow":["GET"]}}],"collection":[{"href":"https:\/\/www.celtic-concerts-sessions.ch\/news\/wp-json\/wp\/v2\/pages"}],"about":[{"href":"https:\/\/www.celtic-concerts-sessions.ch\/news\/wp-json\/wp\/v2\/types\/page"}],"author":[{"embeddable":true,"href":"https:\/\/www.celtic-concerts-sessions.ch\/news\/wp-json\/wp\/v2\/users\/1"}],"replies":[{"embeddable":true,"href":"https:\/\/www.celtic-concerts-sessions.ch\/news\/wp-json\/wp\/v2\/comments?post=3498"}],"version-history":[{"count":7,"href":"https:\/\/www.celtic-concerts-sessions.ch\/news\/wp-json\/wp\/v2\/pages\/3498\/revisions"}],"predecessor-version":[{"id":3561,"href":"https:\/\/www.celtic-concerts-sessions.ch\/news\/wp-json\/wp\/v2\/pages\/3498\/revisions\/3561"}],"wp:attachment":[{"href":"https:\/\/www.celtic-concerts-sessions.ch\/news\/wp-json\/wp\/v2\/media?parent=3498"}],"curies":[{"name":"wp","href":"https:\/\/api.w.org\/{rel}","templated":true}]}}