{"id":3447,"date":"2022-01-01T19:38:58","date_gmt":"2022-01-01T19:38:58","guid":{"rendered":"https:\/\/www.celtic-concerts-sessions.ch\/news\/?page_id=3447"},"modified":"2025-08-25T18:25:56","modified_gmt":"2025-08-25T18:25:56","slug":"04-03-2022-celtic-spring","status":"publish","type":"page","link":"https:\/\/www.celtic-concerts-sessions.ch\/news\/04-03-2022-celtic-spring\/","title":{"rendered":"04.03.2022 Celtic Spring"},"content":{"rendered":"\n<figure class=\"wp-block-image size-large\"><a href=\"https:\/\/i0.wp.com\/www.celtic-concerts-sessions.ch\/news\/wp-content\/uploads\/2022\/02\/2022-03-04-Uaine-1-scaled.jpg?ssl=1\"><img data-recalc-dims=\"1\" loading=\"lazy\" decoding=\"async\" width=\"840\" height=\"560\" data-attachment-id=\"3465\" data-permalink=\"https:\/\/www.celtic-concerts-sessions.ch\/news\/04-03-2022-celtic-spring\/2022-03-04-uaine-1\/\" data-orig-file=\"https:\/\/i0.wp.com\/www.celtic-concerts-sessions.ch\/news\/wp-content\/uploads\/2022\/02\/2022-03-04-Uaine-1-scaled.jpg?fit=2560%2C1707&amp;ssl=1\" data-orig-size=\"2560,1707\" data-comments-opened=\"1\" data-image-meta=\"{&quot;aperture&quot;:&quot;0&quot;,&quot;credit&quot;:&quot;&quot;,&quot;camera&quot;:&quot;&quot;,&quot;caption&quot;:&quot;&quot;,&quot;created_timestamp&quot;:&quot;0&quot;,&quot;copyright&quot;:&quot;&quot;,&quot;focal_length&quot;:&quot;0&quot;,&quot;iso&quot;:&quot;0&quot;,&quot;shutter_speed&quot;:&quot;0&quot;,&quot;title&quot;:&quot;&quot;,&quot;orientation&quot;:&quot;0&quot;}\" data-image-title=\"2022-03-04 Uaine 1\" data-image-description=\"\" data-image-caption=\"\" data-medium-file=\"https:\/\/i0.wp.com\/www.celtic-concerts-sessions.ch\/news\/wp-content\/uploads\/2022\/02\/2022-03-04-Uaine-1-scaled.jpg?fit=300%2C200&amp;ssl=1\" data-large-file=\"https:\/\/i0.wp.com\/www.celtic-concerts-sessions.ch\/news\/wp-content\/uploads\/2022\/02\/2022-03-04-Uaine-1-scaled.jpg?fit=840%2C560&amp;ssl=1\" src=\"https:\/\/i0.wp.com\/www.celtic-concerts-sessions.ch\/news\/wp-content\/uploads\/2022\/02\/2022-03-04-Uaine-1.jpg?resize=840%2C560&#038;ssl=1\" alt=\"\" class=\"wp-image-3465\" srcset=\"https:\/\/i0.wp.com\/www.celtic-concerts-sessions.ch\/news\/wp-content\/uploads\/2022\/02\/2022-03-04-Uaine-1-scaled.jpg?resize=1024%2C683&amp;ssl=1 1024w, https:\/\/i0.wp.com\/www.celtic-concerts-sessions.ch\/news\/wp-content\/uploads\/2022\/02\/2022-03-04-Uaine-1-scaled.jpg?resize=300%2C200&amp;ssl=1 300w, https:\/\/i0.wp.com\/www.celtic-concerts-sessions.ch\/news\/wp-content\/uploads\/2022\/02\/2022-03-04-Uaine-1-scaled.jpg?resize=768%2C512&amp;ssl=1 768w, https:\/\/i0.wp.com\/www.celtic-concerts-sessions.ch\/news\/wp-content\/uploads\/2022\/02\/2022-03-04-Uaine-1-scaled.jpg?resize=1536%2C1024&amp;ssl=1 1536w, https:\/\/i0.wp.com\/www.celtic-concerts-sessions.ch\/news\/wp-content\/uploads\/2022\/02\/2022-03-04-Uaine-1-scaled.jpg?resize=2048%2C1365&amp;ssl=1 2048w, https:\/\/i0.wp.com\/www.celtic-concerts-sessions.ch\/news\/wp-content\/uploads\/2022\/02\/2022-03-04-Uaine-1-scaled.jpg?resize=1200%2C800&amp;ssl=1 1200w, https:\/\/i0.wp.com\/www.celtic-concerts-sessions.ch\/news\/wp-content\/uploads\/2022\/02\/2022-03-04-Uaine-1-scaled.jpg?w=1680&amp;ssl=1 1680w, https:\/\/i0.wp.com\/www.celtic-concerts-sessions.ch\/news\/wp-content\/uploads\/2022\/02\/2022-03-04-Uaine-1-scaled.jpg?w=2520&amp;ssl=1 2520w\" sizes=\"auto, (max-width: 709px) 85vw, (max-width: 909px) 67vw, (max-width: 1362px) 62vw, 840px\" \/><\/a><\/figure>\n\n\n\n<p>04.03.2022<\/p>\n\n\n\n<p>Alte Kaserne Winterthur<\/p>\n\n\n\n<h3 class=\"wp-block-heading\">Celtic Spring<\/h3>\n\n\n\n<p><strong>Uaine (IRL)<\/strong><br><strong><strong>Conor Connolly &amp; Iarlaith MacGabhann (IRL)<\/strong><\/strong><\/p>\n\n\n\n<p><strong>Vor und nach den Konzerten: Open Irish Session<\/strong><\/p>\n\n\n\n<p>Konzert: 20:00<br>T\u00fcr\u00f6ffnung und Session ab 19:00<\/p>\n\n\n\n<p>***<\/p>\n\n\n\n<p><strong>Preise<\/strong>: <br>Vorverkauf: Normalpreis: CHF 35.-\/Legi: CHF 30.-<br>Abendkasse: Normalpreis: CHF 40.-\/Legi: CHF 35.-<\/p>\n\n\n\n<p>Vorverkauf via\u00a0<a href=\"https:\/\/www.starticket.ch\/de\/tickets\/celtic-spring-plus-open-irish-session-20220304-2000-alte-kaserne-kulturzentrum-winterthur\" data-type=\"URL\" data-id=\"https:\/\/www.starticket.ch\/de\/tickets\/celtic-spring-plus-open-irish-session-20220304-2000-alte-kaserne-kulturzentrum-winterthur\" target=\"_blank\" rel=\"noreferrer noopener\">Starticket\u00a0<\/a>oder <a href=\"https:\/\/winterthur.com\/de\/shop\/erlebnis-shop.html#\/experience\/TDS00020015770021054\" data-type=\"link\" data-id=\"https:\/\/winterthur.com\/de\/shop\/erlebnis-shop.html#\/experience\/TDS00020015770021054\" target=\"_blank\" rel=\"noreferrer noopener\">winterthur.com<\/a><\/p>\n\n\n\n<p>***<\/p>\n\n\n\n<p>Das Festival \u00abCeltic Spring\u00bb bringt Jahr f\u00fcr Jahr hervorragende Celtic-Musikerinnen und -Musiker in den deutschsprachigen Raum. Gleich zwei hochklassige und aufregende Ensembles werden auf der B\u00fchne stehen und uns zeigen, wieso wir uns um die lebendige, quirlige Celtic-Musikszene keine Sorgen machen m\u00fcssen.<\/p>\n\n\n\n<p>Beide Ensembles sind tief in der irischen Tradition verwurzelt \u2013 und doch sehr unterschiedlicher Art: Auf der einen Seite <strong>Uaine<\/strong>, ein All-Star-Quartett mit erfahrenen Haudegen der Irish-Folk-Szene. Auf der anderen Seite das junge, dynamische Duo <strong>Connolly &amp; MacGabhann<\/strong>. Was f\u00fcr ein Fest!<\/p>\n\n\n\n<p><strong>Uaine<\/strong> wurde erst 2019 von der legend\u00e4ren Fiddlerin <strong>Brid Harper<\/strong> gegr\u00fcndet, geh\u00f6rt aber jetzt schon zu den einflussreichsten Folk-Bands der Insel. Gespielt wird traditionelle irische Folkmusik. Dies immer mit einem unglaublichen Groove und einer Virtuosit\u00e4t, die ihresgleichen sucht.<\/p>\n\n\n\n<p><strong>Conor Connolly<\/strong> am Knopfakkordeon und <strong>Iarlaith MacGabhann<\/strong> an der Konzertfl\u00f6te sind Meister ihres Faches \u2013 obwohl beide noch zu den Jungspunden der Irish-Folk-Szene gez\u00e4hlt werden d\u00fcrfen. Von ihrem K\u00f6nnen zeugen diverse Auszeichnungen und TV-Auftritte.<\/p>\n\n\n\n<p><strong>Link allgemein:<\/strong><br><a href=\"http:\/\/www.weltenklang.at\/artists\/22nd-guinness-celtic-spring\">www.weltenklang.at\/artists\/22nd-guinness-celtic-spring<\/a><\/p>\n\n\n\n<p><strong>Uaine:<br><\/strong><a href=\"http:\/\/www.uainemusic.com\">www.uainemusic.com<\/a><br><a href=\"http:\/\/www.bridharper.com\">www.bridharper.com<\/a><\/p>\n\n\n\n<figure class=\"wp-block-embed is-type-video is-provider-youtube wp-block-embed-youtube wp-embed-aspect-16-9 wp-has-aspect-ratio\"><div class=\"wp-block-embed__wrapper\">\n<span class=\"embed-youtube\" style=\"text-align:center; display: block;\"><iframe loading=\"lazy\" class=\"youtube-player\" width=\"840\" height=\"473\" src=\"https:\/\/www.youtube.com\/embed\/G3GcEbuqFgM?version=3&#038;rel=1&#038;showsearch=0&#038;showinfo=1&#038;iv_load_policy=1&#038;fs=1&#038;hl=de-DE&#038;autohide=2&#038;wmode=transparent\" allowfullscreen=\"true\" style=\"border:0;\" sandbox=\"allow-scripts allow-same-origin allow-popups allow-presentation allow-popups-to-escape-sandbox\"><\/iframe><\/span>\n<\/div><\/figure>\n\n\n\n<figure class=\"wp-block-embed is-type-video is-provider-youtube wp-block-embed-youtube wp-embed-aspect-16-9 wp-has-aspect-ratio\"><div class=\"wp-block-embed__wrapper\">\n<span class=\"embed-youtube\" style=\"text-align:center; display: block;\"><iframe loading=\"lazy\" class=\"youtube-player\" width=\"840\" height=\"473\" src=\"https:\/\/www.youtube.com\/embed\/IiN-2x_fufg?version=3&#038;rel=1&#038;showsearch=0&#038;showinfo=1&#038;iv_load_policy=1&#038;fs=1&#038;hl=de-DE&#038;autohide=2&#038;wmode=transparent\" allowfullscreen=\"true\" style=\"border:0;\" sandbox=\"allow-scripts allow-same-origin allow-popups allow-presentation allow-popups-to-escape-sandbox\"><\/iframe><\/span>\n<\/div><\/figure>\n\n\n\n<p><strong>Conor Connolly<\/strong><\/p>\n\n\n\n<p><a href=\"https:\/\/www.facebook.com\/conorconnollymusic\">https:\/\/www.facebook.com\/conorconnollymusic<\/a><\/p>\n\n\n\n<figure class=\"wp-block-embed is-type-video is-provider-youtube wp-block-embed-youtube wp-embed-aspect-16-9 wp-has-aspect-ratio\"><div class=\"wp-block-embed__wrapper\">\n<iframe loading=\"lazy\" title=\"Conor Connolly - Memories of East Clare &amp; The Salamanca | Tradfest | TG4\" width=\"840\" height=\"473\" src=\"https:\/\/www.youtube.com\/embed\/C3emwPOXezc?feature=oembed\" frameborder=\"0\" allow=\"accelerometer; autoplay; clipboard-write; encrypted-media; gyroscope; picture-in-picture; web-share\" referrerpolicy=\"strict-origin-when-cross-origin\" allowfullscreen><\/iframe>\n<\/div><\/figure>\n\n\n\n<figure class=\"wp-block-embed is-type-video is-provider-youtube wp-block-embed-youtube wp-embed-aspect-16-9 wp-has-aspect-ratio\"><div class=\"wp-block-embed__wrapper\">\n<iframe loading=\"lazy\" title=\"Conor Connolly - Patsy Touhey&#039;s &amp; Hand Me Down The Tackle | FleadhTV 2019 | TG4\" width=\"840\" height=\"473\" src=\"https:\/\/www.youtube.com\/embed\/oyBiZcOQBdE?feature=oembed\" frameborder=\"0\" allow=\"accelerometer; autoplay; clipboard-write; encrypted-media; gyroscope; picture-in-picture; web-share\" referrerpolicy=\"strict-origin-when-cross-origin\" allowfullscreen><\/iframe>\n<\/div><\/figure>\n\n\n\n<p><strong>Iarlaith MacGabhann<\/strong><\/p>\n\n\n\n<p><a href=\"http:\/\/www.facebook.com\/iarlaith.macgabhann\">www.facebook.com\/iarlaith.macgabhann<\/a><\/p>\n\n\n\n<figure class=\"wp-block-embed is-type-video is-provider-youtube wp-block-embed-youtube wp-embed-aspect-16-9 wp-has-aspect-ratio\"><div class=\"wp-block-embed__wrapper\">\n<iframe loading=\"lazy\" title=\"Tradfest - Iarlaith Mac Gabhann | Miss Drummond of Perth &amp; The Laurel Tree | TG4\" width=\"840\" height=\"473\" src=\"https:\/\/www.youtube.com\/embed\/0pg3zDdGOhE?feature=oembed\" frameborder=\"0\" allow=\"accelerometer; autoplay; clipboard-write; encrypted-media; gyroscope; picture-in-picture; web-share\" referrerpolicy=\"strict-origin-when-cross-origin\" allowfullscreen><\/iframe>\n<\/div><\/figure>\n\n\n\n<figure class=\"wp-block-embed is-type-video is-provider-youtube wp-block-embed-youtube wp-embed-aspect-16-9 wp-has-aspect-ratio\"><div class=\"wp-block-embed__wrapper\">\n<iframe loading=\"lazy\" title=\"Ois\u00edn Morrison &amp; Iarlaith Mac Gabhann | Tradfest | TG4\" width=\"840\" height=\"473\" src=\"https:\/\/www.youtube.com\/embed\/9r0mIdTcilI?feature=oembed\" frameborder=\"0\" allow=\"accelerometer; autoplay; clipboard-write; encrypted-media; gyroscope; picture-in-picture; web-share\" referrerpolicy=\"strict-origin-when-cross-origin\" allowfullscreen><\/iframe>\n<\/div><\/figure>\n\n\n\n<p>***<\/p>\n\n\n\n<p>Was w\u00e4re ein Celtic-Abend ohne Session? Wir verwandeln die Alte Kaserne in ein Pub und lassen unsere Session-Musiker vor und nach dem Konzert musizieren. Jede und jeder darf mitspielen.<br>Also: Fiddle &amp; Co. eingepackt und los geht\u2019s!<br>Fragen zu den Sessions? Meldet euch bitte direkt bei Rose: info@irishevents.ch<\/p>\n","protected":false},"excerpt":{"rendered":"<p>04.03.2022 Alte Kaserne Winterthur Celtic Spring Uaine (IRL)Conor Connolly &amp; Iarlaith MacGabhann (IRL) Vor und nach den Konzerten: Open Irish Session Konzert: 20:00T\u00fcr\u00f6ffnung und Session ab 19:00 *** Preise: Vorverkauf: Normalpreis: CHF 35.-\/Legi: CHF 30.-Abendkasse: Normalpreis: CHF 40.-\/Legi: CHF 35.- Vorverkauf via\u00a0Starticket\u00a0oder winterthur.com *** Das Festival \u00abCeltic Spring\u00bb bringt Jahr f\u00fcr Jahr hervorragende Celtic-Musikerinnen und &hellip; <a href=\"https:\/\/www.celtic-concerts-sessions.ch\/news\/04-03-2022-celtic-spring\/\" class=\"more-link\"><span class=\"screen-reader-text\">\u201e04.03.2022 Celtic Spring\u201c<\/span> weiterlesen<\/a><\/p>\n","protected":false},"author":1,"featured_media":0,"parent":0,"menu_order":0,"comment_status":"closed","ping_status":"closed","template":"","meta":{"jetpack_post_was_ever_published":false,"footnotes":""},"class_list":["post-3447","page","type-page","status-publish","hentry"],"jetpack_sharing_enabled":true,"jetpack_shortlink":"https:\/\/wp.me\/P9oLVZ-TB","jetpack_likes_enabled":true,"jetpack-related-posts":[],"_links":{"self":[{"href":"https:\/\/www.celtic-concerts-sessions.ch\/news\/wp-json\/wp\/v2\/pages\/3447","targetHints":{"allow":["GET"]}}],"collection":[{"href":"https:\/\/www.celtic-concerts-sessions.ch\/news\/wp-json\/wp\/v2\/pages"}],"about":[{"href":"https:\/\/www.celtic-concerts-sessions.ch\/news\/wp-json\/wp\/v2\/types\/page"}],"author":[{"embeddable":true,"href":"https:\/\/www.celtic-concerts-sessions.ch\/news\/wp-json\/wp\/v2\/users\/1"}],"replies":[{"embeddable":true,"href":"https:\/\/www.celtic-concerts-sessions.ch\/news\/wp-json\/wp\/v2\/comments?post=3447"}],"version-history":[{"count":5,"href":"https:\/\/www.celtic-concerts-sessions.ch\/news\/wp-json\/wp\/v2\/pages\/3447\/revisions"}],"predecessor-version":[{"id":3830,"href":"https:\/\/www.celtic-concerts-sessions.ch\/news\/wp-json\/wp\/v2\/pages\/3447\/revisions\/3830"}],"wp:attachment":[{"href":"https:\/\/www.celtic-concerts-sessions.ch\/news\/wp-json\/wp\/v2\/media?parent=3447"}],"curies":[{"name":"wp","href":"https:\/\/api.w.org\/{rel}","templated":true}]}}