{"id":3216,"date":"2019-10-14T19:35:43","date_gmt":"2019-10-14T19:35:43","guid":{"rendered":"https:\/\/www.celtic-concerts-sessions.ch\/news\/?page_id=3216"},"modified":"2025-08-24T14:27:17","modified_gmt":"2025-08-24T14:27:17","slug":"informationen-saisonpass","status":"publish","type":"page","link":"https:\/\/www.celtic-concerts-sessions.ch\/news\/informationen-saisonpass\/","title":{"rendered":"Informationen Saisonpass"},"content":{"rendered":"\n<p>F\u00fcr die Saison 25\/26 gibt\u2019s wieder einen Pass! Dieser ist f\u00fcr alle <strong>sieben<\/strong> Konzerte g\u00fcltig.<\/p>\n\n\n\n<p>Der Pass ist pers\u00f6nlich und nicht \u00fcbertragbar.<\/p>\n\n\n\n<p><a href=\"https:\/\/www.seetickets.com\/ch\/event\/saisonpass-2025-2026\/alte-kaserne-winterthur\/3471359\" data-type=\"link\" data-id=\"https:\/\/www.starticket.ch\/de\/tickets\/celtic-concerts-sessions-saisonpass-2425-20240907-2000-alte-kaserne-winterthur-winterthur\" target=\"_blank\" rel=\"noreferrer noopener\">Im Vorverkauf bei See Tickets: CHF 160.00<\/a><\/p>\n\n\n\n<p>An der Abendkasse: CHF 170.-<\/p>\n\n\n\n<p><\/p>\n","protected":false},"excerpt":{"rendered":"<p>F\u00fcr die Saison 25\/26 gibt\u2019s wieder einen Pass! Dieser ist f\u00fcr alle sieben Konzerte g\u00fcltig. Der Pass ist pers\u00f6nlich und nicht \u00fcbertragbar. Im Vorverkauf bei See Tickets: CHF 160.00 An der Abendkasse: CHF 170.-<\/p>\n","protected":false},"author":1,"featured_media":0,"parent":0,"menu_order":0,"comment_status":"closed","ping_status":"closed","template":"","meta":{"jetpack_post_was_ever_published":false,"footnotes":""},"class_list":["post-3216","page","type-page","status-publish","hentry"],"jetpack_sharing_enabled":true,"jetpack_shortlink":"https:\/\/wp.me\/P9oLVZ-PS","jetpack_likes_enabled":true,"jetpack-related-posts":[],"_links":{"self":[{"href":"https:\/\/www.celtic-concerts-sessions.ch\/news\/wp-json\/wp\/v2\/pages\/3216","targetHints":{"allow":["GET"]}}],"collection":[{"href":"https:\/\/www.celtic-concerts-sessions.ch\/news\/wp-json\/wp\/v2\/pages"}],"about":[{"href":"https:\/\/www.celtic-concerts-sessions.ch\/news\/wp-json\/wp\/v2\/types\/page"}],"author":[{"embeddable":true,"href":"https:\/\/www.celtic-concerts-sessions.ch\/news\/wp-json\/wp\/v2\/users\/1"}],"replies":[{"embeddable":true,"href":"https:\/\/www.celtic-concerts-sessions.ch\/news\/wp-json\/wp\/v2\/comments?post=3216"}],"version-history":[{"count":14,"href":"https:\/\/www.celtic-concerts-sessions.ch\/news\/wp-json\/wp\/v2\/pages\/3216\/revisions"}],"predecessor-version":[{"id":3823,"href":"https:\/\/www.celtic-concerts-sessions.ch\/news\/wp-json\/wp\/v2\/pages\/3216\/revisions\/3823"}],"wp:attachment":[{"href":"https:\/\/www.celtic-concerts-sessions.ch\/news\/wp-json\/wp\/v2\/media?parent=3216"}],"curies":[{"name":"wp","href":"https:\/\/api.w.org\/{rel}","templated":true}]}}