{"id":3041,"date":"2018-08-13T14:30:20","date_gmt":"2018-08-13T14:30:20","guid":{"rendered":"https:\/\/www.celtic-concerts-sessions.ch\/news\/?page_id=3041"},"modified":"2020-07-26T13:21:49","modified_gmt":"2020-07-26T13:21:49","slug":"09-03-19-celtic-spring","status":"publish","type":"page","link":"https:\/\/www.celtic-concerts-sessions.ch\/news\/konzertarchiv\/09-03-19-celtic-spring\/","title":{"rendered":"09.03.19 &#8211; Celtic Spring"},"content":{"rendered":"<p><a href=\"https:\/\/i0.wp.com\/www.celtic-concerts-sessions.ch\/news\/wp-content\/uploads\/2018\/08\/667x375_CCW_090319_1600x900.jpg?ssl=1\"><img data-recalc-dims=\"1\" loading=\"lazy\" decoding=\"async\" data-attachment-id=\"3042\" data-permalink=\"https:\/\/www.celtic-concerts-sessions.ch\/news\/konzertarchiv\/09-03-19-celtic-spring\/667x375_ccw_090319_1600x900\/\" data-orig-file=\"https:\/\/i0.wp.com\/www.celtic-concerts-sessions.ch\/news\/wp-content\/uploads\/2018\/08\/667x375_CCW_090319_1600x900.jpg?fit=667%2C375&amp;ssl=1\" data-orig-size=\"667,375\" data-comments-opened=\"1\" data-image-meta=\"{&quot;aperture&quot;:&quot;0&quot;,&quot;credit&quot;:&quot;&quot;,&quot;camera&quot;:&quot;&quot;,&quot;caption&quot;:&quot;&quot;,&quot;created_timestamp&quot;:&quot;0&quot;,&quot;copyright&quot;:&quot;&quot;,&quot;focal_length&quot;:&quot;0&quot;,&quot;iso&quot;:&quot;0&quot;,&quot;shutter_speed&quot;:&quot;0&quot;,&quot;title&quot;:&quot;&quot;,&quot;orientation&quot;:&quot;0&quot;}\" data-image-title=\"667x375_CCW_090319_1600x900\" data-image-description=\"\" data-image-caption=\"\" data-medium-file=\"https:\/\/i0.wp.com\/www.celtic-concerts-sessions.ch\/news\/wp-content\/uploads\/2018\/08\/667x375_CCW_090319_1600x900.jpg?fit=300%2C169&amp;ssl=1\" data-large-file=\"https:\/\/i0.wp.com\/www.celtic-concerts-sessions.ch\/news\/wp-content\/uploads\/2018\/08\/667x375_CCW_090319_1600x900.jpg?fit=667%2C375&amp;ssl=1\" class=\"alignnone size-medium wp-image-3042\" src=\"https:\/\/i0.wp.com\/www.celtic-concerts-sessions.ch\/news\/wp-content\/uploads\/2018\/08\/667x375_CCW_090319_1600x900.jpg?resize=300%2C169&#038;ssl=1\" alt=\"\" width=\"300\" height=\"169\" srcset=\"https:\/\/i0.wp.com\/www.celtic-concerts-sessions.ch\/news\/wp-content\/uploads\/2018\/08\/667x375_CCW_090319_1600x900.jpg?resize=300%2C169&amp;ssl=1 300w, https:\/\/i0.wp.com\/www.celtic-concerts-sessions.ch\/news\/wp-content\/uploads\/2018\/08\/667x375_CCW_090319_1600x900.jpg?w=667&amp;ssl=1 667w\" sizes=\"auto, (max-width: 300px) 85vw, 300px\" \/><\/a><br \/>\n<strong>Samstag, 09.03.2019<\/strong><\/p>\n<p><strong>Celtic Spring<br \/>\n<\/strong><\/p>\n<p>Caroline Keane &amp; Tom Delany (IRL)<br \/>\nMoore Moss Rutter (GB)<\/p>\n<p>Vor und nach den Konzerten: Open Irish Session<\/p>\n<p>Konzert: 20:30<br \/>\nT\u00fcr\u00f6ffnung und Session ab 19:30<\/p>\n<p>***<\/p>\n<p>Das Festival \u00abCeltic Spring\u00bb bringt Jahr f\u00fcr Jahr hervorragende Celtic-Musikerinnen und Musiker aus Irland, Schottland und England in den deutschsprachigen Raum. Nach den letzten drei grossartigen Konzertabenden in Winterthur ist die Vorfreude riesig! Gleich zwei hochklassige und aufregende Trios werden im Rahmen von CELTIC auf der B\u00fchne stehen und uns zeigen, wieso wir uns um die lebendige, quirlige Celtic-Musikszene keine Sorgen machen m\u00fcssen.<\/p>\n<p><strong>Tom Moore<\/strong> (Geige), <strong>Archie Chuchill-Moss<\/strong> (Melodeon\/Akkordeon) und <strong>Jack Rutter<\/strong> (Gitarre\/Gesang) vereinen in ihrem Repertoire englische Folk-Songs mit eigenen Kompositionen sowie mit Klassik, Jazz und Bluegrass. Ein spannendes und unwiderstehliches Musikgebr\u00e4u!<\/p>\n<p>Bereits zwei Jahre nach seiner Gr\u00fcndung r\u00e4umte das Trio den \u00abBBC Radio Folk Award\u00bb ab und geh\u00f6ren seither zur Cr\u00e8me de la Cr\u00e8me der Folk-Szene.<\/p>\n<p>Mit ihrer letzten Band Four Winds tourten <strong>Caroline Keane<\/strong> (Concertina\/Akkordeon) und <strong>Tom Delany <\/strong>(Uillean Pipes\/Dudelsack) um die ganze Welt. Im neu gegr\u00fcndeten Trio kommen ihre irischen, g\u00e4lischen und franz\u00f6sischen Einfl\u00fcsse endlich mehr zur Geltung. Das Zusammenspiel ist atemberaubend und die Musik kommt mitten aus dem Herzen.<\/p>\n<p>Keane und Delany sind wahre Meister auf ihren Instrumenten. Ihre Konzerte sind pure Energie. Beide wurden bereits als Kinder von den ganz grossen Celtic-Musikern unterrichtet und gef\u00f6rdert. Ganz grosse Klasse!<\/p>\n<p><a href=\"http:\/\/www.mooremossrutter.co.uk\">www.mooremossrutter.co.uk<\/a><\/p>\n<p><iframe loading=\"lazy\" src=\"https:\/\/www.youtube.com\/embed\/fzUjtY4qBH8\" width=\"560\" height=\"315\" frameborder=\"0\" allowfullscreen=\"allowfullscreen\"><\/iframe><\/p>\n<p><iframe loading=\"lazy\" src=\"https:\/\/www.youtube.com\/embed\/jAbs6pOVmKk\" width=\"560\" height=\"315\" frameborder=\"0\" allowfullscreen=\"allowfullscreen\"><\/iframe><\/p>\n<p><iframe loading=\"lazy\" src=\"https:\/\/www.youtube.com\/embed\/wg0uYGAJwnc\" width=\"560\" height=\"315\" frameborder=\"0\" allowfullscreen=\"allowfullscreen\"><\/iframe><\/p>\n<p><strong>Caroline Keane &amp; Tom Delany Trio<\/strong><\/p>\n<p><a href=\"http:\/\/www.facebook.com\/KeaneDelanyMusic\">www.facebook.com\/KeaneDelanyMusic<\/a><br \/>\n<a href=\"http:\/\/www.soundcloud.com\/keanedelanymusic-1\">www.soundcloud.com\/keanedelanymusic-1<\/a><\/p>\n<p><iframe loading=\"lazy\" src=\"https:\/\/www.youtube.com\/embed\/T5IPx-D2vbs\" width=\"560\" height=\"315\" frameborder=\"0\" allowfullscreen=\"allowfullscreen\"><\/iframe><\/p>\n<p><iframe loading=\"lazy\" src=\"https:\/\/www.youtube.com\/embed\/1M5KQLS2M2c\" width=\"560\" height=\"315\" frameborder=\"0\" allowfullscreen=\"allowfullscreen\"><\/iframe><\/p>\n<p><iframe loading=\"lazy\" src=\"https:\/\/www.youtube.com\/embed\/W2FVX818xys\" width=\"560\" height=\"315\" frameborder=\"0\" allowfullscreen=\"allowfullscreen\"><\/iframe><\/p>\n<p><iframe loading=\"lazy\" src=\"https:\/\/www.youtube.com\/embed\/l-6089rfsRI\" width=\"560\" height=\"315\" frameborder=\"0\" allowfullscreen=\"allowfullscreen\"><\/iframe><\/p>\n<p>Was w\u00e4re ein Celtic-Abend ohne Session? Wir verwandeln die Alte Kaserne in ein Pub und lassen unsere Session-Musiker vor und nach dem Konzert musizieren. Jede und jeder darf mitspielen.<br \/>\nAlso: Fiddle &amp; Co. eingepackt und los geht\u2019s!<br \/>\nFragen zu den Sessions? Meldet euch bitte direkt bei Rose: info@irishevents.ch<\/p>\n<p><a href=\"https:\/\/www.starticket.ch\/de\/tickets\/celtic-spring-caravan-20190309-2030-alte-kaserne-kulturzentrum-winterthur\" target=\"_blank\" rel=\"noopener noreferrer\">Vorverkauf auf Starticket<\/a><\/p>\n","protected":false},"excerpt":{"rendered":"<p>Samstag, 09.03.2019 Celtic Spring Caroline Keane &amp; Tom Delany (IRL) Moore Moss Rutter (GB) Vor und nach den Konzerten: Open Irish Session Konzert: 20:30 T\u00fcr\u00f6ffnung und Session ab 19:30 *** Das Festival \u00abCeltic Spring\u00bb bringt Jahr f\u00fcr Jahr hervorragende Celtic-Musikerinnen und Musiker aus Irland, Schottland und England in den deutschsprachigen Raum. Nach den letzten drei &hellip; <a href=\"https:\/\/www.celtic-concerts-sessions.ch\/news\/konzertarchiv\/09-03-19-celtic-spring\/\" class=\"more-link\"><span class=\"screen-reader-text\">\u201e09.03.19 &#8211; Celtic Spring\u201c<\/span> weiterlesen<\/a><\/p>\n","protected":false},"author":1,"featured_media":0,"parent":2689,"menu_order":0,"comment_status":"closed","ping_status":"closed","template":"","meta":{"jetpack_post_was_ever_published":false,"footnotes":""},"class_list":["post-3041","page","type-page","status-publish","hentry"],"jetpack_sharing_enabled":true,"jetpack_shortlink":"https:\/\/wp.me\/P9oLVZ-N3","jetpack_likes_enabled":true,"jetpack-related-posts":[],"_links":{"self":[{"href":"https:\/\/www.celtic-concerts-sessions.ch\/news\/wp-json\/wp\/v2\/pages\/3041","targetHints":{"allow":["GET"]}}],"collection":[{"href":"https:\/\/www.celtic-concerts-sessions.ch\/news\/wp-json\/wp\/v2\/pages"}],"about":[{"href":"https:\/\/www.celtic-concerts-sessions.ch\/news\/wp-json\/wp\/v2\/types\/page"}],"author":[{"embeddable":true,"href":"https:\/\/www.celtic-concerts-sessions.ch\/news\/wp-json\/wp\/v2\/users\/1"}],"replies":[{"embeddable":true,"href":"https:\/\/www.celtic-concerts-sessions.ch\/news\/wp-json\/wp\/v2\/comments?post=3041"}],"version-history":[{"count":5,"href":"https:\/\/www.celtic-concerts-sessions.ch\/news\/wp-json\/wp\/v2\/pages\/3041\/revisions"}],"predecessor-version":[{"id":3113,"href":"https:\/\/www.celtic-concerts-sessions.ch\/news\/wp-json\/wp\/v2\/pages\/3041\/revisions\/3113"}],"up":[{"embeddable":true,"href":"https:\/\/www.celtic-concerts-sessions.ch\/news\/wp-json\/wp\/v2\/pages\/2689"}],"wp:attachment":[{"href":"https:\/\/www.celtic-concerts-sessions.ch\/news\/wp-json\/wp\/v2\/media?parent=3041"}],"curies":[{"name":"wp","href":"https:\/\/api.w.org\/{rel}","templated":true}]}}

<p><a href="https://i0.wp.com/www.celtic-concerts-sessions.ch/news/wp-content/uploads/2018/08/667x375_CCW_090319_1600x900.jpg?ssl=1"><img data-recalc-dims="1" loading="lazy" decoding="async" data-attachment-id="3042" data-permalink="https://www.celtic-concerts-sessions.ch/news/konzertarchiv/09-03-19-celtic-spring/667x375_ccw_090319_1600x900/" data-orig-file="https://i0.wp.com/www.celtic-concerts-sessions.ch/news/wp-content/uploads/2018/08/667x375_CCW_090319_1600x900.jpg?fit=667%2C375&amp;ssl=1" data-orig-size="667,375" data-comments-opened="1" data-image-meta="{&quot;aperture&quot;:&quot;0&quot;,&quot;credit&quot;:&quot;&quot;,&quot;camera&quot;:&quot;&quot;,&quot;caption&quot;:&quot;&quot;,&quot;created_timestamp&quot;:&quot;0&quot;,&quot;copyright&quot;:&quot;&quot;,&quot;focal_length&quot;:&quot;0&quot;,&quot;iso&quot;:&quot;0&quot;,&quot;shutter_speed&quot;:&quot;0&quot;,&quot;title&quot;:&quot;&quot;,&quot;orientation&quot;:&quot;0&quot;}" data-image-title="667x375_CCW_090319_1600x900" data-image-description="" data-image-caption="" data-medium-file="https://i0.wp.com/www.celtic-concerts-sessions.ch/news/wp-content/uploads/2018/08/667x375_CCW_090319_1600x900.jpg?fit=300%2C169&amp;ssl=1" data-large-file="https://i0.wp.com/www.celtic-concerts-sessions.ch/news/wp-content/uploads/2018/08/667x375_CCW_090319_1600x900.jpg?fit=667%2C375&amp;ssl=1" class="alignnone size-medium wp-image-3042" src="https://i0.wp.com/www.celtic-concerts-sessions.ch/news/wp-content/uploads/2018/08/667x375_CCW_090319_1600x900.jpg?resize=300%2C169&#038;ssl=1" alt="" width="300" height="169" srcset="https://i0.wp.com/www.celtic-concerts-sessions.ch/news/wp-content/uploads/2018/08/667x375_CCW_090319_1600x900.jpg?resize=300%2C169&amp;ssl=1 300w, https://i0.wp.com/www.celtic-concerts-sessions.ch/news/wp-content/uploads/2018/08/667x375_CCW_090319_1600x900.jpg?w=667&amp;ssl=1 667w" sizes="auto, (max-width: 300px) 85vw, 300px" /></a><br />
<strong>Samstag, 09.03.2019</strong></p>
<p><strong>Celtic Spring<br />
</strong></p>
<p>Caroline Keane &amp; Tom Delany (IRL)<br />
Moore Moss Rutter (GB)</p>
<p>Vor und nach den Konzerten: Open Irish Session</p>
<p>Konzert: 20:30<br />
Türöffnung und Session ab 19:30</p>
<p>***</p>
<p>Das Festival «Celtic Spring» bringt Jahr für Jahr hervorragende Celtic-Musikerinnen und Musiker aus Irland, Schottland und England in den deutschsprachigen Raum. Nach den letzten drei grossartigen Konzertabenden in Winterthur ist die Vorfreude riesig! Gleich zwei hochklassige und aufregende Trios werden im Rahmen von CELTIC auf der Bühne stehen und uns zeigen, wieso wir uns um die lebendige, quirlige Celtic-Musikszene keine Sorgen machen müssen.</p>
<p><strong>Tom Moore</strong> (Geige), <strong>Archie Chuchill-Moss</strong> (Melodeon/Akkordeon) und <strong>Jack Rutter</strong> (Gitarre/Gesang) vereinen in ihrem Repertoire englische Folk-Songs mit eigenen Kompositionen sowie mit Klassik, Jazz und Bluegrass. Ein spannendes und unwiderstehliches Musikgebräu!</p>
<p>Bereits zwei Jahre nach seiner Gründung räumte das Trio den «BBC Radio Folk Award» ab und gehören seither zur Crème de la Crème der Folk-Szene.</p>
<p>Mit ihrer letzten Band Four Winds tourten <strong>Caroline Keane</strong> (Concertina/Akkordeon) und <strong>Tom Delany </strong>(Uillean Pipes/Dudelsack) um die ganze Welt. Im neu gegründeten Trio kommen ihre irischen, gälischen und französischen Einflüsse endlich mehr zur Geltung. Das Zusammenspiel ist atemberaubend und die Musik kommt mitten aus dem Herzen.</p>
<p>Keane und Delany sind wahre Meister auf ihren Instrumenten. Ihre Konzerte sind pure Energie. Beide wurden bereits als Kinder von den ganz grossen Celtic-Musikern unterrichtet und gefördert. Ganz grosse Klasse!</p>
<p><a href="http://www.mooremossrutter.co.uk">www.mooremossrutter.co.uk</a></p>
<p><iframe loading="lazy" src="https://www.youtube.com/embed/fzUjtY4qBH8" width="560" height="315" frameborder="0" allowfullscreen="allowfullscreen"></iframe></p>
<p><iframe loading="lazy" src="https://www.youtube.com/embed/jAbs6pOVmKk" width="560" height="315" frameborder="0" allowfullscreen="allowfullscreen"></iframe></p>
<p><iframe loading="lazy" src="https://www.youtube.com/embed/wg0uYGAJwnc" width="560" height="315" frameborder="0" allowfullscreen="allowfullscreen"></iframe></p>
<p><strong>Caroline Keane &amp; Tom Delany Trio</strong></p>
<p><a href="http://www.facebook.com/KeaneDelanyMusic">www.facebook.com/KeaneDelanyMusic</a><br />
<a href="http://www.soundcloud.com/keanedelanymusic-1">www.soundcloud.com/keanedelanymusic-1</a></p>
<p><iframe loading="lazy" src="https://www.youtube.com/embed/T5IPx-D2vbs" width="560" height="315" frameborder="0" allowfullscreen="allowfullscreen"></iframe></p>
<p><iframe loading="lazy" src="https://www.youtube.com/embed/1M5KQLS2M2c" width="560" height="315" frameborder="0" allowfullscreen="allowfullscreen"></iframe></p>
<p><iframe loading="lazy" src="https://www.youtube.com/embed/W2FVX818xys" width="560" height="315" frameborder="0" allowfullscreen="allowfullscreen"></iframe></p>
<p><iframe loading="lazy" src="https://www.youtube.com/embed/l-6089rfsRI" width="560" height="315" frameborder="0" allowfullscreen="allowfullscreen"></iframe></p>
<p>Was wäre ein Celtic-Abend ohne Session? Wir verwandeln die Alte Kaserne in ein Pub und lassen unsere Session-Musiker vor und nach dem Konzert musizieren. Jede und jeder darf mitspielen.<br />
Also: Fiddle &amp; Co. eingepackt und los geht’s!<br />
Fragen zu den Sessions? Meldet euch bitte direkt bei Rose: info@irishevents.ch</p>
<p><a href="https://www.starticket.ch/de/tickets/celtic-spring-caravan-20190309-2030-alte-kaserne-kulturzentrum-winterthur" target="_blank" rel="noopener noreferrer">Vorverkauf auf Starticket</a></p>

<p>Samstag, 09.03.2019 Celtic Spring Caroline Keane &amp; Tom Delany (IRL) Moore Moss Rutter (GB) Vor und nach den Konzerten: Open Irish Session Konzert: 20:30 Türöffnung und Session ab 19:30 *** Das Festival «Celtic Spring» bringt Jahr für Jahr hervorragende Celtic-Musikerinnen und Musiker aus Irland, Schottland und England in den deutschsprachigen Raum. Nach den letzten drei &hellip; <a href="https://www.celtic-concerts-sessions.ch/news/konzertarchiv/09-03-19-celtic-spring/" class="more-link"><span class="screen-reader-text">„09.03.19 &#8211; Celtic Spring“</span> weiterlesen</a></p>
