{"id":3036,"date":"2018-08-13T14:14:05","date_gmt":"2018-08-13T14:14:05","guid":{"rendered":"https:\/\/www.celtic-concerts-sessions.ch\/news\/?page_id=3036"},"modified":"2019-02-08T17:29:42","modified_gmt":"2019-02-08T17:29:42","slug":"26-1-19-songs-from-ireland-old-new","status":"publish","type":"page","link":"https:\/\/www.celtic-concerts-sessions.ch\/news\/konzertarchiv\/26-1-19-songs-from-ireland-old-new\/","title":{"rendered":"26.1.19 &#8211; Songs From Ireland: Old &#038; New"},"content":{"rendered":"<p><a href=\"https:\/\/i0.wp.com\/www.celtic-concerts-sessions.ch\/news\/wp-content\/uploads\/2016\/06\/2017-01-27-Songs-From-Ireland_425px.jpg?ssl=1\"><img data-recalc-dims=\"1\" loading=\"lazy\" decoding=\"async\" data-attachment-id=\"2714\" data-permalink=\"https:\/\/www.celtic-concerts-sessions.ch\/news\/konzertarchiv\/songs-from-ireland\/2017-01-27-songs-from-ireland_425px\/\" data-orig-file=\"https:\/\/i0.wp.com\/www.celtic-concerts-sessions.ch\/news\/wp-content\/uploads\/2016\/06\/2017-01-27-Songs-From-Ireland_425px.jpg?fit=425%2C425&amp;ssl=1\" data-orig-size=\"425,425\" data-comments-opened=\"1\" data-image-meta=\"{&quot;aperture&quot;:&quot;0&quot;,&quot;credit&quot;:&quot;&quot;,&quot;camera&quot;:&quot;&quot;,&quot;caption&quot;:&quot;&quot;,&quot;created_timestamp&quot;:&quot;0&quot;,&quot;copyright&quot;:&quot;&quot;,&quot;focal_length&quot;:&quot;0&quot;,&quot;iso&quot;:&quot;0&quot;,&quot;shutter_speed&quot;:&quot;0&quot;,&quot;title&quot;:&quot;&quot;,&quot;orientation&quot;:&quot;1&quot;}\" data-image-title=\"Songs From Ireland_425px\" data-image-description=\"\" data-image-caption=\"\" data-medium-file=\"https:\/\/i0.wp.com\/www.celtic-concerts-sessions.ch\/news\/wp-content\/uploads\/2016\/06\/2017-01-27-Songs-From-Ireland_425px.jpg?fit=300%2C300&amp;ssl=1\" data-large-file=\"https:\/\/i0.wp.com\/www.celtic-concerts-sessions.ch\/news\/wp-content\/uploads\/2016\/06\/2017-01-27-Songs-From-Ireland_425px.jpg?fit=425%2C425&amp;ssl=1\" class=\"alignnone size-medium wp-image-2714\" src=\"https:\/\/i0.wp.com\/www.celtic-concerts-sessions.ch\/news\/wp-content\/uploads\/2016\/06\/2017-01-27-Songs-From-Ireland_425px.jpg?resize=300%2C300&#038;ssl=1\" alt=\"\" width=\"300\" height=\"300\" srcset=\"https:\/\/i0.wp.com\/www.celtic-concerts-sessions.ch\/news\/wp-content\/uploads\/2016\/06\/2017-01-27-Songs-From-Ireland_425px.jpg?resize=300%2C300&amp;ssl=1 300w, https:\/\/i0.wp.com\/www.celtic-concerts-sessions.ch\/news\/wp-content\/uploads\/2016\/06\/2017-01-27-Songs-From-Ireland_425px.jpg?resize=150%2C150&amp;ssl=1 150w, https:\/\/i0.wp.com\/www.celtic-concerts-sessions.ch\/news\/wp-content\/uploads\/2016\/06\/2017-01-27-Songs-From-Ireland_425px.jpg?w=425&amp;ssl=1 425w\" sizes=\"auto, (max-width: 300px) 85vw, 300px\" \/><\/a><br \/>\n<strong>Samstag, 26.01.2019<\/strong><\/p>\n<p><strong>Songs from Ireland &#8211; Old &amp; New<br \/>\n<\/strong>Colm Mac Con Iomaire (The Frames, Kila, The Swell Sesaon) &#8211; fiddle<br \/>\nCatherine Fitzgerald &#8211; keys<br \/>\nFrank Tate &#8211; mandolin\/bouzouki<br \/>\nEamonn de Barra (Slide) &#8211; bodhran\/flute\/whistle\/vocals<br \/>\nMark Geary &#8211; vocals\/guitar<br \/>\nLisa Lambe (Celtic Woman) &#8211; vocals<br \/>\nJohn McLoughlin &#8211; guitar<\/p>\n<p>Vor und nach den Konzerten: Open Irish Session<\/p>\n<p>Konzert: 20:30<br \/>\nT\u00fcr\u00f6ffnung und Session ab 19:30<\/p>\n<p>***<\/p>\n<p>Die irische Musik ist tief verwurzelt in einer keltischen Tradition, welche die irische Seele durchdringt und sich auch in heutigem irischen Songwriting fortsetzt. Das Projekt <strong>\u00ab<\/strong><strong>Songs from Ireland: Old and New<\/strong><strong>\u00bb<\/strong> bietet in diesem Sinne ein einzigartig irisches Erlebnis. Es bringt eine Auswahl Irlands bester Musiker in einer bewegenden und einnehmenden Show zusammen, die in diesem Sinne nahtlos das Traditionelle mit dem Zeitgen\u00f6ssischen verbindet. Dieses Jahr mit auf Tour sind u.a. <strong>Colm Mac Con Iomaire<\/strong> \u2013 Gr\u00fcnder der legend\u00e4ren Bands The Frames, The Swell Season und Kila \u2013 <strong>Eamonn de Barra<\/strong> von den Bands Slide und Duach und die S\u00e4ngerin und Schauspielerin <strong>Lisa Lamble<\/strong>, die mehrere Jahre bei Celtic Woman sang.<\/p>\n<p>Mit viel Humor und augenzwinkerndem Witz gleicht die Show einer fr\u00f6hlichen irischen Craic, begeistert und beschwingt und weckt das Verlangen, den n\u00e4chstm\u00f6glichen Flug nach Dublin zu buchen.<\/p>\n<p>Ein einnehmendes und bewegendes Musikereignis!<\/p>\n<p><em>\u201eDie hohe musikalische Qualit\u00e4t aller, gepaart mit Witz und Spielfreude, hat das Publikum in Bann gezogen und fasziniert\u201c<\/em> \u2013 Roland Fricker (Celticmusic at Kammgarn)<\/p>\n<p><a href=\"http:\/\/www.grueningen-sessions.com\/songs-from-ireland\">www.grueningen-sessions.com\/songs-from-ireland<\/a><br \/>\n<a href=\"http:\/\/www.facebook.com\/songsfromireland\/\">www.facebook.com\/songsfromireland\/<\/a><\/p>\n<p><a href=\"http:\/\/www.lisalambe.ie\">www.lisalambe.ie<\/a><br \/>\n<a href=\"http:\/\/www.facebook.com\/lisalambeofficial\">www.facebook.com\/lisalambeofficial<\/a><\/p>\n<p><a href=\"http:\/\/www.colmmacconiomaire.com\">www.colmmacconiomaire.com<\/a><br \/>\n<a href=\"http:\/\/www.facebook.com\/ColmMacConIomaire\">www.facebook.com\/ColmMacConIomaire<\/a><\/p>\n<p><a href=\"http:\/\/www.markgeary.com\">www.markgeary.com<\/a><br \/>\n<a href=\"http:\/\/www.facebook.com\/markygeary\">www.facebook.com\/markygeary<\/a><br \/>\n<a href=\"http:\/\/www.slide-ireland.com\">www.slide-ireland.com<\/a><\/p>\n<p>Songs from Ireland 2015:<br \/>\n<iframe loading=\"lazy\" src=\"https:\/\/www.youtube.com\/embed\/JwudAGk4Ves\" width=\"560\" height=\"315\" frameborder=\"0\" allowfullscreen=\"allowfullscreen\"><\/iframe><\/p>\n<p><iframe loading=\"lazy\" src=\"https:\/\/www.youtube.com\/embed\/g4vpSOudtVI\" width=\"560\" height=\"315\" frameborder=\"0\" allowfullscreen=\"allowfullscreen\"><\/iframe><\/p>\n<p>Songs from Ireland 2017:<br \/>\n<iframe loading=\"lazy\" src=\"https:\/\/www.youtube.com\/embed\/PzL_c88wB_Y\" width=\"560\" height=\"315\" frameborder=\"0\" allowfullscreen=\"allowfullscreen\"><\/iframe><\/p>\n<p>Was w\u00e4re ein Celtic-Abend ohne Session? Wir verwandeln die Alte Kaserne in ein Pub und lassen unsere Session-Musiker vor und nach dem Konzert musizieren. Jede und jeder darf mitspielen.<br \/>\nAlso: Fiddle &amp; Co. eingepackt und los geht\u2019s!<br \/>\nFragen zu den Sessions? Meldet euch bitte direkt bei Rose: info@irishevents.ch<\/p>\n<p><a href=\"https:\/\/www.starticket.ch\/de\/tickets\/songs-from-ireland-old-new-20190126-2030-alte-kaserne-kulturzentrum-winterthur\" target=\"_blank\" rel=\"noopener noreferrer\">Vorverkauf auf Starticket<\/a><\/p>\n","protected":false},"excerpt":{"rendered":"<p>Samstag, 26.01.2019 Songs from Ireland &#8211; Old &amp; New Colm Mac Con Iomaire (The Frames, Kila, The Swell Sesaon) &#8211; fiddle Catherine Fitzgerald &#8211; keys Frank Tate &#8211; mandolin\/bouzouki Eamonn de Barra (Slide) &#8211; bodhran\/flute\/whistle\/vocals Mark Geary &#8211; vocals\/guitar Lisa Lambe (Celtic Woman) &#8211; vocals John McLoughlin &#8211; guitar Vor und nach den Konzerten: Open &hellip; <a href=\"https:\/\/www.celtic-concerts-sessions.ch\/news\/konzertarchiv\/26-1-19-songs-from-ireland-old-new\/\" class=\"more-link\"><span class=\"screen-reader-text\">\u201e26.1.19 &#8211; Songs From Ireland: Old &#038; New\u201c<\/span> weiterlesen<\/a><\/p>\n","protected":false},"author":1,"featured_media":0,"parent":2689,"menu_order":0,"comment_status":"closed","ping_status":"closed","template":"","meta":{"jetpack_post_was_ever_published":false,"footnotes":""},"class_list":["post-3036","page","type-page","status-publish","hentry"],"jetpack_sharing_enabled":true,"jetpack_shortlink":"https:\/\/wp.me\/P9oLVZ-MY","jetpack_likes_enabled":true,"jetpack-related-posts":[],"_links":{"self":[{"href":"https:\/\/www.celtic-concerts-sessions.ch\/news\/wp-json\/wp\/v2\/pages\/3036","targetHints":{"allow":["GET"]}}],"collection":[{"href":"https:\/\/www.celtic-concerts-sessions.ch\/news\/wp-json\/wp\/v2\/pages"}],"about":[{"href":"https:\/\/www.celtic-concerts-sessions.ch\/news\/wp-json\/wp\/v2\/types\/page"}],"author":[{"embeddable":true,"href":"https:\/\/www.celtic-concerts-sessions.ch\/news\/wp-json\/wp\/v2\/users\/1"}],"replies":[{"embeddable":true,"href":"https:\/\/www.celtic-concerts-sessions.ch\/news\/wp-json\/wp\/v2\/comments?post=3036"}],"version-history":[{"count":3,"href":"https:\/\/www.celtic-concerts-sessions.ch\/news\/wp-json\/wp\/v2\/pages\/3036\/revisions"}],"predecessor-version":[{"id":3082,"href":"https:\/\/www.celtic-concerts-sessions.ch\/news\/wp-json\/wp\/v2\/pages\/3036\/revisions\/3082"}],"up":[{"embeddable":true,"href":"https:\/\/www.celtic-concerts-sessions.ch\/news\/wp-json\/wp\/v2\/pages\/2689"}],"wp:attachment":[{"href":"https:\/\/www.celtic-concerts-sessions.ch\/news\/wp-json\/wp\/v2\/media?parent=3036"}],"curies":[{"name":"wp","href":"https:\/\/api.w.org\/{rel}","templated":true}]}}