{"id":2817,"date":"2017-01-02T20:28:40","date_gmt":"2017-01-02T20:28:40","guid":{"rendered":"http:\/\/www.celtic-concerts-sessions.ch\/news\/?page_id=2817"},"modified":"2018-01-25T19:16:58","modified_gmt":"2018-01-25T19:16:58","slug":"13-1-18-inish-chirl","status":"publish","type":"page","link":"https:\/\/www.celtic-concerts-sessions.ch\/news\/konzertarchiv\/13-1-18-inish-chirl\/","title":{"rendered":"13.1.18 &#8211; Inish (CH\/IRL)"},"content":{"rendered":"<p><a href=\"https:\/\/i0.wp.com\/www.celtic-concerts-sessions.ch\/news\/wp-content\/uploads\/2017\/01\/2018-01-13-Inish-1-klein.jpg\"><img data-recalc-dims=\"1\" loading=\"lazy\" decoding=\"async\" data-attachment-id=\"2851\" data-permalink=\"https:\/\/www.celtic-concerts-sessions.ch\/news\/konzertarchiv\/13-1-18-inish-chirl\/2018-01-13-inish-1-klein\/\" data-orig-file=\"https:\/\/i0.wp.com\/www.celtic-concerts-sessions.ch\/news\/wp-content\/uploads\/2017\/01\/2018-01-13-Inish-1-klein.jpg?fit=1024%2C683&amp;ssl=1\" data-orig-size=\"1024,683\" data-comments-opened=\"1\" data-image-meta=\"{&quot;aperture&quot;:&quot;4&quot;,&quot;credit&quot;:&quot;&quot;,&quot;camera&quot;:&quot;ILCE-7M2&quot;,&quot;caption&quot;:&quot;&quot;,&quot;created_timestamp&quot;:&quot;1479848717&quot;,&quot;copyright&quot;:&quot;&quot;,&quot;focal_length&quot;:&quot;41&quot;,&quot;iso&quot;:&quot;6400&quot;,&quot;shutter_speed&quot;:&quot;0.16666666666667&quot;,&quot;title&quot;:&quot;&quot;,&quot;orientation&quot;:&quot;0&quot;}\" data-image-title=\"2018-01-13 Inish 1 &amp;#8211; klein\" data-image-description=\"\" data-image-caption=\"\" data-medium-file=\"https:\/\/i0.wp.com\/www.celtic-concerts-sessions.ch\/news\/wp-content\/uploads\/2017\/01\/2018-01-13-Inish-1-klein.jpg?fit=300%2C200&amp;ssl=1\" data-large-file=\"https:\/\/i0.wp.com\/www.celtic-concerts-sessions.ch\/news\/wp-content\/uploads\/2017\/01\/2018-01-13-Inish-1-klein.jpg?fit=840%2C560&amp;ssl=1\" class=\"alignnone size-medium wp-image-2851\" src=\"https:\/\/i0.wp.com\/www.celtic-concerts-sessions.ch\/news\/wp-content\/uploads\/2017\/01\/2018-01-13-Inish-1-klein-300x200.jpg?resize=300%2C200\" alt=\"\" width=\"300\" height=\"200\" srcset=\"https:\/\/i0.wp.com\/www.celtic-concerts-sessions.ch\/news\/wp-content\/uploads\/2017\/01\/2018-01-13-Inish-1-klein.jpg?resize=300%2C200&amp;ssl=1 300w, https:\/\/i0.wp.com\/www.celtic-concerts-sessions.ch\/news\/wp-content\/uploads\/2017\/01\/2018-01-13-Inish-1-klein.jpg?resize=768%2C512&amp;ssl=1 768w, https:\/\/i0.wp.com\/www.celtic-concerts-sessions.ch\/news\/wp-content\/uploads\/2017\/01\/2018-01-13-Inish-1-klein.jpg?w=1024&amp;ssl=1 1024w\" sizes=\"auto, (max-width: 300px) 85vw, 300px\" \/><\/a><strong><br \/>\nSamstag, 13.1.2018<\/strong><\/p>\n<p><strong>Irish Folk Music<\/strong><\/p>\n<p>Konzert: 20:30<br \/>\nT\u00fcr\u00f6ffnung und Session ab 19:30<\/p>\n<p>Eine Celtic-Konzertserie ohne Inish? Das w\u00e4re etwa so wie Fish ohne Chips oder ein Guinness ohne Schaumkrone. Also eigentlich machbar aber ohne Pep, ohne das gewisse Etwas.<br \/>\n\u201eInish\u201c bedeutet Insel. Und genau da hin entf\u00fchrt uns dieses grossartige Trio: zur gr\u00fcnen Insel \u2013 zu Irland, mit seiner abwechslungsreichen, mystischen Landschaft, seinen Pubs und seiner grossartigen Musiktradition.<br \/>\nInish, das sind der in Winterthur wohnende Ire Brendan und die zwei Schweizer (mit Irland tief im Herzen) Tamy und Mike. Alle drei sind Meister auf ihren Instrumenten und haben sich voll und ganz der irischen Musik verschrieben. Das ist an den Konzerten nicht nur zu h\u00f6ren und zu sehen, sondern auch zu sp\u00fcren.<\/p>\n<p>Was w\u00e4re ein Celtic-Abend ohne Session? Wir verwandeln die Alte Kaserne in ein Pub und lassen unsere Session-Musiker vor und nach dem Konzert musizieren. Jede und jeder darf mitspielen.<br \/>\nAlso: Fiddle &amp; Co. eingepackt und los geht\u2019s!<br \/>\nFragen zu den Sessions? Meldet euch bitte direkt bei Rose: info@irishevents.ch<\/p>\n<p><a href=\"https:\/\/www.starticket.ch\/de\/tickets\/inish-20170113-2030-alte-kaserne-kulturzentrum-winterthur\" target=\"_blank\" rel=\"noopener noreferrer\">Vorverkauf auf Starticket<\/a><\/p>\n<p><a href=\"http:\/\/www.inish.ch\" target=\"_blank\" rel=\"noopener noreferrer\">www.inish.ch <\/a><br \/>\n<a href=\"http:\/\/www.facebook.com\/INISHfolk\" target=\"_blank\" rel=\"noopener noreferrer\">www.facebook.com\/INISHfolk<\/a><\/p>\n","protected":false},"excerpt":{"rendered":"<p>Samstag, 13.1.2018 Irish Folk Music Konzert: 20:30 T\u00fcr\u00f6ffnung und Session ab 19:30 Eine Celtic-Konzertserie ohne Inish? Das w\u00e4re etwa so wie Fish ohne Chips oder ein Guinness ohne Schaumkrone. Also eigentlich machbar aber ohne Pep, ohne das gewisse Etwas. \u201eInish\u201c bedeutet Insel. Und genau da hin entf\u00fchrt uns dieses grossartige Trio: zur gr\u00fcnen Insel \u2013 &hellip; <a href=\"https:\/\/www.celtic-concerts-sessions.ch\/news\/konzertarchiv\/13-1-18-inish-chirl\/\" class=\"more-link\"><span class=\"screen-reader-text\">\u201e13.1.18 &#8211; Inish (CH\/IRL)\u201c<\/span> weiterlesen<\/a><\/p>\n","protected":false},"author":1,"featured_media":0,"parent":2689,"menu_order":0,"comment_status":"closed","ping_status":"closed","template":"","meta":{"jetpack_post_was_ever_published":false,"footnotes":""},"class_list":["post-2817","page","type-page","status-publish","hentry"],"jetpack_sharing_enabled":true,"jetpack_shortlink":"https:\/\/wp.me\/P9oLVZ-Jr","jetpack_likes_enabled":true,"jetpack-related-posts":[],"_links":{"self":[{"href":"https:\/\/www.celtic-concerts-sessions.ch\/news\/wp-json\/wp\/v2\/pages\/2817","targetHints":{"allow":["GET"]}}],"collection":[{"href":"https:\/\/www.celtic-concerts-sessions.ch\/news\/wp-json\/wp\/v2\/pages"}],"about":[{"href":"https:\/\/www.celtic-concerts-sessions.ch\/news\/wp-json\/wp\/v2\/types\/page"}],"author":[{"embeddable":true,"href":"https:\/\/www.celtic-concerts-sessions.ch\/news\/wp-json\/wp\/v2\/users\/1"}],"replies":[{"embeddable":true,"href":"https:\/\/www.celtic-concerts-sessions.ch\/news\/wp-json\/wp\/v2\/comments?post=2817"}],"version-history":[{"count":9,"href":"https:\/\/www.celtic-concerts-sessions.ch\/news\/wp-json\/wp\/v2\/pages\/2817\/revisions"}],"predecessor-version":[{"id":2887,"href":"https:\/\/www.celtic-concerts-sessions.ch\/news\/wp-json\/wp\/v2\/pages\/2817\/revisions\/2887"}],"up":[{"embeddable":true,"href":"https:\/\/www.celtic-concerts-sessions.ch\/news\/wp-json\/wp\/v2\/pages\/2689"}],"wp:attachment":[{"href":"https:\/\/www.celtic-concerts-sessions.ch\/news\/wp-json\/wp\/v2\/media?parent=2817"}],"curies":[{"name":"wp","href":"https:\/\/api.w.org\/{rel}","templated":true}]}}

<p><a href="https://i0.wp.com/www.celtic-concerts-sessions.ch/news/wp-content/uploads/2017/01/2018-01-13-Inish-1-klein.jpg"><img data-recalc-dims="1" loading="lazy" decoding="async" data-attachment-id="2851" data-permalink="https://www.celtic-concerts-sessions.ch/news/konzertarchiv/13-1-18-inish-chirl/2018-01-13-inish-1-klein/" data-orig-file="https://i0.wp.com/www.celtic-concerts-sessions.ch/news/wp-content/uploads/2017/01/2018-01-13-Inish-1-klein.jpg?fit=1024%2C683&amp;ssl=1" data-orig-size="1024,683" data-comments-opened="1" data-image-meta="{&quot;aperture&quot;:&quot;4&quot;,&quot;credit&quot;:&quot;&quot;,&quot;camera&quot;:&quot;ILCE-7M2&quot;,&quot;caption&quot;:&quot;&quot;,&quot;created_timestamp&quot;:&quot;1479848717&quot;,&quot;copyright&quot;:&quot;&quot;,&quot;focal_length&quot;:&quot;41&quot;,&quot;iso&quot;:&quot;6400&quot;,&quot;shutter_speed&quot;:&quot;0.16666666666667&quot;,&quot;title&quot;:&quot;&quot;,&quot;orientation&quot;:&quot;0&quot;}" data-image-title="2018-01-13 Inish 1 &amp;#8211; klein" data-image-description="" data-image-caption="" data-medium-file="https://i0.wp.com/www.celtic-concerts-sessions.ch/news/wp-content/uploads/2017/01/2018-01-13-Inish-1-klein.jpg?fit=300%2C200&amp;ssl=1" data-large-file="https://i0.wp.com/www.celtic-concerts-sessions.ch/news/wp-content/uploads/2017/01/2018-01-13-Inish-1-klein.jpg?fit=840%2C560&amp;ssl=1" class="alignnone size-medium wp-image-2851" src="https://i0.wp.com/www.celtic-concerts-sessions.ch/news/wp-content/uploads/2017/01/2018-01-13-Inish-1-klein-300x200.jpg?resize=300%2C200" alt="" width="300" height="200" srcset="https://i0.wp.com/www.celtic-concerts-sessions.ch/news/wp-content/uploads/2017/01/2018-01-13-Inish-1-klein.jpg?resize=300%2C200&amp;ssl=1 300w, https://i0.wp.com/www.celtic-concerts-sessions.ch/news/wp-content/uploads/2017/01/2018-01-13-Inish-1-klein.jpg?resize=768%2C512&amp;ssl=1 768w, https://i0.wp.com/www.celtic-concerts-sessions.ch/news/wp-content/uploads/2017/01/2018-01-13-Inish-1-klein.jpg?w=1024&amp;ssl=1 1024w" sizes="auto, (max-width: 300px) 85vw, 300px" /></a><strong><br />
Samstag, 13.1.2018</strong></p>
<p><strong>Irish Folk Music</strong></p>
<p>Konzert: 20:30<br />
Türöffnung und Session ab 19:30</p>
<p>Eine Celtic-Konzertserie ohne Inish? Das wäre etwa so wie Fish ohne Chips oder ein Guinness ohne Schaumkrone. Also eigentlich machbar aber ohne Pep, ohne das gewisse Etwas.<br />
„Inish“ bedeutet Insel. Und genau da hin entführt uns dieses grossartige Trio: zur grünen Insel – zu Irland, mit seiner abwechslungsreichen, mystischen Landschaft, seinen Pubs und seiner grossartigen Musiktradition.<br />
Inish, das sind der in Winterthur wohnende Ire Brendan und die zwei Schweizer (mit Irland tief im Herzen) Tamy und Mike. Alle drei sind Meister auf ihren Instrumenten und haben sich voll und ganz der irischen Musik verschrieben. Das ist an den Konzerten nicht nur zu hören und zu sehen, sondern auch zu spüren.</p>
<p>Was wäre ein Celtic-Abend ohne Session? Wir verwandeln die Alte Kaserne in ein Pub und lassen unsere Session-Musiker vor und nach dem Konzert musizieren. Jede und jeder darf mitspielen.<br />
Also: Fiddle &amp; Co. eingepackt und los geht’s!<br />
Fragen zu den Sessions? Meldet euch bitte direkt bei Rose: info@irishevents.ch</p>
<p><a href="https://www.starticket.ch/de/tickets/inish-20170113-2030-alte-kaserne-kulturzentrum-winterthur" target="_blank" rel="noopener noreferrer">Vorverkauf auf Starticket</a></p>
<p><a href="http://www.inish.ch" target="_blank" rel="noopener noreferrer">www.inish.ch </a><br />
<a href="http://www.facebook.com/INISHfolk" target="_blank" rel="noopener noreferrer">www.facebook.com/INISHfolk</a></p>

<p>Samstag, 13.1.2018 Irish Folk Music Konzert: 20:30 Türöffnung und Session ab 19:30 Eine Celtic-Konzertserie ohne Inish? Das wäre etwa so wie Fish ohne Chips oder ein Guinness ohne Schaumkrone. Also eigentlich machbar aber ohne Pep, ohne das gewisse Etwas. „Inish“ bedeutet Insel. Und genau da hin entführt uns dieses grossartige Trio: zur grünen Insel – &hellip; <a href="https://www.celtic-concerts-sessions.ch/news/konzertarchiv/13-1-18-inish-chirl/" class="more-link"><span class="screen-reader-text">„13.1.18 &#8211; Inish (CH/IRL)“</span> weiterlesen</a></p>
