{"id":2813,"date":"2017-01-02T20:30:39","date_gmt":"2017-01-02T20:30:39","guid":{"rendered":"http:\/\/www.celtic-concerts-sessions.ch\/news\/?page_id=2813"},"modified":"2017-11-01T20:01:51","modified_gmt":"2017-11-01T20:01:51","slug":"27-10-17-cara-dsco","status":"publish","type":"page","link":"https:\/\/www.celtic-concerts-sessions.ch\/news\/konzertarchiv\/27-10-17-cara-dsco\/","title":{"rendered":"Cara (D\/SCO)"},"content":{"rendered":"<p><strong><a href=\"https:\/\/i0.wp.com\/www.celtic-concerts-sessions.ch\/news\/wp-content\/uploads\/2017\/01\/2017-10-27-Cara-2-klein.jpg\"><img data-recalc-dims=\"1\" loading=\"lazy\" decoding=\"async\" data-attachment-id=\"2843\" data-permalink=\"https:\/\/www.celtic-concerts-sessions.ch\/news\/konzertarchiv\/27-10-17-cara-dsco\/2017-10-27-cara-2-klein\/\" data-orig-file=\"https:\/\/i0.wp.com\/www.celtic-concerts-sessions.ch\/news\/wp-content\/uploads\/2017\/01\/2017-10-27-Cara-2-klein.jpg?fit=1024%2C683&amp;ssl=1\" data-orig-size=\"1024,683\" data-comments-opened=\"1\" data-image-meta=\"{&quot;aperture&quot;:&quot;0&quot;,&quot;credit&quot;:&quot;&quot;,&quot;camera&quot;:&quot;&quot;,&quot;caption&quot;:&quot;&quot;,&quot;created_timestamp&quot;:&quot;1402007894&quot;,&quot;copyright&quot;:&quot;Sven Ehlers&quot;,&quot;focal_length&quot;:&quot;0&quot;,&quot;iso&quot;:&quot;0&quot;,&quot;shutter_speed&quot;:&quot;0&quot;,&quot;title&quot;:&quot;&quot;,&quot;orientation&quot;:&quot;1&quot;}\" data-image-title=\"2017-10-27 Cara 2 &amp;#8211; klein\" data-image-description=\"\" data-image-caption=\"\" data-medium-file=\"https:\/\/i0.wp.com\/www.celtic-concerts-sessions.ch\/news\/wp-content\/uploads\/2017\/01\/2017-10-27-Cara-2-klein.jpg?fit=300%2C200&amp;ssl=1\" data-large-file=\"https:\/\/i0.wp.com\/www.celtic-concerts-sessions.ch\/news\/wp-content\/uploads\/2017\/01\/2017-10-27-Cara-2-klein.jpg?fit=840%2C560&amp;ssl=1\" class=\"alignnone size-medium wp-image-2843\" src=\"https:\/\/i0.wp.com\/www.celtic-concerts-sessions.ch\/news\/wp-content\/uploads\/2017\/01\/2017-10-27-Cara-2-klein-300x200.jpg?resize=300%2C200\" alt=\"\" width=\"300\" height=\"200\" srcset=\"https:\/\/i0.wp.com\/www.celtic-concerts-sessions.ch\/news\/wp-content\/uploads\/2017\/01\/2017-10-27-Cara-2-klein.jpg?resize=300%2C200&amp;ssl=1 300w, https:\/\/i0.wp.com\/www.celtic-concerts-sessions.ch\/news\/wp-content\/uploads\/2017\/01\/2017-10-27-Cara-2-klein.jpg?resize=768%2C512&amp;ssl=1 768w, https:\/\/i0.wp.com\/www.celtic-concerts-sessions.ch\/news\/wp-content\/uploads\/2017\/01\/2017-10-27-Cara-2-klein.jpg?w=1024&amp;ssl=1 1024w\" sizes=\"auto, (max-width: 300px) 85vw, 300px\" \/><\/a><\/strong><\/p>\n<p><strong>Freitag, 27.10.17<\/strong><\/p>\n<p><strong>Pure Celtic Sound<\/strong><\/p>\n<p>Konzert: 20:30<br \/>\nT\u00fcr\u00f6ffnung und Session ab 19:30<\/p>\n<p>Auch wenn Cara aus deutschen und schottischen Musikern bestehen, geh\u00f6ren sie doch zu einer der weltweit erfolgreichsten Irish-Folk-Bands der Gegenwart. Das anerkennt sogar das \u201eIrish Muci Magazine\u201c und z\u00e4hlt Cara zu \u201ethe hottest Irish music bands on the international circuit\u201c. Gekr\u00f6nt wurde die Band auch von der Irish Music Association USA mit dem Titel \u201eBest New Irish Artist\u201c und \u201eTop Group\u201c \u2013 sozusagen die K\u00f6nigsklasse unter den Awards.<br \/>\nDies nat\u00fcrlich mit vollem Recht. Kraftvoll und mittreissend pr\u00e4sentieren die hervorragenden Musiker ihre Songs. Die Konzerte strotzen nur so vor Charme und Humor und sind gepr\u00e4gt von Liedern \u00fcber die Liebe und den Tod, \u00fcber Besinnliches und Heiteres. Das groovt, stampft und bet\u00f6rt ganz gewaltig.<br \/>\nEin grossartiges Konzertereignis!<\/p>\n<p><iframe loading=\"lazy\" src=\"https:\/\/www.youtube.com\/embed\/Ga9PTyPTUlI\" width=\"560\" height=\"315\" frameborder=\"0\" allowfullscreen=\"allowfullscreen\"><\/iframe><\/p>\n<p>Was w\u00e4re ein Celtic-Abend ohne Session? Wir verwandeln die Alte Kaserne in ein Pub und lassen unsere Session-Musiker vor und nach dem Konzert musizieren. Jede und jeder darf mitspielen.<br \/>\nAlso: Fiddle &amp; Co. eingepackt und los geht\u2019s!<br \/>\nFragen zu den Sessions? Meldet euch bitte direkt bei Rose: info@irishevents.ch<\/p>\n<p><a href=\"https:\/\/www.starticket.ch\/de\/tickets\/cara-20171027-2030-alte-kaserne-kulturzentrum-winterthur\" target=\"_blank\" rel=\"noopener noreferrer\">Vorverkauf auf Starticket<\/a><\/p>\n<p><a href=\"http:\/\/www.cara-music.com\" target=\"_blank\" rel=\"noopener noreferrer\">www.cara-music.com<\/a><br \/>\n<a href=\"http:\/\/www.facebook.com\/caramusic\" target=\"_blank\" rel=\"noopener noreferrer\">www.facebook.com\/caramusic<\/a><\/p>\n","protected":false},"excerpt":{"rendered":"<p>Freitag, 27.10.17 Pure Celtic Sound Konzert: 20:30 T\u00fcr\u00f6ffnung und Session ab 19:30 Auch wenn Cara aus deutschen und schottischen Musikern bestehen, geh\u00f6ren sie doch zu einer der weltweit erfolgreichsten Irish-Folk-Bands der Gegenwart. Das anerkennt sogar das \u201eIrish Muci Magazine\u201c und z\u00e4hlt Cara zu \u201ethe hottest Irish music bands on the international circuit\u201c. Gekr\u00f6nt wurde die &hellip; <a href=\"https:\/\/www.celtic-concerts-sessions.ch\/news\/konzertarchiv\/27-10-17-cara-dsco\/\" class=\"more-link\"><span class=\"screen-reader-text\">\u201eCara (D\/SCO)\u201c<\/span> weiterlesen<\/a><\/p>\n","protected":false},"author":1,"featured_media":0,"parent":2689,"menu_order":0,"comment_status":"closed","ping_status":"closed","template":"","meta":{"jetpack_post_was_ever_published":false,"footnotes":""},"class_list":["post-2813","page","type-page","status-publish","hentry"],"jetpack_sharing_enabled":true,"jetpack_shortlink":"https:\/\/wp.me\/P9oLVZ-Jn","jetpack_likes_enabled":true,"jetpack-related-posts":[],"_links":{"self":[{"href":"https:\/\/www.celtic-concerts-sessions.ch\/news\/wp-json\/wp\/v2\/pages\/2813","targetHints":{"allow":["GET"]}}],"collection":[{"href":"https:\/\/www.celtic-concerts-sessions.ch\/news\/wp-json\/wp\/v2\/pages"}],"about":[{"href":"https:\/\/www.celtic-concerts-sessions.ch\/news\/wp-json\/wp\/v2\/types\/page"}],"author":[{"embeddable":true,"href":"https:\/\/www.celtic-concerts-sessions.ch\/news\/wp-json\/wp\/v2\/users\/1"}],"replies":[{"embeddable":true,"href":"https:\/\/www.celtic-concerts-sessions.ch\/news\/wp-json\/wp\/v2\/comments?post=2813"}],"version-history":[{"count":13,"href":"https:\/\/www.celtic-concerts-sessions.ch\/news\/wp-json\/wp\/v2\/pages\/2813\/revisions"}],"predecessor-version":[{"id":2946,"href":"https:\/\/www.celtic-concerts-sessions.ch\/news\/wp-json\/wp\/v2\/pages\/2813\/revisions\/2946"}],"up":[{"embeddable":true,"href":"https:\/\/www.celtic-concerts-sessions.ch\/news\/wp-json\/wp\/v2\/pages\/2689"}],"wp:attachment":[{"href":"https:\/\/www.celtic-concerts-sessions.ch\/news\/wp-json\/wp\/v2\/media?parent=2813"}],"curies":[{"name":"wp","href":"https:\/\/api.w.org\/{rel}","templated":true}]}}