{"id":2809,"date":"2017-01-02T20:30:15","date_gmt":"2017-01-02T20:30:15","guid":{"rendered":"http:\/\/www.celtic-concerts-sessions.ch\/news\/?page_id=2809"},"modified":"2017-11-01T20:02:08","modified_gmt":"2017-11-01T20:02:08","slug":"30-9-17-scottish-folk-night","status":"publish","type":"page","link":"https:\/\/www.celtic-concerts-sessions.ch\/news\/konzertarchiv\/30-9-17-scottish-folk-night\/","title":{"rendered":"Scottish Folk Night"},"content":{"rendered":"<p><a href=\"https:\/\/i0.wp.com\/www.celtic-concerts-sessions.ch\/news\/wp-content\/uploads\/2017\/01\/2017-09-30-MacIsaac-Lamond-4-klein.jpg\"><img data-recalc-dims=\"1\" loading=\"lazy\" decoding=\"async\" data-attachment-id=\"2847\" data-permalink=\"https:\/\/www.celtic-concerts-sessions.ch\/news\/konzertarchiv\/30-9-17-scottish-folk-night\/2017-09-30-macisaac-lamond-4-klein\/\" data-orig-file=\"https:\/\/i0.wp.com\/www.celtic-concerts-sessions.ch\/news\/wp-content\/uploads\/2017\/01\/2017-09-30-MacIsaac-Lamond-4-klein.jpg?fit=1024%2C683&amp;ssl=1\" data-orig-size=\"1024,683\" data-comments-opened=\"1\" data-image-meta=\"{&quot;aperture&quot;:&quot;0&quot;,&quot;credit&quot;:&quot;&quot;,&quot;camera&quot;:&quot;&quot;,&quot;caption&quot;:&quot;&quot;,&quot;created_timestamp&quot;:&quot;0&quot;,&quot;copyright&quot;:&quot;&quot;,&quot;focal_length&quot;:&quot;0&quot;,&quot;iso&quot;:&quot;0&quot;,&quot;shutter_speed&quot;:&quot;0&quot;,&quot;title&quot;:&quot;&quot;,&quot;orientation&quot;:&quot;0&quot;}\" data-image-title=\"2017-09-30 MacIsaac-Lamond 4 &amp;#8211; klein\" data-image-description=\"\" data-image-caption=\"\" data-medium-file=\"https:\/\/i0.wp.com\/www.celtic-concerts-sessions.ch\/news\/wp-content\/uploads\/2017\/01\/2017-09-30-MacIsaac-Lamond-4-klein.jpg?fit=300%2C200&amp;ssl=1\" data-large-file=\"https:\/\/i0.wp.com\/www.celtic-concerts-sessions.ch\/news\/wp-content\/uploads\/2017\/01\/2017-09-30-MacIsaac-Lamond-4-klein.jpg?fit=840%2C560&amp;ssl=1\" class=\"alignnone size-medium wp-image-2847\" src=\"https:\/\/i0.wp.com\/www.celtic-concerts-sessions.ch\/news\/wp-content\/uploads\/2017\/01\/2017-09-30-MacIsaac-Lamond-4-klein-300x200.jpg?resize=300%2C200\" alt=\"\" width=\"300\" height=\"200\" srcset=\"https:\/\/i0.wp.com\/www.celtic-concerts-sessions.ch\/news\/wp-content\/uploads\/2017\/01\/2017-09-30-MacIsaac-Lamond-4-klein.jpg?resize=300%2C200&amp;ssl=1 300w, https:\/\/i0.wp.com\/www.celtic-concerts-sessions.ch\/news\/wp-content\/uploads\/2017\/01\/2017-09-30-MacIsaac-Lamond-4-klein.jpg?resize=768%2C512&amp;ssl=1 768w, https:\/\/i0.wp.com\/www.celtic-concerts-sessions.ch\/news\/wp-content\/uploads\/2017\/01\/2017-09-30-MacIsaac-Lamond-4-klein.jpg?w=1024&amp;ssl=1 1024w\" sizes=\"auto, (max-width: 300px) 85vw, 300px\" \/><\/a><br \/>\n<strong>Samstag, 30.09.2017<\/strong><\/p>\n<p><strong>Scottish Folk Night \u2013 10th Scottish Colours-Tour<\/strong><\/p>\n<p>Wendy MacIsaac &amp; Mary Jane Lamond Band (Nova Scotia\/CAN)<br \/>\nPaul McKenna &amp; Tim Chaisson (SCO\/CAN)<\/p>\n<p>Konzert: 20:30<br \/>\nT\u00fcr\u00f6ffnung und Session ab 19:30<\/p>\n<p>Bunt, kr\u00e4ftig und beeindruckend wie die Farben des Indian Summers im kanadischen Nova Scotia pr\u00e4sentiert sich die musikalische Palette der diesj\u00e4hrigen \u00abScottish Colours-Tour\u00bb.<\/p>\n<p>Die Jubil\u00e4umsausgabe des Scottish Colour Festivals hat sich gleich selber ein grosses Geschenk gemacht: Die Meistergeigerin Wendy MacIsaac und die S\u00e4ngerin Mary Jane Lamond sind Superstars und Ikonen in der kanadisch-schottischen Folk-Szene. Ihre gemeinsamen Alben werden von den Kritikern jeweils als Meilensteine gelobt und ennet dem grossen Teich f\u00fcllen sie die ganz grossen Hallen.<\/p>\n<p>Mit seiner Band hat Paul McKenna bereits eine Bilderbuchkarriere hingelegt. Nun ist er solo unterwegs, hat aber extra f\u00fcr diese Tour den mit Preisen \u00fcberh\u00e4uften Multiinstrumentalisten Tim Chaisson als Gast dabei. Dieses hochkar\u00e4tige Duo wird das Publikum mit seiner grandiosen Musik und seinen traumhaften Songs beeindrucken.<\/p>\n<p>Was w\u00e4re ein Celtic-Abend ohne Session? Wir verwandeln die Alte Kaserne in ein Pub und lassen unsere Session-Musiker vor und nach dem Konzert musizieren. Jede und jeder darf mitspielen.<br \/>\nAlso: Fiddle &amp; Co. eingepackt und los geht\u2019s!<br \/>\nFragen zu den Sessions? Meldet euch bitte direkt bei Rose: info@irishevents.ch<\/p>\n<p><a href=\"https:\/\/www.starticket.ch\/de\/tickets\/scottish-folk-night-20170930-2030-alte-kaserne-kulturzentrum-winterthur\" target=\"_blank\" rel=\"noopener noreferrer\">Vorverkauf auf Starticket<\/a><\/p>\n<p><a href=\"http:\/\/www.weltenklang.at\/artists\/detail\/artikel\/10th_SCOTTISH_COLOURS_Tour.html\" target=\"_blank\" rel=\"noopener noreferrer\">www.weltenklang.at<\/a><br \/>\n<a href=\"http:\/\/www.maryjaneandwendy.com www.paulmckennaband.com www.timchaisson.com\" target=\"_blank\" rel=\"noopener noreferrer\">www.maryjaneandwendy.com<\/a><br \/>\n<a href=\"http:\/\/www.paulmckennaband.com\" target=\"_blank\" rel=\"noopener noreferrer\">www.paulmckennaband.com<\/a><br \/>\n<a href=\"http:\/\/www.timchaisson.com\" target=\"_blank\" rel=\"noopener noreferrer\">www.timchaisson.com<\/a><\/p>\n","protected":false},"excerpt":{"rendered":"<p>Samstag, 30.09.2017 Scottish Folk Night \u2013 10th Scottish Colours-Tour Wendy MacIsaac &amp; Mary Jane Lamond Band (Nova Scotia\/CAN) Paul McKenna &amp; Tim Chaisson (SCO\/CAN) Konzert: 20:30 T\u00fcr\u00f6ffnung und Session ab 19:30 Bunt, kr\u00e4ftig und beeindruckend wie die Farben des Indian Summers im kanadischen Nova Scotia pr\u00e4sentiert sich die musikalische Palette der diesj\u00e4hrigen \u00abScottish Colours-Tour\u00bb. Die &hellip; <a href=\"https:\/\/www.celtic-concerts-sessions.ch\/news\/konzertarchiv\/30-9-17-scottish-folk-night\/\" class=\"more-link\"><span class=\"screen-reader-text\">\u201eScottish Folk Night\u201c<\/span> weiterlesen<\/a><\/p>\n","protected":false},"author":1,"featured_media":0,"parent":2689,"menu_order":0,"comment_status":"closed","ping_status":"closed","template":"","meta":{"jetpack_post_was_ever_published":false,"footnotes":""},"class_list":["post-2809","page","type-page","status-publish","hentry"],"jetpack_sharing_enabled":true,"jetpack_shortlink":"https:\/\/wp.me\/P9oLVZ-Jj","jetpack_likes_enabled":true,"jetpack-related-posts":[],"_links":{"self":[{"href":"https:\/\/www.celtic-concerts-sessions.ch\/news\/wp-json\/wp\/v2\/pages\/2809","targetHints":{"allow":["GET"]}}],"collection":[{"href":"https:\/\/www.celtic-concerts-sessions.ch\/news\/wp-json\/wp\/v2\/pages"}],"about":[{"href":"https:\/\/www.celtic-concerts-sessions.ch\/news\/wp-json\/wp\/v2\/types\/page"}],"author":[{"embeddable":true,"href":"https:\/\/www.celtic-concerts-sessions.ch\/news\/wp-json\/wp\/v2\/users\/1"}],"replies":[{"embeddable":true,"href":"https:\/\/www.celtic-concerts-sessions.ch\/news\/wp-json\/wp\/v2\/comments?post=2809"}],"version-history":[{"count":8,"href":"https:\/\/www.celtic-concerts-sessions.ch\/news\/wp-json\/wp\/v2\/pages\/2809\/revisions"}],"predecessor-version":[{"id":2947,"href":"https:\/\/www.celtic-concerts-sessions.ch\/news\/wp-json\/wp\/v2\/pages\/2809\/revisions\/2947"}],"up":[{"embeddable":true,"href":"https:\/\/www.celtic-concerts-sessions.ch\/news\/wp-json\/wp\/v2\/pages\/2689"}],"wp:attachment":[{"href":"https:\/\/www.celtic-concerts-sessions.ch\/news\/wp-json\/wp\/v2\/media?parent=2809"}],"curies":[{"name":"wp","href":"https:\/\/api.w.org\/{rel}","templated":true}]}}

<p><a href="https://i0.wp.com/www.celtic-concerts-sessions.ch/news/wp-content/uploads/2017/01/2017-09-30-MacIsaac-Lamond-4-klein.jpg"><img data-recalc-dims="1" loading="lazy" decoding="async" data-attachment-id="2847" data-permalink="https://www.celtic-concerts-sessions.ch/news/konzertarchiv/30-9-17-scottish-folk-night/2017-09-30-macisaac-lamond-4-klein/" data-orig-file="https://i0.wp.com/www.celtic-concerts-sessions.ch/news/wp-content/uploads/2017/01/2017-09-30-MacIsaac-Lamond-4-klein.jpg?fit=1024%2C683&amp;ssl=1" data-orig-size="1024,683" data-comments-opened="1" data-image-meta="{&quot;aperture&quot;:&quot;0&quot;,&quot;credit&quot;:&quot;&quot;,&quot;camera&quot;:&quot;&quot;,&quot;caption&quot;:&quot;&quot;,&quot;created_timestamp&quot;:&quot;0&quot;,&quot;copyright&quot;:&quot;&quot;,&quot;focal_length&quot;:&quot;0&quot;,&quot;iso&quot;:&quot;0&quot;,&quot;shutter_speed&quot;:&quot;0&quot;,&quot;title&quot;:&quot;&quot;,&quot;orientation&quot;:&quot;0&quot;}" data-image-title="2017-09-30 MacIsaac-Lamond 4 &amp;#8211; klein" data-image-description="" data-image-caption="" data-medium-file="https://i0.wp.com/www.celtic-concerts-sessions.ch/news/wp-content/uploads/2017/01/2017-09-30-MacIsaac-Lamond-4-klein.jpg?fit=300%2C200&amp;ssl=1" data-large-file="https://i0.wp.com/www.celtic-concerts-sessions.ch/news/wp-content/uploads/2017/01/2017-09-30-MacIsaac-Lamond-4-klein.jpg?fit=840%2C560&amp;ssl=1" class="alignnone size-medium wp-image-2847" src="https://i0.wp.com/www.celtic-concerts-sessions.ch/news/wp-content/uploads/2017/01/2017-09-30-MacIsaac-Lamond-4-klein-300x200.jpg?resize=300%2C200" alt="" width="300" height="200" srcset="https://i0.wp.com/www.celtic-concerts-sessions.ch/news/wp-content/uploads/2017/01/2017-09-30-MacIsaac-Lamond-4-klein.jpg?resize=300%2C200&amp;ssl=1 300w, https://i0.wp.com/www.celtic-concerts-sessions.ch/news/wp-content/uploads/2017/01/2017-09-30-MacIsaac-Lamond-4-klein.jpg?resize=768%2C512&amp;ssl=1 768w, https://i0.wp.com/www.celtic-concerts-sessions.ch/news/wp-content/uploads/2017/01/2017-09-30-MacIsaac-Lamond-4-klein.jpg?w=1024&amp;ssl=1 1024w" sizes="auto, (max-width: 300px) 85vw, 300px" /></a><br />
<strong>Samstag, 30.09.2017</strong></p>
<p><strong>Scottish Folk Night – 10th Scottish Colours-Tour</strong></p>
<p>Wendy MacIsaac &amp; Mary Jane Lamond Band (Nova Scotia/CAN)<br />
Paul McKenna &amp; Tim Chaisson (SCO/CAN)</p>
<p>Konzert: 20:30<br />
Türöffnung und Session ab 19:30</p>
<p>Bunt, kräftig und beeindruckend wie die Farben des Indian Summers im kanadischen Nova Scotia präsentiert sich die musikalische Palette der diesjährigen «Scottish Colours-Tour».</p>
<p>Die Jubiläumsausgabe des Scottish Colour Festivals hat sich gleich selber ein grosses Geschenk gemacht: Die Meistergeigerin Wendy MacIsaac und die Sängerin Mary Jane Lamond sind Superstars und Ikonen in der kanadisch-schottischen Folk-Szene. Ihre gemeinsamen Alben werden von den Kritikern jeweils als Meilensteine gelobt und ennet dem grossen Teich füllen sie die ganz grossen Hallen.</p>
<p>Mit seiner Band hat Paul McKenna bereits eine Bilderbuchkarriere hingelegt. Nun ist er solo unterwegs, hat aber extra für diese Tour den mit Preisen überhäuften Multiinstrumentalisten Tim Chaisson als Gast dabei. Dieses hochkarätige Duo wird das Publikum mit seiner grandiosen Musik und seinen traumhaften Songs beeindrucken.</p>
<p>Was wäre ein Celtic-Abend ohne Session? Wir verwandeln die Alte Kaserne in ein Pub und lassen unsere Session-Musiker vor und nach dem Konzert musizieren. Jede und jeder darf mitspielen.<br />
Also: Fiddle &amp; Co. eingepackt und los geht’s!<br />
Fragen zu den Sessions? Meldet euch bitte direkt bei Rose: info@irishevents.ch</p>
<p><a href="https://www.starticket.ch/de/tickets/scottish-folk-night-20170930-2030-alte-kaserne-kulturzentrum-winterthur" target="_blank" rel="noopener noreferrer">Vorverkauf auf Starticket</a></p>
<p><a href="http://www.weltenklang.at/artists/detail/artikel/10th_SCOTTISH_COLOURS_Tour.html" target="_blank" rel="noopener noreferrer">www.weltenklang.at</a><br />
<a href="http://www.maryjaneandwendy.com www.paulmckennaband.com www.timchaisson.com" target="_blank" rel="noopener noreferrer">www.maryjaneandwendy.com</a><br />
<a href="http://www.paulmckennaband.com" target="_blank" rel="noopener noreferrer">www.paulmckennaband.com</a><br />
<a href="http://www.timchaisson.com" target="_blank" rel="noopener noreferrer">www.timchaisson.com</a></p>

<p>Samstag, 30.09.2017 Scottish Folk Night – 10th Scottish Colours-Tour Wendy MacIsaac &amp; Mary Jane Lamond Band (Nova Scotia/CAN) Paul McKenna &amp; Tim Chaisson (SCO/CAN) Konzert: 20:30 Türöffnung und Session ab 19:30 Bunt, kräftig und beeindruckend wie die Farben des Indian Summers im kanadischen Nova Scotia präsentiert sich die musikalische Palette der diesjährigen «Scottish Colours-Tour». Die &hellip; <a href="https://www.celtic-concerts-sessions.ch/news/konzertarchiv/30-9-17-scottish-folk-night/" class="more-link"><span class="screen-reader-text">„Scottish Folk Night“</span> weiterlesen</a></p>
